000
CDUS42 KILM 240842
CLILBT


CLIMATE REPORT
NATIONAL WEATHER SERVICE WILMINGTON NC
442 AM EDT TUE OCT 24 2017


...................................

...THE LUMBERTON NC CLIMATE SUMMARY FOR OCTOBER 23 2017...

CLIMATE NORMAL PERIOD 1981 TO 2010
CLIMATE RECORD PERIOD 9999 TO 9999


WEATHER ITEM   OBSERVED TIME   NORMAL DEPARTURE LAST
                VALUE   (LST)  VALUE  FROM      YEAR
                                      NORMAL
......................................................
TEMPERATURE (F)
 YESTERDAY
  MAXIMUM         79    150 PM  74      5       71
  MINIMUM         59   1153 PM  49     10       38
  AVERAGE         69            61      8       55

PRECIPITATION (IN)
  YESTERDAY        0.33          0.05   0.28     0.00
  MONTH TO DATE    1.89          2.11  -0.22    12.77
  SINCE SEP 1      6.83          6.91  -0.08    19.97
  SINCE JAN 1     38.64         37.30   1.34    52.48

DEGREE DAYS
 HEATING
  YESTERDAY        0             5     -5       10
  MONTH TO DATE   27            69    -42       20
  SINCE SEP 1     27            78    -51       20
  SINCE JUL 1     27            78    -51       20

 COOLING
  YESTERDAY        4             2      2        0
  MONTH TO DATE  122            63     59       69
  SINCE SEP 1    359           312     47      446
  SINCE JAN 1   2093          1884    209     2345
......................................................


WIND (MPH)
  HIGHEST WIND SPEED    29   HIGHEST WIND DIRECTION     S (200)
  HIGHEST GUST SPEED    41   HIGHEST GUST DIRECTION    SW (210)
  AVERAGE WIND SPEED    10.1


SKY COVER
  POSSIBLE SUNSHINE  MM
  AVERAGE SKY COVER 0.7


WEATHER CONDITIONS
 THE FOLLOWING WEATHER WAS RECORDED YESTERDAY.
  THUNDERSTORM
  RAIN
  LIGHT RAIN
  FOG
  HAZE


RELATIVE HUMIDITY (PERCENT)
 HIGHEST   100           400 AM
 LOWEST     62           100 PM
 AVERAGE    81

..........................................................


THE LUMBERTON NC CLIMATE NORMALS FOR TODAY
                         NORMAL
 MAXIMUM TEMPERATURE (F)   73
 MINIMUM TEMPERATURE (F)   48


SUNRISE AND SUNSET
OCTOBER 24 2017.......SUNRISE   730 AM EDT   SUNSET   631 PM EDT
OCTOBER 25 2017.......SUNRISE   731 AM EDT   SUNSET   630 PM EDT


-  INDICATES NEGATIVE NUMBERS.
R  INDICATES RECORD WAS SET OR TIED.
MM INDICATES DATA IS MISSING.
T  INDICATES TRACE AMOUNT.




$$
