000
CDUS42 KILM 250842
CLILBT


CLIMATE REPORT
NATIONAL WEATHER SERVICE WILMINGTON NC
441 AM EDT SUN JUN 25 2017


...................................

...THE LUMBERTON NC CLIMATE SUMMARY FOR JUNE 24 2017...

CLIMATE NORMAL PERIOD 1981 TO 2010
CLIMATE RECORD PERIOD 9999 TO 9999


WEATHER ITEM   OBSERVED TIME   NORMAL DEPARTURE LAST
                VALUE   (LST)  VALUE  FROM      YEAR
                                      NORMAL
......................................................
TEMPERATURE (F)
 YESTERDAY
  MAXIMUM         91    400 PM  90      1       92
  MINIMUM         75   1110 PM  70      5       72
  AVERAGE         83            80      3       82

PRECIPITATION (IN)
  YESTERDAY        0.40          0.12   0.28     0.08
  MONTH TO DATE    3.04          3.57  -0.53     1.84
  SINCE JUN 1      3.04          3.57  -0.53     1.84
  SINCE JAN 1     20.36         18.64   1.72    20.78

DEGREE DAYS
 HEATING
  YESTERDAY        0             0      0        0
  MONTH TO DATE    0             0      0        0
  SINCE JUN 1      0             0      0        0
  SINCE JUL 1   2079          2761   -682     2018

 COOLING
  YESTERDAY       18            15      3       17
  MONTH TO DATE  313           297     16      381
  SINCE JUN 1    313           297     16      381
  SINCE JAN 1    719           547    172      704
......................................................


WIND (MPH)
  HIGHEST WIND SPEED    22   HIGHEST WIND DIRECTION    NW (300)
  HIGHEST GUST SPEED    29   HIGHEST GUST DIRECTION    NW (320)
  AVERAGE WIND SPEED     8.4


SKY COVER
  POSSIBLE SUNSHINE  MM
  AVERAGE SKY COVER 0.4


WEATHER CONDITIONS
 THE FOLLOWING WEATHER WAS RECORDED YESTERDAY.
  THUNDERSTORM
  HEAVY RAIN
  RAIN
  LIGHT RAIN
  FOG


RELATIVE HUMIDITY (PERCENT)
 HIGHEST   100           800 PM
 LOWEST     59          1200 PM
 AVERAGE    80

..........................................................


THE LUMBERTON NC CLIMATE NORMALS FOR TODAY
                         NORMAL
 MAXIMUM TEMPERATURE (F)   90
 MINIMUM TEMPERATURE (F)   70


SUNRISE AND SUNSET
JUNE 25 2017..........SUNRISE   605 AM EDT   SUNSET   833 PM EDT
JUNE 26 2017..........SUNRISE   605 AM EDT   SUNSET   833 PM EDT


-  INDICATES NEGATIVE NUMBERS.
R  INDICATES RECORD WAS SET OR TIED.
MM INDICATES DATA IS MISSING.
T  INDICATES TRACE AMOUNT.




$$
