000
CDUS44 KLCH 240918
CLILCH


CLIMATE REPORT
NATIONAL WEATHER SERVICE LAKE CHARLES, LA
417 AM CDT FRI MAR 24 2017


...................................

...THE LAKE CHARLES CLIMATE SUMMARY FOR MARCH 23 2017...

CLIMATE NORMAL PERIOD 1981 TO 2010
CLIMATE RECORD PERIOD 1895 TO 2017


WEATHER ITEM   OBSERVED TIME   RECORD YEAR NORMAL DEPARTURE LAST
                VALUE   (LST)  VALUE       VALUE  FROM      YEAR
                                                  NORMAL
..................................................................
TEMPERATURE (F)
 YESTERDAY
  MAXIMUM         83    309 PM  89    1910  73     10       76
  MINIMUM         56    640 AM  25    1915  53      3       62
  AVERAGE         70                        63      7       69

PRECIPITATION (IN)
  YESTERDAY        0.00          3.43 1973   0.12  -0.12     0.00
  MONTH TO DATE    0.55                      2.71  -2.16     1.21
  SINCE MAR 1      0.55                      2.71  -2.16     1.21
  SINCE JAN 1      7.50                     11.40  -3.90     6.38

SNOWFALL (IN)
  YESTERDAY        0.0           0.0    MM   0.0    0.0      0.0
  MONTH TO DATE    0.0                       0.0    0.0      0.0
  SINCE MAR 1      0.0                       0.0    0.0      0.0
  SINCE JUL 1      T                         0.1   -0.1      0.0
  SNOW DEPTH       0

DEGREE DAYS
 HEATING
  YESTERDAY        0                         4     -4        0
  MONTH TO DATE   77                       135    -58       57
  SINCE MAR 1     77                       135    -58       57
  SINCE JUL 1    735                      1417   -682     1006

 COOLING
  YESTERDAY        5                         2      3        4
  MONTH TO DATE   56                        33     23       80
  SINCE MAR 1     56                        33     23       80
  SINCE JAN 1    187                        56    131       95
..................................................................


WIND (MPH)
  HIGHEST WIND SPEED    16   HIGHEST WIND DIRECTION    SE (150)
  HIGHEST GUST SPEED    20   HIGHEST GUST DIRECTION     S (160)
  AVERAGE WIND SPEED     6.0


SKY COVER
  POSSIBLE SUNSHINE  MM
  AVERAGE SKY COVER 0.4


WEATHER CONDITIONS
 THE FOLLOWING WEATHER WAS RECORDED YESTERDAY.
  FOG
  FOG W/VISIBILITY <= 1/4 MILE


RELATIVE HUMIDITY (PERCENT)
 HIGHEST   100           200 AM
 LOWEST     31           200 PM
 AVERAGE    66

..........................................................


THE LAKE CHARLES CLIMATE NORMALS FOR TODAY
                         NORMAL    RECORD    YEAR
 MAXIMUM TEMPERATURE (F)   73        90      1910
 MINIMUM TEMPERATURE (F)   53        28      1915


SUNRISE AND SUNSET
MARCH 24 2017.........SUNRISE   711 AM CDT   SUNSET   727 PM CDT
MARCH 25 2017.........SUNRISE   710 AM CDT   SUNSET   728 PM CDT


-  INDICATES NEGATIVE NUMBERS.
R  INDICATES RECORD WAS SET OR TIED.
MM INDICATES DATA IS MISSING.
T  INDICATES TRACE AMOUNT.




$$
