000
CDUS44 KLCH 280827
CLILCH


CLIMATE REPORT
NATIONAL WEATHER SERVICE LAKE CHARLES, LA
327 AM CDT SAT MAR 28 2015


...................................

...THE LAKE CHARLES CLIMATE SUMMARY FOR MARCH 27 2015...

CLIMATE NORMAL PERIOD 1981 TO 2010
CLIMATE RECORD PERIOD 1895 TO 2015


WEATHER ITEM   OBSERVED TIME   RECORD YEAR NORMAL DEPARTURE LAST
                VALUE   (LST)  VALUE       VALUE  FROM      YEAR
                                                  NORMAL
..................................................................
TEMPERATURE (F)
 YESTERDAY
  MAXIMUM         76    444 PM  90    1910  74      2       71
  MINIMUM         44    600 AM  28    1913  53     -9       52
  AVERAGE         60                        64     -4       62

PRECIPITATION (IN)
  YESTERDAY        0.00          4.75 1951   0.12  -0.12     0.11
  MONTH TO DATE    6.21                      3.20   3.01     1.93
  SINCE MAR 1      6.21                      3.20   3.01     1.93
  SINCE JAN 1     14.69                     11.89   2.80     8.72

SNOWFALL (IN)
  YESTERDAY        0.0           0.0    MM   0.0    0.0      0.0
  MONTH TO DATE    T                         0.0    0.0      0.0
  SINCE MAR 1      T                         0.0    0.0      0.0
  SINCE JUL 1      T                         0.1   -0.1      0.1
  SNOW DEPTH       0

DEGREE DAYS
 HEATING
  YESTERDAY        5                         3      2        3
  MONTH TO DATE   96                       150    -54      239
  SINCE MAR 1     96                       150    -54      239
  SINCE JUL 1   1534                      1432    102     1890

 COOLING
  YESTERDAY        0                         2     -2        0
  MONTH TO DATE   47                        41      6        7
  SINCE MAR 1     47                        41      6        7
  SINCE JAN 1     53                        64    -11       22
..................................................................


WIND (MPH)
  HIGHEST WIND SPEED    21   HIGHEST WIND DIRECTION    NW (330)
  HIGHEST GUST SPEED    27   HIGHEST GUST DIRECTION    NW (320)
  AVERAGE WIND SPEED     7.7


SKY COVER
  POSSIBLE SUNSHINE  MM
  AVERAGE SKY COVER 0.0


WEATHER CONDITIONS
 THE FOLLOWING WEATHER WAS RECORDED YESTERDAY.
  NO SIGNIFICANT WEATHER WAS OBSERVED.


RELATIVE HUMIDITY (PERCENT)
 HIGHEST    93           500 AM
 LOWEST     25           300 PM
 AVERAGE    59

..........................................................


THE LAKE CHARLES CLIMATE NORMALS FOR TODAY
                         NORMAL    RECORD    YEAR
 MAXIMUM TEMPERATURE (F)   74        87      1910
 MINIMUM TEMPERATURE (F)   54        30      1913


SUNRISE AND SUNSET
MARCH 28 2015.........SUNRISE   707 AM CDT   SUNSET   729 PM CDT
MARCH 29 2015.........SUNRISE   706 AM CDT   SUNSET   730 PM CDT


-  INDICATES NEGATIVE NUMBERS.
R  INDICATES RECORD WAS SET OR TIED.
MM INDICATES DATA IS MISSING.
T  INDICATES TRACE AMOUNT.




$$
