000
CDUS44 KLCH 170810
CLILCH


CLIMATE REPORT
NATIONAL WEATHER SERVICE LAKE CHARLES, LA
309 AM CDT TUE OCT 17 2017


...................................

...THE LAKE CHARLES CLIMATE SUMMARY FOR OCTOBER 16 2017...

CLIMATE NORMAL PERIOD 1981 TO 2010
CLIMATE RECORD PERIOD 1895 TO 2017


WEATHER ITEM   OBSERVED TIME   RECORD YEAR NORMAL DEPARTURE LAST
                VALUE   (LST)  VALUE       VALUE  FROM      YEAR
                                                  NORMAL
..................................................................
TEMPERATURE (F)
 YESTERDAY
  MAXIMUM         78    311 PM  93    1947  81     -3       87
                                      1916
  MINIMUM         59   1159 PM  43    1943  59      0       68
                                      1939
  AVERAGE         69                        70     -1       78

PRECIPITATION (IN)
  YESTERDAY        0.00          2.71 2006   0.17  -0.17     0.00
  MONTH TO DATE    3.18                      2.27   0.91     0.13
  SINCE SEP 1      3.81                      7.53  -3.72     3.57
  SINCE JAN 1     67.57                     45.75  21.82    59.48

SNOWFALL (IN)
  YESTERDAY        0.0           0.0    MM   0.0    0.0      0.0
  MONTH TO DATE    0.0                       0.0    0.0      0.0
  SINCE SEP 1      0.0                       0.0    0.0      0.0
  SINCE JUL 1      0.0                       0.0    0.0      0.0
  SNOW DEPTH       0

DEGREE DAYS
 HEATING
  YESTERDAY        0                         1     -1        0
  MONTH TO DATE    0                         7     -7        0
  SINCE SEP 1      0                         8     -8        0
  SINCE JUL 1      0                         8     -8        0

 COOLING
  YESTERDAY        4                         6     -2       13
  MONTH TO DATE  234                       124    110      177
  SINCE SEP 1    683                       535    148      689
  SINCE JAN 1   3009                      2664    345     3016
..................................................................


WIND (MPH)
  HIGHEST WIND SPEED    24   HIGHEST WIND DIRECTION     N (10)
  HIGHEST GUST SPEED    32   HIGHEST GUST DIRECTION     N (20)
  AVERAGE WIND SPEED    16.0


SKY COVER
  POSSIBLE SUNSHINE  MM
  AVERAGE SKY COVER 0.1


WEATHER CONDITIONS
 THE FOLLOWING WEATHER WAS RECORDED YESTERDAY.
  NO SIGNIFICANT WEATHER WAS OBSERVED.


RELATIVE HUMIDITY (PERCENT)
 HIGHEST    73          1200 AM
 LOWEST     29           300 PM
 AVERAGE    51

..........................................................


THE LAKE CHARLES CLIMATE NORMALS FOR TODAY
                         NORMAL    RECORD    YEAR
 MAXIMUM TEMPERATURE (F)   81        93      1915
 MINIMUM TEMPERATURE (F)   59        40      1943


SUNRISE AND SUNSET
OCTOBER 17 2017.......SUNRISE   716 AM CDT   SUNSET   639 PM CDT
OCTOBER 18 2017.......SUNRISE   717 AM CDT   SUNSET   638 PM CDT


-  INDICATES NEGATIVE NUMBERS.
R  INDICATES RECORD WAS SET OR TIED.
MM INDICATES DATA IS MISSING.
T  INDICATES TRACE AMOUNT.




$$
