000
CDUS44 KLCH 190836
CLILCH


CLIMATE REPORT
NATIONAL WEATHER SERVICE LAKE CHARLES, LA
236 AM CST FRI DEC 19 2014


...................................

...THE LAKE CHARLES CLIMATE SUMMARY FOR DECEMBER 18 2014...

CLIMATE NORMAL PERIOD 1981 TO 2010
CLIMATE RECORD PERIOD 1895 TO 2014


WEATHER ITEM   OBSERVED TIME   RECORD YEAR NORMAL DEPARTURE LAST
                VALUE   (LST)  VALUE       VALUE  FROM      YEAR
                                                  NORMAL
..................................................................
TEMPERATURE (F)
 YESTERDAY
  MAXIMUM         65    130 PM  81    1924  63      2       68
  MINIMUM         52    323 AM  21    1901  44      8       38
  AVERAGE         59                        53      6       53

PRECIPITATION (IN)
  YESTERDAY        T             3.25 1914   0.15  -0.15     0.00
  MONTH TO DATE    0.04                      2.65  -2.61     1.39
  SINCE DEC 1      0.04                      2.65  -2.61     1.39
  SINCE JAN 1     66.64                     55.46  11.18    56.80

SNOWFALL (IN)
  YESTERDAY        0.0           T    1953   0.0    0.0      0.0
  MONTH TO DATE    0.0                       0.0    0.0      0.0
  SINCE DEC 1      0.0                       0.0    0.0      0.0
  SINCE JUL 1      0.0                       0.0    0.0      0.0
  SNOW DEPTH       0

DEGREE DAYS
 HEATING
  YESTERDAY        6                        12     -6       12
  MONTH TO DATE  116                       195    -79      255
  SINCE DEC 1    116                       195    -79      255
  SINCE JUL 1    392                       402    -10      529

 COOLING
  YESTERDAY        0                         1     -1        0
  MONTH TO DATE   17                        18     -1       19
  SINCE DEC 1     17                        18     -1       19
  SINCE JAN 1   2704                      2807   -103     2966
..................................................................


WIND (MPH)
  HIGHEST WIND SPEED    16   HIGHEST WIND DIRECTION    NE (40)
  HIGHEST GUST SPEED    19   HIGHEST GUST DIRECTION    NE (50)
  AVERAGE WIND SPEED     8.4


SKY COVER
  POSSIBLE SUNSHINE  MM
  AVERAGE SKY COVER 0.9


WEATHER CONDITIONS
 THE FOLLOWING WEATHER WAS RECORDED YESTERDAY.
  LIGHT RAIN
  FOG


RELATIVE HUMIDITY (PERCENT)
 HIGHEST    89           600 AM
 LOWEST     73           200 PM
 AVERAGE    81

..........................................................


THE LAKE CHARLES CLIMATE NORMALS FOR TODAY
                         NORMAL    RECORD    YEAR
 MAXIMUM TEMPERATURE (F)   63        80      1919
 MINIMUM TEMPERATURE (F)   44        22      1996
                                             1901


SUNRISE AND SUNSET
DECEMBER 19 2014......SUNRISE   704 AM CST   SUNSET   516 PM CST
DECEMBER 20 2014......SUNRISE   704 AM CST   SUNSET   517 PM CST


-  INDICATES NEGATIVE NUMBERS.
R  INDICATES RECORD WAS SET OR TIED.
MM INDICATES DATA IS MISSING.
T  INDICATES TRACE AMOUNT.




$$
