000
CDUS43 KLMK 260627
CLILEX


CLIMATE REPORT
NATIONAL WEATHER SERVICE LOUISVILLE KY
126 AM EST SUN FEB 26 2017


...................................

...THE LEXINGTON KY CLIMATE SUMMARY FOR FEBRUARY 25 2017...

CLIMATE NORMAL PERIOD 1981 TO 2010
CLIMATE RECORD PERIOD 1872 TO 2017


WEATHER ITEM   OBSERVED TIME   RECORD YEAR NORMAL DEPARTURE LAST
                VALUE   (LST)  VALUE       VALUE  FROM      YEAR
                                                  NORMAL
..................................................................
TEMPERATURE (F)
 YESTERDAY
  MAXIMUM         61   1217 AM  74    2000  49     12       38
  MINIMUM         29   1159 PM  -4    1900  31     -2       33
  AVERAGE         45                        40      5       36

PRECIPITATION (IN)
  YESTERDAY        T             1.57 1972   0.12  -0.12     0.01
  MONTH TO DATE    2.03                      2.85  -0.82     4.36
  SINCE DEC 1     12.92                      9.98   2.94    12.81
  SINCE JAN 1      6.74                      6.05   0.69     5.60

SNOWFALL (IN)
  YESTERDAY        0.0           5.8  1993   0.1   -0.1       T
  MONTH TO DATE    T                         4.3   -4.3      5.0
  SINCE DEC 1      3.4                      10.7   -7.3     14.6
  SINCE JUL 1      3.4                      11.0   -7.6     14.6
  SNOW DEPTH       0

DEGREE DAYS
 HEATING
  YESTERDAY       20                        25     -5       29
  MONTH TO DATE  453                       713   -260      688
  SINCE DEC 1   2071                      2609   -538     2206
  SINCE JUL 1   2657                      3496   -839     2892

 COOLING
  YESTERDAY        0                         0      0        0
  MONTH TO DATE    4                         0      4        0
  SINCE DEC 1      4                         0      4        0
  SINCE JAN 1      4                         0      4        0
..................................................................


WIND (MPH)
  HIGHEST WIND SPEED    26   HIGHEST WIND DIRECTION     W (270)
  HIGHEST GUST SPEED    35   HIGHEST GUST DIRECTION     W (270)
  AVERAGE WIND SPEED    12.6


SKY COVER
  POSSIBLE SUNSHINE  MM
  AVERAGE SKY COVER 0.7


WEATHER CONDITIONS
 THE FOLLOWING WEATHER WAS RECORDED YESTERDAY.
  LIGHT RAIN


RELATIVE HUMIDITY (PERCENT)
 HIGHEST    71           400 AM
 LOWEST     47           600 PM
 AVERAGE    59

..........................................................


THE LEXINGTON KY CLIMATE NORMALS FOR TODAY
                         NORMAL    RECORD    YEAR
 MAXIMUM TEMPERATURE (F)   49        76      1944
 MINIMUM TEMPERATURE (F)   31         0      1967


SUNRISE AND SUNSET
FEBRUARY 26 2017......SUNRISE   714 AM EST   SUNSET   629 PM EST
FEBRUARY 27 2017......SUNRISE   713 AM EST   SUNSET   630 PM EST


-  INDICATES NEGATIVE NUMBERS.
R  INDICATES RECORD WAS SET OR TIED.
MM INDICATES DATA IS MISSING.
T  INDICATES TRACE AMOUNT.




$$
