000
CDUS43 KLMK 232035
CLILEX


CLIMATE REPORT
NATIONAL WEATHER SERVICE LOUISVILLE KY
432 PM EDT MON OCT 23 2017


...................................

...THE LEXINGTON KY CLIMATE SUMMARY FOR OCTOBER 23 2017...
VALID TODAY AS OF 0400 PM LOCAL TIME.

CLIMATE NORMAL PERIOD 1981 TO 2010
CLIMATE RECORD PERIOD 1872 TO 2017


WEATHER ITEM   OBSERVED TIME   RECORD YEAR NORMAL DEPARTURE LAST
                VALUE   (LST)  VALUE       VALUE  FROM      YEAR
                                                  NORMAL
..................................................................
TEMPERATURE (F)
 TODAY
  MAXIMUM         67    534 AM  84    1963  65      2       73
  MINIMUM         60    133 PM  26    1997  45     15       42
                                      1917
  AVERAGE         64                        55      9       58

PRECIPITATION (IN)
  TODAY            0.82          4.33 2007   0.11   0.71     0.00
  MONTH TO DATE    4.89                      2.28   2.61     0.83
  SINCE SEP 1      8.63                      5.19   3.44     2.50
  SINCE JAN 1     43.57                     36.86   6.71    36.87

SNOWFALL (IN)
  TODAY            0.0           0.2  1917   0.0    0.0      0.0
  MONTH TO DATE    0.0                       0.0    0.0      0.0
  SINCE SEP 1      0.0                       0.0    0.0      0.0
  SINCE JUL 1      0.0                       0.0    0.0      0.0
  SNOW DEPTH       0

DEGREE DAYS
 HEATING
  TODAY            1                        11    -10        7
  MONTH TO DATE   55                       176   -121       72
  SINCE SEP 1     90                       228   -138       89
  SINCE JUL 1     90                       230   -140       89

 COOLING
  TODAY            0                         0      0        0
  MONTH TO DATE   59                        23     36       70
  SINCE SEP 1    203                       169     34      341
  SINCE JAN 1   1284                      1186     98     1617
..................................................................


WIND (MPH)
  HIGHEST WIND SPEED    24   HIGHEST WIND DIRECTION     W (250)
  HIGHEST GUST SPEED    33   HIGHEST GUST DIRECTION    SW (240)
  AVERAGE WIND SPEED     9.8


SKY COVER
  POSSIBLE SUNSHINE  MM
  AVERAGE SKY COVER 0.7


WEATHER CONDITIONS
 THE FOLLOWING WEATHER WAS RECORDED TODAY.
  HEAVY RAIN
  RAIN
  LIGHT RAIN
  FOG


RELATIVE HUMIDITY (PERCENT)
 HIGHEST    90           900 AM
 LOWEST     58          1200 AM
 AVERAGE    74

..........................................................


THE LEXINGTON KY CLIMATE NORMALS FOR TOMORROW
                         NORMAL    RECORD    YEAR
 MAXIMUM TEMPERATURE (F)   65        82      1939
 MINIMUM TEMPERATURE (F)   44        24      1981


SUNRISE AND SUNSET
OCTOBER 23 2017.......SUNRISE   755 AM EDT   SUNSET   650 PM EDT
OCTOBER 24 2017.......SUNRISE   756 AM EDT   SUNSET   648 PM EDT


-  INDICATES NEGATIVE NUMBERS.
R  INDICATES RECORD WAS SET OR TIED.
MM INDICATES DATA IS MISSING.
T  INDICATES TRACE AMOUNT.




$$
