259
CDUS43 KLMK 270628
CLILEX


CLIMATE REPORT
NATIONAL WEATHER SERVICE LOUISVILLE KY
227 AM EDT MON MAR 27 2017


...................................

...THE LEXINGTON KY CLIMATE SUMMARY FOR MARCH 26 2017...

CLIMATE NORMAL PERIOD 1981 TO 2010
CLIMATE RECORD PERIOD 1872 TO 2017


WEATHER ITEM   OBSERVED TIME   RECORD YEAR NORMAL DEPARTURE LAST
                VALUE   (LST)  VALUE       VALUE  FROM      YEAR
                                                  NORMAL
..................................................................
TEMPERATURE (F)
 YESTERDAY
  MAXIMUM         70    353 PM  80    2007  59     11       68
                                      1907
  MINIMUM         56    628 AM  14    1955  39     17       31
  AVERAGE         63                        49     14       50

PRECIPITATION (IN)
  YESTERDAY        0.38          2.46 1913   0.13   0.25     0.00
  MONTH TO DATE    1.83                      3.40  -1.57     2.40
  SINCE MAR 1      1.83                      3.40  -1.57     2.40
  SINCE JAN 1      9.93                      9.80   0.13     8.10

SNOWFALL (IN)
  YESTERDAY        0.0           0.7  2013   0.1   -0.1      0.0
                                      1971
  MONTH TO DATE    T                         1.3   -1.3      0.7
  SINCE MAR 1      T                         1.3   -1.3      0.7
  SINCE JUL 1      3.4                      12.6   -9.2     15.3
  SNOW DEPTH       0

DEGREE DAYS
 HEATING
  YESTERDAY        2                        16    -14       15
  MONTH TO DATE  501                       528    -27      350
  SINCE MAR 1    501                       528    -27      350
  SINCE JUL 1   3211                      4099   -888     3321

 COOLING
  YESTERDAY        0                         0      0        0
  MONTH TO DATE    3                         0      3        1
  SINCE MAR 1      3                         0      3        1
  SINCE JAN 1      7                         0      7        1
..................................................................


WIND (MPH)
  HIGHEST WIND SPEED    23   HIGHEST WIND DIRECTION    SW (220)
  HIGHEST GUST SPEED    28   HIGHEST GUST DIRECTION    SW (220)
  AVERAGE WIND SPEED    10.1


SKY COVER
  POSSIBLE SUNSHINE  MM
  AVERAGE SKY COVER 0.8


WEATHER CONDITIONS
 THE FOLLOWING WEATHER WAS RECORDED YESTERDAY.
  HEAVY RAIN
  RAIN
  LIGHT RAIN
  FOG


RELATIVE HUMIDITY (PERCENT)
 HIGHEST    93           600 AM
 LOWEST     53           400 PM
 AVERAGE    73

..........................................................


THE LEXINGTON KY CLIMATE NORMALS FOR TODAY
                         NORMAL    RECORD    YEAR
 MAXIMUM TEMPERATURE (F)   59        84      1910
 MINIMUM TEMPERATURE (F)   39        10      1947


SUNRISE AND SUNSET
MARCH 27 2017.........SUNRISE   731 AM EDT   SUNSET   757 PM EDT
MARCH 28 2017.........SUNRISE   729 AM EDT   SUNSET   758 PM EDT


-  INDICATES NEGATIVE NUMBERS.
R  INDICATES RECORD WAS SET OR TIED.
MM INDICATES DATA IS MISSING.
T  INDICATES TRACE AMOUNT.




$$
