000
CDUS43 KLMK 280627
CLILEX


CLIMATE REPORT
NATIONAL WEATHER SERVICE LOUISVILLE KY
126 AM EST SUN DEC 28 2014


...................................

...THE LEXINGTON KY CLIMATE SUMMARY FOR DECEMBER 27 2014...

CLIMATE NORMAL PERIOD 1981 TO 2010
CLIMATE RECORD PERIOD 1872 TO 2014


WEATHER ITEM   OBSERVED TIME   RECORD YEAR NORMAL DEPARTURE LAST
                VALUE   (LST)  VALUE       VALUE  FROM      YEAR
                                                  NORMAL
..................................................................
TEMPERATURE (F)
 YESTERDAY
  MAXIMUM         54   1203 PM  70    2008  42     12       50
  MINIMUM         44    819 AM  -5    1935  26     18       25
  AVERAGE         49                        34     15       38

PRECIPITATION (IN)
  YESTERDAY        0.03          1.16 2011   0.12  -0.09     0.00
  MONTH TO DATE    3.26                      3.47  -0.21     4.96
  SINCE DEC 1      3.26                      3.47  -0.21     4.96
  SINCE JAN 1     54.17                     44.71   9.46    58.91

SNOWFALL (IN)
  YESTERDAY        0.0           3.7  1894   0.1   -0.1      0.0
  MONTH TO DATE    T                         2.0   -2.0      0.6
  SINCE DEC 1      T                         2.0   -2.0      0.6
  SINCE JUL 1      1.6                       2.3   -0.7      2.0
  SNOW DEPTH       0

DEGREE DAYS
 HEATING
  YESTERDAY       16                        31    -15       27
  MONTH TO DATE  677                       773    -96      711
  SINCE DEC 1    677                       773    -96      711
  SINCE JUL 1   1684                      1660     24     1638

 COOLING
  YESTERDAY        0                         0      0        0
  MONTH TO DATE    0                         0      0        0
  SINCE DEC 1      0                         0      0        0
  SINCE JAN 1   1274                      1190     84     1245
..................................................................


WIND (MPH)
  HIGHEST WIND SPEED    21   HIGHEST WIND DIRECTION    SW (220)
  HIGHEST GUST SPEED    26   HIGHEST GUST DIRECTION    SW (220)
  AVERAGE WIND SPEED     7.7


SKY COVER
  POSSIBLE SUNSHINE  MM
  AVERAGE SKY COVER 0.9


WEATHER CONDITIONS
 THE FOLLOWING WEATHER WAS RECORDED YESTERDAY.
  LIGHT RAIN
  FOG
  HAZE


RELATIVE HUMIDITY (PERCENT)
 HIGHEST    93           900 PM
 LOWEST     50          1200 PM
 AVERAGE    72

..........................................................


THE LEXINGTON KY CLIMATE NORMALS FOR TODAY
                         NORMAL    RECORD    YEAR
 MAXIMUM TEMPERATURE (F)   41        67      1984
 MINIMUM TEMPERATURE (F)   26         0      1925


SUNRISE AND SUNSET
DECEMBER 28 2014......SUNRISE   754 AM EST   SUNSET   526 PM EST
DECEMBER 29 2014......SUNRISE   754 AM EST   SUNSET   527 PM EST


-  INDICATES NEGATIVE NUMBERS.
R  INDICATES RECORD WAS SET OR TIED.
MM INDICATES DATA IS MISSING.
T  INDICATES TRACE AMOUNT.




$$
