000
CDUS44 KSHV 192234
CLILFK


CLIMATE REPORT
NATIONAL WEATHER SERVICE SHREVEPORT, LA
433 PM CST SUN NOV 19 2017


...................................

...THE LUFKIN CLIMATE SUMMARY FOR NOVEMBER 19 2017...
VALID TODAY AS OF 0400 PM LOCAL TIME.

CLIMATE NORMAL PERIOD 1981 TO 2010
CLIMATE RECORD PERIOD 1906 TO 2017


WEATHER ITEM   OBSERVED TIME   RECORD YEAR NORMAL DEPARTURE LAST
                VALUE   (LST)  VALUE       VALUE  FROM      YEAR
                                                  NORMAL
..................................................................
TEMPERATURE (F)
 TODAY
  MAXIMUM         64    303 PM  84    1906  68     -4       63
  MINIMUM         40    710 AM  21    1951  46     -6       34
  AVERAGE         52                        57     -5       49

PRECIPITATION (IN)
  TODAY            0.00          3.95 1907   0.15  -0.15     0.00
  MONTH TO DATE    1.34                      3.25  -1.91     0.57
  SINCE DEC 1     56.96                     47.19   9.77    47.20
  SINCE JAN 1     52.05                     42.75   9.30    43.15

SNOWFALL (IN)
  TODAY            0.0
  MONTH TO DATE    0.0
  SINCE SEP 1      0.0
  SINCE JUL 1      0.0
  SNOW DEPTH       0

DEGREE DAYS
 HEATING
  TODAY           13                         9      4       16
  MONTH TO DATE   51                       124    -73       40
  SINCE SEP 1    140                       190    -50       57
  SINCE JUL 1    140                       190    -50       57

 COOLING
  TODAY            0                         1     -1        0
  MONTH TO DATE   92                        29     63       53
  SINCE SEP 1    633                       550     83      720
  SINCE JAN 1   2656                      2573     83     2808
..................................................................


WIND (MPH)
  HIGHEST WIND SPEED    14   HIGHEST WIND DIRECTION    NW (330)
  HIGHEST GUST SPEED    21   HIGHEST GUST DIRECTION    NE (60)
  AVERAGE WIND SPEED     5.8


SKY COVER
  POSSIBLE SUNSHINE  MM
  AVERAGE SKY COVER 0.0


WEATHER CONDITIONS
 THE FOLLOWING WEATHER WAS RECORDED TODAY.
  NO SIGNIFICANT WEATHER WAS OBSERVED.


RELATIVE HUMIDITY (PERCENT)
 HIGHEST    85           700 AM
 LOWEST     27           100 PM
 AVERAGE    56

..........................................................


THE LUFKIN CLIMATE NORMALS FOR TOMORROW
                         NORMAL    RECORD    YEAR
 MAXIMUM TEMPERATURE (F)   68        85      2011
 MINIMUM TEMPERATURE (F)   46        25      1937


SUNRISE AND SUNSET
NOVEMBER 19 2017......SUNRISE   650 AM CST   SUNSET   519 PM CST
NOVEMBER 20 2017......SUNRISE   651 AM CST   SUNSET   518 PM CST


-  INDICATES NEGATIVE NUMBERS.
R  INDICATES RECORD WAS SET OR TIED.
MM INDICATES DATA IS MISSING.
T  INDICATES TRACE AMOUNT.




$$
