000
CDUS44 KSHV 220833
CLILFK


CLIMATE REPORT
NATIONAL WEATHER SERVICE SHREVEPORT, LA
233 AM CST MON JAN 22 2018


...................................

...THE LUFKIN CLIMATE SUMMARY FOR JANUARY 21 2018...

CLIMATE NORMAL PERIOD 1981 TO 2010
CLIMATE RECORD PERIOD 1906 TO 2018


WEATHER ITEM   OBSERVED TIME   RECORD YEAR NORMAL DEPARTURE LAST
                VALUE   (LST)  VALUE       VALUE  FROM      YEAR
                                                  NORMAL
..................................................................
TEMPERATURE (F)
 YESTERDAY
  MAXIMUM         74    153 PM  84    1911  60     14       72
  MINIMUM         64    830 AM  13    1985  38     26       53
  AVERAGE         69                        49     20       63

PRECIPITATION (IN)
  YESTERDAY        0.04          2.07 1949   0.14  -0.10      T
  MONTH TO DATE    1.29                      2.77  -1.48     5.64
  SINCE DEC 1      4.90                      7.21  -2.31    10.55
  SINCE JAN 1      1.29                      2.77  -1.48     5.64

SNOWFALL (IN)
  YESTERDAY        0.0
  MONTH TO DATE    0.1
  SINCE DEC 1      1.1
  SINCE JUL 1      1.1
  SNOW DEPTH       0

DEGREE DAYS
 HEATING
  YESTERDAY        0                        16    -16        2
  MONTH TO DATE  482                       348    134      195
  SINCE DEC 1    970                       819    151      567
  SINCE JUL 1   1221                      1126     95      715

 COOLING
  YESTERDAY        4                         0      4        0
  MONTH TO DATE    4                         0      4       25
  SINCE DEC 1     12                        13     -1       56
  SINCE JAN 1      4                         0      4       25
..................................................................


WIND (MPH)
  HIGHEST WIND SPEED    20   HIGHEST WIND DIRECTION     S (160)
  HIGHEST GUST SPEED    28   HIGHEST GUST DIRECTION     S (160)
  AVERAGE WIND SPEED    11.7


SKY COVER
  POSSIBLE SUNSHINE  MM
  AVERAGE SKY COVER 1.0


WEATHER CONDITIONS
 THE FOLLOWING WEATHER WAS RECORDED YESTERDAY.
  THUNDERSTORM
  LIGHT RAIN
  FOG


RELATIVE HUMIDITY (PERCENT)
 HIGHEST    93          1200 AM
 LOWEST     68           200 PM
 AVERAGE    81

..........................................................


THE LUFKIN CLIMATE NORMALS FOR TODAY
                         NORMAL    RECORD    YEAR
 MAXIMUM TEMPERATURE (F)   60        81      1969
 MINIMUM TEMPERATURE (F)   39        10      1930


SUNRISE AND SUNSET
JANUARY 22 2018.......SUNRISE   716 AM CST   SUNSET   545 PM CST
JANUARY 23 2018.......SUNRISE   716 AM CST   SUNSET   546 PM CST


-  INDICATES NEGATIVE NUMBERS.
R  INDICATES RECORD WAS SET OR TIED.
MM INDICATES DATA IS MISSING.
T  INDICATES TRACE AMOUNT.




$$
