000
CDUS44 KSHV 222235
CLILFK


CLIMATE REPORT
NATIONAL WEATHER SERVICE SHREVEPORT, LA
434 PM CST SUN JAN 22 2017


...................................

...THE LUFKIN CLIMATE SUMMARY FOR JANUARY 22 2017...
VALID TODAY AS OF 0400 PM LOCAL TIME.

CLIMATE NORMAL PERIOD 1981 TO 2010
CLIMATE RECORD PERIOD 1906 TO 2017


WEATHER ITEM   OBSERVED TIME   RECORD YEAR NORMAL DEPARTURE LAST
                VALUE   (LST)  VALUE       VALUE  FROM      YEAR
                                                  NORMAL
..................................................................
TEMPERATURE (F)
 TODAY
  MAXIMUM         65    128 PM  81    1969  60      5       50
  MINIMUM         51    727 AM  10    1930  39     12       32
  AVERAGE         58                        49      9       41

PRECIPITATION (IN)
  TODAY            0.01          1.55 2015   0.14  -0.13     0.00
  MONTH TO DATE    5.65                      2.91   2.74     2.35
  SINCE DEC 1     10.56                      7.35   3.21     6.40
  SINCE JAN 1      5.65                      2.91   2.74     2.35

SNOWFALL (IN)
  TODAY            0.0
  MONTH TO DATE    T
  SINCE DEC 1      T
  SINCE JUL 1      T
  SNOW DEPTH       0

DEGREE DAYS
 HEATING
  TODAY            7                        16     -9       24
  MONTH TO DATE  202                       364   -162      397
  SINCE DEC 1    574                       835   -261      720
  SINCE JUL 1    722                      1142   -420      905

 COOLING
  TODAY            0                         0      0        0
  MONTH TO DATE   25                         0     25        0
  SINCE DEC 1     56                        13     43       33
  SINCE JAN 1     25                         0     25        0
..................................................................


WIND (MPH)
  HIGHEST WIND SPEED    29   HIGHEST WIND DIRECTION     W (290)
  HIGHEST GUST SPEED    39   HIGHEST GUST DIRECTION     W (290)
  AVERAGE WIND SPEED    13.0


SKY COVER
  POSSIBLE SUNSHINE  MM
  AVERAGE SKY COVER 0.4


WEATHER CONDITIONS
 THE FOLLOWING WEATHER WAS RECORDED TODAY.
  LIGHT RAIN


RELATIVE HUMIDITY (PERCENT)
 HIGHEST    83           200 AM
 LOWEST     44           100 PM
 AVERAGE    64

..........................................................


THE LUFKIN CLIMATE NORMALS FOR TOMORROW
                         NORMAL    RECORD    YEAR
 MAXIMUM TEMPERATURE (F)   60        85      1943
 MINIMUM TEMPERATURE (F)   39        10      1940


SUNRISE AND SUNSET
JANUARY 22 2017.......SUNRISE   716 AM CST   SUNSET   546 PM CST
JANUARY 23 2017.......SUNRISE   716 AM CST   SUNSET   546 PM CST


-  INDICATES NEGATIVE NUMBERS.
R  INDICATES RECORD WAS SET OR TIED.
MM INDICATES DATA IS MISSING.
T  INDICATES TRACE AMOUNT.




$$
