000
CDUS44 KSHV 050841
CLILFK


CLIMATE REPORT
NATIONAL WEATHER SERVICE SHREVEPORT, LA
240 AM CST THU MAR 5 2015


...................................

...THE LUFKIN CLIMATE SUMMARY FOR MARCH 4 2015...

CLIMATE NORMAL PERIOD 1981 TO 2010
CLIMATE RECORD PERIOD 1906 TO 2015


WEATHER ITEM   OBSERVED TIME   RECORD YEAR NORMAL DEPARTURE LAST
                VALUE   (LST)  VALUE       VALUE  FROM      YEAR
                                                  NORMAL
..................................................................
TEMPERATURE (F)
 YESTERDAY
  MAXIMUM         81    137 PM  87    1938  68     13       46
  MINIMUM         44   1159 PM  16    1943  45     -1       29
  AVERAGE         63                        57      6       38

PRECIPITATION (IN)
  YESTERDAY        0.12          3.58 1992   0.13  -0.01      T
  MONTH TO DATE    0.24                      0.53  -0.29     0.09
  SINCE DEC 1     11.03                     13.02  -1.99     5.12
  SINCE JAN 1      8.98                      8.58   0.40     2.91

SNOWFALL (IN)
  YESTERDAY        0.0
  MONTH TO DATE    0.0
  SINCE MAR 1      0.0
  SINCE JUL 1      T
  SNOW DEPTH       0

DEGREE DAYS
 HEATING
  YESTERDAY        2                         9     -7       27
  MONTH TO DATE   35                        38     -3       75
  SINCE MAR 1     35                        38     -3       75
  SINCE JUL 1   1555                      1672   -117     1878

 COOLING
  YESTERDAY        0                         1     -1        0
  MONTH TO DATE    0                         4     -4        8
  SINCE MAR 1      0                         4     -4        8
  SINCE JAN 1      6                        23    -17       26
..................................................................


WIND (MPH)
  HIGHEST WIND SPEED    21   HIGHEST WIND DIRECTION     N (340)
  HIGHEST GUST SPEED    30   HIGHEST GUST DIRECTION     N (350)
  AVERAGE WIND SPEED     9.4


SKY COVER
  POSSIBLE SUNSHINE  MM
  AVERAGE SKY COVER 1.0


WEATHER CONDITIONS
 THE FOLLOWING WEATHER WAS RECORDED YESTERDAY.
  LIGHT RAIN
  FOG
  HAZE


RELATIVE HUMIDITY (PERCENT)
 HIGHEST    93           300 AM
 LOWEST     54           200 PM
 AVERAGE    74

..........................................................


THE LUFKIN CLIMATE NORMALS FOR TODAY
                         NORMAL    RECORD    YEAR
 MAXIMUM TEMPERATURE (F)   68        87      1946
 MINIMUM TEMPERATURE (F)   46        24      1917


SUNRISE AND SUNSET
MARCH  5 2015.........SUNRISE   641 AM CST   SUNSET   620 PM CST
MARCH  6 2015.........SUNRISE   640 AM CST   SUNSET   621 PM CST


-  INDICATES NEGATIVE NUMBERS.
R  INDICATES RECORD WAS SET OR TIED.
MM INDICATES DATA IS MISSING.
T  INDICATES TRACE AMOUNT.




$$
