000
CDUS44 KSHV 190831
CLILFK


CLIMATE REPORT
NATIONAL WEATHER SERVICE SHREVEPORT, LA
231 AM CST FRI DEC 19 2014


...................................

...THE LUFKIN CLIMATE SUMMARY FOR DECEMBER 18 2014...

CLIMATE NORMAL PERIOD 1981 TO 2010
CLIMATE RECORD PERIOD 1906 TO 2014


WEATHER ITEM   OBSERVED TIME   RECORD YEAR NORMAL DEPARTURE LAST
                VALUE   (LST)  VALUE       VALUE  FROM      YEAR
                                                  NORMAL
..................................................................
TEMPERATURE (F)
 YESTERDAY
  MAXIMUM         60    247 PM  82    1924  60      0       70
  MINIMUM         52    741 AM  20    1932  39     13       34
  AVERAGE         56                        50      6       52

PRECIPITATION (IN)
  YESTERDAY        T             2.78 1965   0.14  -0.14     0.00
  MONTH TO DATE    0.32                      2.67  -2.35     1.21
  SINCE DEC 1      0.32                      2.67  -2.35     1.21
  SINCE JAN 1     43.00                     47.18  -4.18    41.49

SNOWFALL (IN)
  YESTERDAY        0.0
  MONTH TO DATE    0.0
  SINCE DEC 1      0.0
  SINCE JUL 1      0.0
  SNOW DEPTH       0

DEGREE DAYS
 HEATING
  YESTERDAY        9                        16     -7       13
  MONTH TO DATE  126                       258   -132      310
  SINCE DEC 1    126                       258   -132      310
  SINCE JUL 1    422                       565   -143      666

 COOLING
  YESTERDAY        0                         0      0        0
  MONTH TO DATE   12                         4      8        8
  SINCE DEC 1     12                         4      8        8
  SINCE JAN 1   2980                      2587    393     2849
..................................................................


WIND (MPH)
  HIGHEST WIND SPEED    10   HIGHEST WIND DIRECTION     E (80)
  HIGHEST GUST SPEED    14   HIGHEST GUST DIRECTION     E (70)
  AVERAGE WIND SPEED     5.2


SKY COVER
  POSSIBLE SUNSHINE  MM
  AVERAGE SKY COVER 1.0


WEATHER CONDITIONS
 THE FOLLOWING WEATHER WAS RECORDED YESTERDAY.
  LIGHT RAIN
  HAZE


RELATIVE HUMIDITY (PERCENT)
 HIGHEST    83           700 AM
 LOWEST     67           100 PM
 AVERAGE    75

..........................................................


THE LUFKIN CLIMATE NORMALS FOR TODAY
                         NORMAL    RECORD    YEAR
 MAXIMUM TEMPERATURE (F)   60        81      2012
 MINIMUM TEMPERATURE (F)   39        16      1929


SUNRISE AND SUNSET
DECEMBER 19 2014......SUNRISE   713 AM CST   SUNSET   520 PM CST
DECEMBER 20 2014......SUNRISE   713 AM CST   SUNSET   520 PM CST


-  INDICATES NEGATIVE NUMBERS.
R  INDICATES RECORD WAS SET OR TIED.
MM INDICATES DATA IS MISSING.
T  INDICATES TRACE AMOUNT.




$$
