000
CDUS44 KSHV 281245
CLILFK


CLIMATE REPORT
NATIONAL WEATHER SERVICE SHREVEPORT, LA
745 AM CDT SAT MAR 28 2015


...................................

...THE LUFKIN CLIMATE SUMMARY FOR MARCH 27 2015...

CLIMATE NORMAL PERIOD 1981 TO 2010
CLIMATE RECORD PERIOD 1906 TO 2015


WEATHER ITEM   OBSERVED TIME   RECORD YEAR NORMAL DEPARTURE LAST
                VALUE   (LST)  VALUE       VALUE  FROM      YEAR
                                                  NORMAL
..................................................................
TEMPERATURE (F)
 YESTERDAY
  MAXIMUM         79    324 PM  89    1907  74      5       71
  MINIMUM         41    632 AM  28    1955  50     -9       56
  AVERAGE         60                        62     -2       64

PRECIPITATION (IN)
  YESTERDAY        0.00          2.25 1951   0.12  -0.12     0.27
  MONTH TO DATE    6.17                      3.33   2.84     2.10
  SINCE DEC 1     17.04                     15.82   1.22     7.13
  SINCE JAN 1     14.99                     11.38   3.61     4.92

SNOWFALL (IN)
  YESTERDAY        0.0
  MONTH TO DATE    0.0
  SINCE MAR 1      0.0
  SINCE JUL 1      T
  SNOW DEPTH       0

DEGREE DAYS
 HEATING
  YESTERDAY        5                         5      0        1
  MONTH TO DATE  162                       193    -31      245
  SINCE MAR 1    162                       193    -31      245
  SINCE JUL 1   1682                      1827   -145     2048

 COOLING
  YESTERDAY        0                         2     -2        0
  MONTH TO DATE   34                        33      1       17
  SINCE MAR 1     34                        33      1       17
  SINCE JAN 1     40                        52    -12       35
..................................................................


WIND (MPH)
  HIGHEST WIND SPEED    17   HIGHEST WIND DIRECTION    NW (320)
  HIGHEST GUST SPEED    25   HIGHEST GUST DIRECTION    NW (320)
  AVERAGE WIND SPEED     6.2


SKY COVER
  POSSIBLE SUNSHINE  MM
  AVERAGE SKY COVER 0.0


WEATHER CONDITIONS
 THE FOLLOWING WEATHER WAS RECORDED YESTERDAY.
  NO SIGNIFICANT WEATHER WAS OBSERVED.


RELATIVE HUMIDITY (PERCENT)
 HIGHEST    89           700 AM
 LOWEST     23           300 PM
 AVERAGE    56

..........................................................


THE LUFKIN CLIMATE NORMALS FOR TODAY
                         NORMAL    RECORD    YEAR
 MAXIMUM TEMPERATURE (F)   74        87      2014
                                             1907
 MINIMUM TEMPERATURE (F)   50        31      1930


SUNRISE AND SUNSET
MARCH 28 2015.........SUNRISE   713 AM CDT   SUNSET   736 PM CDT
MARCH 29 2015.........SUNRISE   712 AM CDT   SUNSET   736 PM CDT


-  INDICATES NEGATIVE NUMBERS.
R  INDICATES RECORD WAS SET OR TIED.
MM INDICATES DATA IS MISSING.
T  INDICATES TRACE AMOUNT.




$$
