000
CDUS44 KSHV 222253
CLILFK


CLIMATE REPORT
NATIONAL WEATHER SERVICE SHREVEPORT, LA
553 PM CDT FRI MAY 22 2015


...................................

...THE LUFKIN CLIMATE SUMMARY FOR MAY 22 2015...
VALID TODAY AS OF 0500 PM LOCAL TIME.

CLIMATE NORMAL PERIOD 1981 TO 2010
CLIMATE RECORD PERIOD 1906 TO 2015


WEATHER ITEM   OBSERVED TIME   RECORD YEAR NORMAL DEPARTURE LAST
                VALUE   (LST)  VALUE       VALUE  FROM      YEAR
                                                  NORMAL
..................................................................
TEMPERATURE (F)
 TODAY
  MAXIMUM         81    355 PM  97    2005  86     -5       89
  MINIMUM         61    709 AM  50    2001  65     -4       68
                                      1919
  AVERAGE         71                        76     -5       79

PRECIPITATION (IN)
  TODAY            T             1.15 1927   0.15  -0.15     0.00
  MONTH TO DATE   11.70                      3.18   8.52     5.35
  SINCE DEC 1     34.08                     22.50  11.58    15.80
  SINCE JAN 1     32.03                     18.06  13.97    13.59

DEGREE DAYS
 HEATING
  TODAY            0                         0      0        0
  MONTH TO DATE    0                         1     -1       11
  SINCE MAR 1    171                       280   -109      322
  SINCE JUL 1   1691                      1914   -223     2125

 COOLING
  TODAY            6                        11     -5       14
  MONTH TO DATE  255                       185     70      189
  SINCE MAR 1    552                       342    210      365
  SINCE JAN 1    558                       361    197      383
..................................................................


WIND (MPH)
  HIGHEST WIND SPEED    13   HIGHEST WIND DIRECTION     E (70)
  HIGHEST GUST SPEED    16   HIGHEST GUST DIRECTION     E (80)
  AVERAGE WIND SPEED     7.4


SKY COVER
  POSSIBLE SUNSHINE  MM
  AVERAGE SKY COVER 0.8


WEATHER CONDITIONS
 THE FOLLOWING WEATHER WAS RECORDED TODAY.
  NO SIGNIFICANT WEATHER WAS OBSERVED.


RELATIVE HUMIDITY (PERCENT)
 HIGHEST    90           100 AM
 LOWEST     62           200 PM
 AVERAGE    76

..........................................................


THE LUFKIN CLIMATE NORMALS FOR TOMORROW
                         NORMAL    RECORD    YEAR
 MAXIMUM TEMPERATURE (F)   87        96      1996
 MINIMUM TEMPERATURE (F)   66        50      2001


SUNRISE AND SUNSET
MAY 22 2015...........SUNRISE   619 AM CDT   SUNSET   812 PM CDT
MAY 23 2015...........SUNRISE   619 AM CDT   SUNSET   813 PM CDT


-  INDICATES NEGATIVE NUMBERS.
R  INDICATES RECORD WAS SET OR TIED.
MM INDICATES DATA IS MISSING.
T  INDICATES TRACE AMOUNT.




$$
