000
CDUS44 KSHV 180735
CLILFK


CLIMATE REPORT
NATIONAL WEATHER SERVICE SHREVEPORT, LA
233 AM CDT FRI APR 18 2014


...................................

...THE LUFKIN CLIMATE SUMMARY FOR APRIL 17 2014...

CLIMATE NORMAL PERIOD 1981 TO 2010
CLIMATE RECORD PERIOD 1906 TO 2014


WEATHER ITEM   OBSERVED TIME   RECORD YEAR NORMAL DEPARTURE LAST
                VALUE   (LST)  VALUE       VALUE  FROM      YEAR
                                                  NORMAL
..................................................................
TEMPERATURE (F)
 YESTERDAY
  MAXIMUM         73    447 PM  92    2006  79     -6       87
  MINIMUM         50    219 AM  36    1999  55     -5       74
  AVERAGE         62                        67     -5       81

PRECIPITATION (IN)
  YESTERDAY        0.00          2.12 2009   0.10  -0.10      T
  MONTH TO DATE    2.67                      1.66   1.01     1.70
  SINCE DEC 1     10.25                     17.93  -7.68    15.36
  SINCE JAN 1      8.04                     13.49  -5.45    11.05

SNOWFALL (IN)
  YESTERDAY        0.0
  MONTH TO DATE    0.0
  SINCE MAR 1      0.0
  SINCE JUL 1      3.2
  SNOW DEPTH       0

DEGREE DAYS
 HEATING
  YESTERDAY        3                         2      1        0
  MONTH TO DATE   56                        53      3       53
  SINCE MAR 1    306                       263     43      284
  SINCE JUL 1   2109                      1897    212     1550

 COOLING
  YESTERDAY        0                         4     -4       16
  MONTH TO DATE   58                        54      4       84
  SINCE MAR 1     75                        95    -20      129
  SINCE JAN 1     93                       114    -21      151
..................................................................


WIND (MPH)
  HIGHEST WIND SPEED    13   HIGHEST WIND DIRECTION     E (110)
  HIGHEST GUST SPEED    17   HIGHEST GUST DIRECTION     E (90)
  AVERAGE WIND SPEED     7.0


SKY COVER
  POSSIBLE SUNSHINE  MM
  AVERAGE SKY COVER 0.4


WEATHER CONDITIONS
 THE FOLLOWING WEATHER WAS RECORDED YESTERDAY.
  NO SIGNIFICANT WEATHER WAS OBSERVED.


RELATIVE HUMIDITY (PERCENT)
 HIGHEST    86           200 AM
 LOWEST     44           100 PM
 AVERAGE    65

..........................................................


THE LUFKIN CLIMATE NORMALS FOR TODAY
                         NORMAL    RECORD    YEAR
 MAXIMUM TEMPERATURE (F)   79        93      2006
 MINIMUM TEMPERATURE (F)   56        40      1999


SUNRISE AND SUNSET
APRIL 18 2014.........SUNRISE   648 AM CDT   SUNSET   750 PM CDT
APRIL 19 2014.........SUNRISE   646 AM CDT   SUNSET   750 PM CDT


-  INDICATES NEGATIVE NUMBERS.
R  INDICATES RECORD WAS SET OR TIED.
MM INDICATES DATA IS MISSING.
T  INDICATES TRACE AMOUNT.




$$
