296
CDUS44 KSHV 102247
CLILFK


CLIMATE REPORT
NATIONAL WEATHER SERVICE SHREVEPORT, LA
446 PM CST WED FEB 10 2016


...................................

...THE LUFKIN CLIMATE SUMMARY FOR FEBRUARY 10 2016...
VALID TODAY AS OF 0400 PM LOCAL TIME.

CLIMATE NORMAL PERIOD 1981 TO 2010
CLIMATE RECORD PERIOD 1906 TO 2016


WEATHER ITEM   OBSERVED TIME   RECORD YEAR NORMAL DEPARTURE LAST
                VALUE   (LST)  VALUE       VALUE  FROM      YEAR
                                                  NORMAL
..................................................................
TEMPERATURE (F)
 TODAY
  MAXIMUM         67    357 PM  86    1957  63      4       74
  MINIMUM         29    622 AM  15    1933  41    -12       45
  AVERAGE         48                        52     -4       60

PRECIPITATION (IN)
  TODAY            0.00          4.62 1994   0.14  -0.14     0.00
  MONTH TO DATE    0.16                      1.39  -1.23     0.11
  SINCE DEC 1      6.68                     10.01  -3.33     9.52
  SINCE JAN 1      2.63                      5.57  -2.94     7.47

SNOWFALL (IN)
  TODAY           MM
  MONTH TO DATE    0.0
  SINCE DEC 1      0.0
  SINCE JUL 1      0.0
  SNOW DEPTH       0

DEGREE DAYS
 HEATING
  TODAY           17                        14      3        5
  MONTH TO DATE  166                       144     22      114
  SINCE DEC 1    999                      1117   -118      943
  SINCE JUL 1   1184                      1424   -240     1239

 COOLING
  TODAY            0                         0      0        0
  MONTH TO DATE    3                         0      3        4
  SINCE DEC 1     39                        21     18       17
  SINCE JAN 1      6                         8     -2        5
..................................................................


WIND (MPH)
  HIGHEST WIND SPEED    16   HIGHEST WIND DIRECTION    SW (220)
  HIGHEST GUST SPEED    21   HIGHEST GUST DIRECTION    SW (220)
  AVERAGE WIND SPEED     4.0


SKY COVER
  POSSIBLE SUNSHINE  MM
  AVERAGE SKY COVER 0.0


WEATHER CONDITIONS
 THE FOLLOWING WEATHER WAS RECORDED TODAY.
  NO SIGNIFICANT WEATHER WAS OBSERVED.


RELATIVE HUMIDITY (PERCENT)
 HIGHEST    89           800 AM
 LOWEST     25           100 PM
 AVERAGE    57

..........................................................


THE LUFKIN CLIMATE NORMALS FOR TOMORROW
                         NORMAL    RECORD    YEAR
 MAXIMUM TEMPERATURE (F)   63        82      1999
 MINIMUM TEMPERATURE (F)   41        15      1981


SUNRISE AND SUNSET
FEBRUARY 10 2016......SUNRISE   705 AM CST   SUNSET   602 PM CST
FEBRUARY 11 2016......SUNRISE   704 AM CST   SUNSET   603 PM CST


-  INDICATES NEGATIVE NUMBERS.
R  INDICATES RECORD WAS SET OR TIED.
MM INDICATES DATA IS MISSING.
T  INDICATES TRACE AMOUNT.




$$
