000
CDUS44 KLCH 112314
CLILFT


CLIMATE REPORT
NATIONAL WEATHER SERVICE LAKE CHARLES, LA
614 PM CDT FRI JUL 11 2014


...................................

...THE LAFAYETTE CLIMATE SUMMARY FOR JULY 11 2014...
VALID TODAY AS OF 0500 PM LOCAL TIME.

CLIMATE NORMAL PERIOD 1981 TO 2010
CLIMATE RECORD PERIOD 1893 TO 2014


WEATHER ITEM   OBSERVED TIME   RECORD YEAR NORMAL DEPARTURE LAST
                VALUE   (LST)  VALUE       VALUE  FROM      YEAR
                                                  NORMAL
..................................................................
TEMPERATURE (F)
 TODAY
  MAXIMUM         94    213 PM  99    1935  92      2       93
                                      1930
                                      1902
  MINIMUM         73    538 AM  63    1894  75     -2       74
  AVERAGE         84                        83      1       84

PRECIPITATION (IN)
  TODAY            0.00          3.84 1975   0.22  -0.22     0.05
  MONTH TO DATE    1.25                      2.58  -1.33     1.75
  SINCE JUN 1      9.84                      9.66   0.18     4.91
  SINCE JAN 1     32.88                     32.28   0.60    37.03

DEGREE DAYS
 COOLING
  TODAY           19                        18      1       19
  MONTH TO DATE  192                       198     -6      181
  SINCE JUN 1    699                       696      3      722
  SINCE JAN 1   1168                      1310   -142     1186
..................................................................


WIND (MPH)
  HIGHEST WIND SPEED    10   HIGHEST WIND DIRECTION    NE (30)
  HIGHEST GUST SPEED    14   HIGHEST GUST DIRECTION     N (20)
  AVERAGE WIND SPEED     2.4


SKY COVER
  POSSIBLE SUNSHINE  MM
  AVERAGE SKY COVER 0.1


WEATHER CONDITIONS
 THE FOLLOWING WEATHER WAS RECORDED TODAY.
  FOG


RELATIVE HUMIDITY (PERCENT)
 HIGHEST   100           600 AM
 LOWEST     49           200 PM
 AVERAGE    75

..........................................................


THE LAFAYETTE CLIMATE NORMALS FOR TOMORROW
                         NORMAL    RECORD    YEAR
 MAXIMUM TEMPERATURE (F)   92       103      1901
 MINIMUM TEMPERATURE (F)   75        62      1905


SUNRISE AND SUNSET
JULY 11 2014..........SUNRISE   615 AM CDT   SUNSET   812 PM CDT
JULY 12 2014..........SUNRISE   615 AM CDT   SUNSET   812 PM CDT


-  INDICATES NEGATIVE NUMBERS.
R  INDICATES RECORD WAS SET OR TIED.
MM INDICATES DATA IS MISSING.
T  INDICATES TRACE AMOUNT.




$$
