000
CDUS44 KLCH 300828
CLILFT


CLIMATE REPORT
NATIONAL WEATHER SERVICE LAKE CHARLES, LA
326 AM CDT MON MAR 30 2015


...................................

...THE LAFAYETTE CLIMATE SUMMARY FOR MARCH 29 2015...

CLIMATE NORMAL PERIOD 1981 TO 2010
CLIMATE RECORD PERIOD 1893 TO 2015


WEATHER ITEM   OBSERVED TIME   RECORD YEAR NORMAL DEPARTURE LAST
                VALUE   (LST)  VALUE       VALUE  FROM      YEAR
                                                  NORMAL
..................................................................
TEMPERATURE (F)
 YESTERDAY
  MAXIMUM         79    258 PM  89    1909  75      4       73
  MINIMUM         54    540 AM  29    1955  55     -1       53
  AVERAGE         67                        65      2       63

PRECIPITATION (IN)
  YESTERDAY        0.00          2.75 1995   0.11  -0.11     0.00
  MONTH TO DATE    3.92                      3.56   0.36     2.85
  SINCE MAR 1      3.92                      3.56   0.36     2.85
  SINCE JAN 1     11.02                     13.68  -2.66    10.10

SNOWFALL (IN)
  YESTERDAY        0.0           0.0    MM   0.0    0.0      0.0
  MONTH TO DATE    T                         0.0    0.0      0.0
  SINCE MAR 1      T                         0.0    0.0      0.0
  SINCE JUL 1      T                         T      0.0      0.8
  SNOW DEPTH       0

DEGREE DAYS
 HEATING
  YESTERDAY        0                         3     -3        2
  MONTH TO DATE   83                       144    -61      223
  SINCE MAR 1     83                       144    -61      223
  SINCE JUL 1   1526                      1374    152     1883

 COOLING
  YESTERDAY        2                         3     -1        0
  MONTH TO DATE   77                        57     20       24
  SINCE MAR 1     77                        57     20       24
  SINCE JAN 1     82                        89     -7       38
..................................................................


WIND (MPH)
  HIGHEST WIND SPEED    21   HIGHEST WIND DIRECTION     S (190)
  HIGHEST GUST SPEED    27   HIGHEST GUST DIRECTION     S (200)
  AVERAGE WIND SPEED     7.3


SKY COVER
  POSSIBLE SUNSHINE  MM
  AVERAGE SKY COVER 0.3


WEATHER CONDITIONS
 THE FOLLOWING WEATHER WAS RECORDED YESTERDAY.
  FOG


RELATIVE HUMIDITY (PERCENT)
 HIGHEST   100           300 AM
 LOWEST     54           100 PM
 AVERAGE    77

..........................................................


THE LAFAYETTE CLIMATE NORMALS FOR TODAY
                         NORMAL    RECORD    YEAR
 MAXIMUM TEMPERATURE (F)   76        90      1946
 MINIMUM TEMPERATURE (F)   55        34      1987


SUNRISE AND SUNSET
MARCH 30 2015.........SUNRISE   700 AM CDT   SUNSET   725 PM CDT
MARCH 31 2015.........SUNRISE   659 AM CDT   SUNSET   726 PM CDT


-  INDICATES NEGATIVE NUMBERS.
R  INDICATES RECORD WAS SET OR TIED.
MM INDICATES DATA IS MISSING.
T  INDICATES TRACE AMOUNT.




$$
