657
CDUS44 KLCH 112213
CLILFT


CLIMATE REPORT
NATIONAL WEATHER SERVICE LAKE CHARLES, LA
412 PM CST THU FEB 11 2016


...................................

...THE LAFAYETTE CLIMATE SUMMARY FOR FEBRUARY 11 2016...
VALID TODAY AS OF 0400 PM LOCAL TIME.

CLIMATE NORMAL PERIOD 1981 TO 2010
CLIMATE RECORD PERIOD 1893 TO 2016


WEATHER ITEM   OBSERVED TIME   RECORD YEAR NORMAL DEPARTURE LAST
                VALUE   (LST)  VALUE       VALUE  FROM      YEAR
                                                  NORMAL
..................................................................
TEMPERATURE (F)
 TODAY
  MAXIMUM         74    232 PM  81    1932  65      9       74
  MINIMUM         45    105 AM  25    1973  46     -1       41
  AVERAGE         60                        55      5       58

PRECIPITATION (IN)
  TODAY            0.00          2.60 1935   0.16  -0.16     0.00
  MONTH TO DATE    2.92                      1.85   1.07     0.73
  SINCE DEC 1     11.45                     13.10  -1.65     8.84
  SINCE JAN 1      7.59                      7.52   0.07     5.34

SNOWFALL (IN)
  TODAY            0.0           0.0    MM   0.0    0.0      0.0
  MONTH TO DATE    0.0                       0.0    0.0      0.0
  SINCE DEC 1      0.0                       0.0    0.0      0.0
  SINCE JUL 1      0.0                       0.0    0.0      0.0
  SNOW DEPTH       0

DEGREE DAYS
 HEATING
  TODAY            5                        11     -6        7
  MONTH TO DATE  134                       126      8      132
  SINCE DEC 1    727                       883   -156      863
  SINCE JUL 1    815                      1082   -267     1164
..................................................................


WIND (MPH)
  HIGHEST WIND SPEED    24   HIGHEST WIND DIRECTION    SW (240)
  HIGHEST GUST SPEED    32   HIGHEST GUST DIRECTION    SW (240)
  AVERAGE WIND SPEED    12.6


SKY COVER
  POSSIBLE SUNSHINE  MM
  AVERAGE SKY COVER 0.1


WEATHER CONDITIONS
 THE FOLLOWING WEATHER WAS RECORDED TODAY.
  HAZE


RELATIVE HUMIDITY (PERCENT)
 HIGHEST    93           500 AM
 LOWEST     49           100 PM
 AVERAGE    71

..........................................................


THE LAFAYETTE CLIMATE NORMALS FOR TOMORROW
                         NORMAL    RECORD    YEAR
 MAXIMUM TEMPERATURE (F)   65        81      1952
                                             1922
 MINIMUM TEMPERATURE (F)   46        12      1899


SUNRISE AND SUNSET
FEBRUARY 11 2016......SUNRISE   652 AM CST   SUNSET   553 PM CST
FEBRUARY 12 2016......SUNRISE   651 AM CST   SUNSET   554 PM CST


-  INDICATES NEGATIVE NUMBERS.
R  INDICATES RECORD WAS SET OR TIED.
MM INDICATES DATA IS MISSING.
T  INDICATES TRACE AMOUNT.




$$
