000
CDUS44 KLCH 081245
CLILFT


CLIMATE REPORT
NATIONAL WEATHER SERVICE LAKE CHARLES, LA
645 AM CST THU DEC 8 2016


...................................

...THE LAFAYETTE CLIMATE SUMMARY FOR DECEMBER 7 2016...

CLIMATE NORMAL PERIOD 1981 TO 2010
CLIMATE RECORD PERIOD 1893 TO 2016


WEATHER ITEM   OBSERVED TIME   RECORD YEAR NORMAL DEPARTURE LAST
                VALUE   (LST)  VALUE       VALUE  FROM      YEAR
                                                  NORMAL
..................................................................
TEMPERATURE (F)
 YESTERDAY
  MAXIMUM         66    354 PM  82    1998  66      0       71
                                      1956
                                      1922
  MINIMUM         54    722 AM  18    1950  46      8       47
  AVERAGE         60                        56      4       59

PRECIPITATION (IN)
  YESTERDAY        0.00          1.81 1989   0.17  -0.17     0.00
  MONTH TO DATE    6.14                      1.18   4.96     0.33
  SINCE DEC 1      6.14                      1.18   4.96     0.33
  SINCE JAN 1     78.01                     56.10  21.91    61.59

SNOWFALL (IN)
  YESTERDAY        0.0           0.0    MM   0.0    0.0      0.0
  MONTH TO DATE    0.0                       0.0    0.0      0.0
  SINCE DEC 1      0.0                       0.0    0.0      0.0
  SINCE JUL 1      0.0                       0.0    0.0      0.0
  SNOW DEPTH       0

DEGREE DAYS
 HEATING
  YESTERDAY        5                        10     -5        6
  MONTH TO DATE   47                        67    -20       65
  SINCE DEC 1     47                        67    -20       65
  SINCE JUL 1    133                       266   -133      153
..................................................................


WIND (MPH)
  HIGHEST WIND SPEED    12   HIGHEST WIND DIRECTION    NE (30)
  HIGHEST GUST SPEED    13   HIGHEST GUST DIRECTION    NE (50)
  AVERAGE WIND SPEED     4.4


SKY COVER
  POSSIBLE SUNSHINE  MM
  AVERAGE SKY COVER 1.0


WEATHER CONDITIONS
 THE FOLLOWING WEATHER WAS RECORDED YESTERDAY.
  FOG


RELATIVE HUMIDITY (PERCENT)
 HIGHEST   100           400 AM
 LOWEST     68           400 PM
 AVERAGE    84

..........................................................


THE LAFAYETTE CLIMATE NORMALS FOR TODAY
                         NORMAL    RECORD    YEAR
 MAXIMUM TEMPERATURE (F)   66        84      1922
 MINIMUM TEMPERATURE (F)   46        25      2006


SUNRISE AND SUNSET
DECEMBER  8 2016......SUNRISE   652 AM CST   SUNSET   508 PM CST
DECEMBER  9 2016......SUNRISE   653 AM CST   SUNSET   508 PM CST


-  INDICATES NEGATIVE NUMBERS.
R  INDICATES RECORD WAS SET OR TIED.
MM INDICATES DATA IS MISSING.
T  INDICATES TRACE AMOUNT.




$$
