000
CDUS44 KLCH 260828
CLILFT


CLIMATE REPORT
NATIONAL WEATHER SERVICE LAKE CHARLES, LA
227 AM CST FRI DEC 26 2014


...................................

...THE LAFAYETTE CLIMATE SUMMARY FOR DECEMBER 25 2014...

CLIMATE NORMAL PERIOD 1981 TO 2010
CLIMATE RECORD PERIOD 1893 TO 2014


WEATHER ITEM   OBSERVED TIME   RECORD YEAR NORMAL DEPARTURE LAST
                VALUE   (LST)  VALUE       VALUE  FROM      YEAR
                                                  NORMAL
..................................................................
TEMPERATURE (F)
 YESTERDAY
  MAXIMUM         58    230 PM  79    1951  63     -5       50
                                      1942
                                      1933
  MINIMUM         35    656 AM  12    1983  43     -8       29
  AVERAGE         47                        53     -6       40

PRECIPITATION (IN)
  YESTERDAY        0.00          2.43 1926   0.19  -0.19     0.00
  MONTH TO DATE    3.05                      4.44  -1.39     2.26
  SINCE DEC 1      3.05                      4.44  -1.39     2.26
  SINCE JAN 1     59.55                     59.36   0.19    56.03

SNOWFALL (IN)
  YESTERDAY        0.0           T    1953   0.0    0.0      0.0
  MONTH TO DATE    0.0                       0.0    0.0      0.0
  SINCE DEC 1      0.0                       0.0    0.0      0.0
  SINCE JUL 1      0.0                       0.0    0.0      0.0
  SNOW DEPTH       0

DEGREE DAYS
 HEATING
  YESTERDAY       18                        13      5       25
  MONTH TO DATE  200                       277    -77      340
  SINCE DEC 1    200                       277    -77      340
  SINCE JUL 1    501                       476     25      609
..................................................................


WIND (MPH)
  HIGHEST WIND SPEED    13   HIGHEST WIND DIRECTION     S (180)
  HIGHEST GUST SPEED    16   HIGHEST GUST DIRECTION     S (190)
  AVERAGE WIND SPEED     4.6


SKY COVER
  POSSIBLE SUNSHINE  MM
  AVERAGE SKY COVER 0.0


WEATHER CONDITIONS
 THE FOLLOWING WEATHER WAS RECORDED YESTERDAY.
  NO SIGNIFICANT WEATHER WAS OBSERVED.


RELATIVE HUMIDITY (PERCENT)
 HIGHEST    92           100 AM
 LOWEST     43           200 PM
 AVERAGE    68

..........................................................


THE LAFAYETTE CLIMATE NORMALS FOR TODAY
                         NORMAL    RECORD    YEAR
 MAXIMUM TEMPERATURE (F)   63        79      1942
 MINIMUM TEMPERATURE (F)   43        16      1983


SUNRISE AND SUNSET
DECEMBER 26 2014......SUNRISE   702 AM CST   SUNSET   515 PM CST
DECEMBER 27 2014......SUNRISE   703 AM CST   SUNSET   516 PM CST


-  INDICATES NEGATIVE NUMBERS.
R  INDICATES RECORD WAS SET OR TIED.
MM INDICATES DATA IS MISSING.
T  INDICATES TRACE AMOUNT.




$$
