000
CDUS44 KLCH 180825
CLILFT


CLIMATE REPORT
NATIONAL WEATHER SERVICE LAKE CHARLES, LA
223 AM CST THU JAN 18 2018


...................................

...THE LAFAYETTE CLIMATE SUMMARY FOR JANUARY 17 2018...

CLIMATE NORMAL PERIOD 1981 TO 2010
CLIMATE RECORD PERIOD 1893 TO 2018


WEATHER ITEM   OBSERVED TIME   RECORD YEAR NORMAL DEPARTURE LAST
                VALUE   (LST)  VALUE       VALUE  FROM      YEAR
                                                  NORMAL
..................................................................
TEMPERATURE (F)
 YESTERDAY
  MAXIMUM         31    338 PM  81    1935  62    -31       79
  MINIMUM         16R   741 AM  19    1982  43    -27       70
  AVERAGE         24                        52    -28       75

PRECIPITATION (IN)
  YESTERDAY        0.00          2.10 1931   0.19  -0.19     0.00
  MONTH TO DATE    1.48                      3.12  -1.64     0.99
  SINCE DEC 1      7.77                      8.70  -0.93    10.08
  SINCE JAN 1      1.48                      3.12  -1.64     0.99

SNOWFALL (IN)
  YESTERDAY        0.0           0.0    MM   0.0    0.0      0.0
  MONTH TO DATE    0.1                       0.0    0.1      0.0
  SINCE DEC 1      1.8                       0.0    1.8      0.0
  SINCE JUL 1      1.8                       0.0    1.8      0.0
  SNOW DEPTH       0

DEGREE DAYS
 HEATING
  YESTERDAY       41                        13     28        0
  MONTH TO DATE  379                       221    158      123
  SINCE DEC 1    749                       576    173      358
  SINCE JUL 1    916                       775    141      444
..................................................................


WIND (MPH)
  HIGHEST WIND SPEED    22   HIGHEST WIND DIRECTION     N (10)
  HIGHEST GUST SPEED    28   HIGHEST GUST DIRECTION     N (360)
  AVERAGE WIND SPEED    13.3


SKY COVER
  POSSIBLE SUNSHINE  MM
  AVERAGE SKY COVER 0.0


WEATHER CONDITIONS
 THE FOLLOWING WEATHER WAS RECORDED YESTERDAY.
  NO SIGNIFICANT WEATHER WAS OBSERVED.


RELATIVE HUMIDITY (PERCENT)
 HIGHEST    81           100 AM
 LOWEST     53           300 PM
 AVERAGE    67

..........................................................


THE LAFAYETTE CLIMATE NORMALS FOR TODAY
                         NORMAL    RECORD    YEAR
 MAXIMUM TEMPERATURE (F)   62        81      1894
 MINIMUM TEMPERATURE (F)   43        18      1948


SUNRISE AND SUNSET
JANUARY 18 2018.......SUNRISE   704 AM CST   SUNSET   533 PM CST
JANUARY 19 2018.......SUNRISE   704 AM CST   SUNSET   534 PM CST


-  INDICATES NEGATIVE NUMBERS.
R  INDICATES RECORD WAS SET OR TIED.
MM INDICATES DATA IS MISSING.
T  INDICATES TRACE AMOUNT.




$$
