000
CDUS44 KLCH 280841
CLILFT


CLIMATE REPORT
NATIONAL WEATHER SERVICE LAKE CHARLES, LA
239 AM CST TUE FEB 28 2017


...................................

...THE LAFAYETTE CLIMATE SUMMARY FOR FEBRUARY 27 2017...

CLIMATE NORMAL PERIOD 1981 TO 2010
CLIMATE RECORD PERIOD 1893 TO 2017


WEATHER ITEM   OBSERVED TIME   RECORD YEAR NORMAL DEPARTURE LAST
                VALUE   (LST)  VALUE       VALUE  FROM      YEAR
                                                  NORMAL
..................................................................
TEMPERATURE (F)
 YESTERDAY
  MAXIMUM         81    130 PM  83    1962  68     13       66
  MINIMUM         65    201 AM  25    1914  49     16       38
  AVERAGE         73                        58     15       52

PRECIPITATION (IN)
  YESTERDAY        0.03          2.98 1923   0.14  -0.11     0.00
  MONTH TO DATE    0.15                      4.31  -4.16     4.46
  SINCE DEC 1     12.61                     15.56  -2.95    12.99
  SINCE JAN 1      3.52                      9.98  -6.46     9.13

SNOWFALL (IN)
  YESTERDAY        0.0           0.0    MM   0.0    0.0      0.0
  MONTH TO DATE    0.0                       0.0    0.0      0.0
  SINCE DEC 1      0.0                       0.0    0.0      0.0
  SINCE JUL 1      0.0                       0.0    0.0      0.0
  SNOW DEPTH       0

DEGREE DAYS
 HEATING
  YESTERDAY        0                         7     -7       13
  MONTH TO DATE   67                       268   -201      227
  SINCE DEC 1    491                      1025   -534      820
  SINCE JUL 1    577                      1224   -647      908
..................................................................


WIND (MPH)
  HIGHEST WIND SPEED    20   HIGHEST WIND DIRECTION     S (190)
  HIGHEST GUST SPEED    26   HIGHEST GUST DIRECTION     S (180)
  AVERAGE WIND SPEED     9.7


SKY COVER
  POSSIBLE SUNSHINE  MM
  AVERAGE SKY COVER 1.0


WEATHER CONDITIONS
 THE FOLLOWING WEATHER WAS RECORDED YESTERDAY.
  LIGHT RAIN
  FOG


RELATIVE HUMIDITY (PERCENT)
 HIGHEST    90           500 AM
 LOWEST     69           300 PM
 AVERAGE    80

..........................................................


THE LAFAYETTE CLIMATE NORMALS FOR TODAY
                         NORMAL    RECORD    YEAR
 MAXIMUM TEMPERATURE (F)   68        85      2011
                                             1932
                                             1911
 MINIMUM TEMPERATURE (F)   49        24      2002


SUNRISE AND SUNSET
FEBRUARY 28 2017......SUNRISE   635 AM CST   SUNSET   606 PM CST
MARCH  1 2017.........SUNRISE   634 AM CST   SUNSET   607 PM CST


-  INDICATES NEGATIVE NUMBERS.
R  INDICATES RECORD WAS SET OR TIED.
MM INDICATES DATA IS MISSING.
T  INDICATES TRACE AMOUNT.




$$
