000
CDUS41 KOKX 260616
CLILGA


CLIMATE REPORT
NATIONAL WEATHER SERVICE NEW YORK NY
216 AM EDT WED JUL 26 2017


...................................

...THE LAGUARDIA NY CLIMATE SUMMARY FOR JULY 25 2017...

CLIMATE NORMAL PERIOD 1981 TO 2010
CLIMATE RECORD PERIOD 1939 TO 2017


WEATHER ITEM   OBSERVED TIME   RECORD YEAR NORMAL DEPARTURE LAST
                VALUE   (LST)  VALUE       VALUE  FROM      YEAR
                                                  NORMAL
..................................................................
TEMPERATURE (F)
 YESTERDAY
  MAXIMUM         71    401 PM  97    1999  86    -15       94
  MINIMUM         62    510 AM  59    1997  70     -8       77
  AVERAGE         67                        78    -11       86

PRECIPITATION (IN)
  YESTERDAY        0.00          1.60 1975   0.15  -0.15     0.79
  MONTH TO DATE    4.32                      3.55   0.77     3.21
  SINCE JUN 1      8.70                      7.49   1.21     5.45
  SINCE JAN 1     29.47                     25.18   4.29    20.82

SNOWFALL (IN)
  YESTERDAY        0.0          MM      MM   0.0    0.0      0.0
  MONTH TO DATE    0.0                       0.0    0.0      0.0
  SINCE OCT 1     33.2                      26.9    6.3     36.2
  SINCE JUL 1      0.0                       0.0    0.0      0.0
  SNOW DEPTH       0

DEGREE DAYS
 HEATING
  YESTERDAY        0                         0      0        0
  MONTH TO DATE    0                         0      0        0
  SINCE JUN 1     16                        16      0        2
  SINCE JUL 1      0                         0      0        0

 COOLING
  YESTERDAY        2                        13    -11       21
  MONTH TO DATE  356                       310     46      403
  SINCE JUN 1    636                       541     95      673
  SINCE JAN 1    741                       607    134      792
..................................................................


WIND (MPH)
  HIGHEST WIND SPEED    14   HIGHEST WIND DIRECTION    NE (50)
  HIGHEST GUST SPEED    23   HIGHEST GUST DIRECTION    NE (60)
  AVERAGE WIND SPEED    10.0


SKY COVER
  AVERAGE SKY COVER 1.0


WEATHER CONDITIONS
 THE FOLLOWING WEATHER WAS RECORDED YESTERDAY.
  NO SIGNIFICANT WEATHER WAS OBSERVED.


RELATIVE HUMIDITY (PERCENT)
 HIGHEST    93           200 AM
 LOWEST     73           300 PM
 AVERAGE    83

..........................................................


THE LAGUARDIA NY CLIMATE NORMALS FOR TODAY
                         NORMAL    RECORD    YEAR
 MAXIMUM TEMPERATURE (F)   86        98      1940
 MINIMUM TEMPERATURE (F)   70        62      1976
                                             1964


SUNRISE AND SUNSET
JULY 26 2017..........SUNRISE   547 AM EDT   SUNSET   817 PM EDT
JULY 27 2017..........SUNRISE   548 AM EDT   SUNSET   816 PM EDT


-  INDICATES NEGATIVE NUMBERS.
R  INDICATES RECORD WAS SET OR TIED.
MM INDICATES DATA IS MISSING.
T  INDICATES TRACE AMOUNT.




$$
