000
CDUS41 KOKX 162132
CLILGA


CLIMATE REPORT
NATIONAL WEATHER SERVICE NEW YORK NY
432 PM EST MON JAN 16 2017


...................................

...THE LAGUARDIA NY CLIMATE SUMMARY FOR JANUARY 16 2017...
VALID TODAY AS OF 0400 PM LOCAL TIME.

CLIMATE NORMAL PERIOD 1981 TO 2010
CLIMATE RECORD PERIOD 1939 TO 2017


WEATHER ITEM   OBSERVED TIME   RECORD YEAR NORMAL DEPARTURE LAST
                VALUE   (LST)  VALUE       VALUE  FROM      YEAR
                                                  NORMAL
..................................................................
TEMPERATURE (F)
 TODAY
  MAXIMUM         44    359 PM  59    1953  39      5       52
  MINIMUM         31    730 AM   2    1994  26      5       42
  AVERAGE         38                        33      5       47

PRECIPITATION (IN)
  TODAY            0.00          0.90 1997   0.10  -0.10     0.25
  MONTH TO DATE    1.57                      1.67  -0.10     1.68
  SINCE DEC 1      4.52                      5.23  -0.71     6.01
  SINCE JAN 1      1.57                      1.67  -0.10     1.68

SNOWFALL (IN)
  TODAY            0.0           4.6  1965   0.3   -0.3      0.0
  MONTH TO DATE    8.9                       3.9    5.0       T
  SINCE OCT 1     11.9                       9.4    2.5       T
  SINCE JUL 1     11.9                       9.4    2.5       T
  SNOW DEPTH       0

DEGREE DAYS
 HEATING
  TODAY           27                        32     -5       18
  MONTH TO DATE  436                       508    -72      439
  SINCE DEC 1   1194                      1339   -145      872
  SINCE JUL 1   1732                      2114   -382     1434

 COOLING
  TODAY            0                         0      0        0
  MONTH TO DATE    0                         0      0        0
  SINCE DEC 1      0                         0      0        1
  SINCE JAN 1      0                         0      0        0
..................................................................


WIND (MPH)
  HIGHEST WIND SPEED    12   HIGHEST WIND DIRECTION    SW (220)
  HIGHEST GUST SPEED    16   HIGHEST GUST DIRECTION     S (200)
  AVERAGE WIND SPEED     4.3


SKY COVER
  AVERAGE SKY COVER 0.3


WEATHER CONDITIONS
 THE FOLLOWING WEATHER WAS RECORDED TODAY.
  NO SIGNIFICANT WEATHER WAS OBSERVED.


RELATIVE HUMIDITY (PERCENT)
 HIGHEST    61           100 AM
 LOWEST     40           300 PM
 AVERAGE    51

..........................................................


THE LAGUARDIA NY CLIMATE NORMALS FOR TOMORROW
                         NORMAL    RECORD    YEAR
 MAXIMUM TEMPERATURE (F)   39        59      1990
                                             1973
 MINIMUM TEMPERATURE (F)   26        -1      1982
                                             1977


SUNRISE AND SUNSET
JANUARY 16 2017.......SUNRISE   717 AM EST   SUNSET   454 PM EST
JANUARY 17 2017.......SUNRISE   717 AM EST   SUNSET   455 PM EST


-  INDICATES NEGATIVE NUMBERS.
R  INDICATES RECORD WAS SET OR TIED.
MM INDICATES DATA IS MISSING.
T  INDICATES TRACE AMOUNT.




$$
