000
CDUS41 KOKX 280620
CLILGA


CLIMATE REPORT
NATIONAL WEATHER SERVICE NEW YORK NY
120 AM EST FRI NOV 28 2014


...................................

...THE LAGUARDIA NY CLIMATE SUMMARY FOR NOVEMBER 27 2014...

CLIMATE NORMAL PERIOD 1981 TO 2010
CLIMATE RECORD PERIOD 1945 TO 2014


WEATHER ITEM   OBSERVED TIME   RECORD YEAR NORMAL DEPARTURE LAST
                VALUE   (LST)  VALUE       VALUE  FROM      YEAR
                                                  NORMAL
..................................................................
TEMPERATURE (F)
 YESTERDAY
  MAXIMUM         38    453 PM  65    2007  51    -13       60
                                      2006
                                      1946
  MINIMUM         35   1159 PM  23    1949  38     -3       36
  AVERAGE         37                        44     -7       48

PRECIPITATION (IN)
  YESTERDAY        0.01          1.74 2013   0.12  -0.11     1.74
  MONTH TO DATE    3.92                      3.04   0.88     2.77
  SINCE SEP 1      9.05                     10.55  -1.50     6.49
  SINCE JAN 1     44.11                     40.80   3.31    33.83

SNOWFALL (IN)
  YESTERDAY        T             2.3  1978   0.0    0.0      0.0
  MONTH TO DATE    0.4                       0.2    0.2      0.2
  SINCE OCT 1      0.4                       0.2    0.2      0.2
  SINCE JUL 1      0.4                       0.2    0.2      0.2
  SNOW DEPTH       0

DEGREE DAYS
 HEATING
  YESTERDAY       28                        21      7       17
  MONTH TO DATE  502                       442     60      486
  SINCE SEP 1    678                       713    -35      688
  SINCE JUL 1    678                       714    -36      688

 COOLING
  YESTERDAY        0                         0      0        0
  MONTH TO DATE    0                         0      0        0
  SINCE SEP 1    205                       180     25      183
  SINCE JAN 1   1192                      1213    -21     1402
..................................................................


WIND (MPH)
  HIGHEST WIND SPEED    24   HIGHEST WIND DIRECTION    NW (330)
  HIGHEST GUST SPEED    31   HIGHEST GUST DIRECTION    NW (330)
  AVERAGE WIND SPEED    10.4


SKY COVER
  AVERAGE SKY COVER 1.0


WEATHER CONDITIONS
 THE FOLLOWING WEATHER WAS RECORDED YESTERDAY.
  LIGHT RAIN
  LIGHT SNOW
  FOG
  HAZE


RELATIVE HUMIDITY (PERCENT)
 HIGHEST    82           100 AM
 LOWEST     64           700 PM
 AVERAGE    73

..........................................................


THE LAGUARDIA NY CLIMATE NORMALS FOR TODAY
                         NORMAL    RECORD    YEAR
 MAXIMUM TEMPERATURE (F)   50        68      1990
 MINIMUM TEMPERATURE (F)   38        21      1951


SUNRISE AND SUNSET
NOVEMBER 28 2014......SUNRISE   657 AM EST   SUNSET   430 PM EST
NOVEMBER 29 2014......SUNRISE   658 AM EST   SUNSET   429 PM EST


-  INDICATES NEGATIVE NUMBERS.
R  INDICATES RECORD WAS SET OR TIED.
MM INDICATES DATA IS MISSING.
T  INDICATES TRACE AMOUNT.




$$
