000
CDUS46 KLOX 251006
CLILGB


CLIMATE REPORT
NATIONAL WEATHER SERVICE LOS ANGELES/OXNARD CA
206 AM PST SUN JAN 25 2015


...................................

...THE LONG BEACH AIRPORT CA CLIMATE SUMMARY FOR JANUARY 24 2015...

CLIMATE NORMAL PERIOD 1981 TO 2010
CLIMATE RECORD PERIOD 1958 TO 2015


WEATHER ITEM   OBSERVED TIME   RECORD YEAR NORMAL DEPARTURE LAST
                VALUE   (LST)  VALUE       VALUE  FROM      YEAR
                                                  NORMAL
..................................................................
TEMPERATURE (F)
 YESTERDAY
  MAXIMUM         82    251 PM  84    1992  68     14       71
  MINIMUM         46    541 AM  36    2002  46      0       55
  AVERAGE         64                        57      7       63

PRECIPITATION (IN)
  YESTERDAY        0.00          1.78 1969   0.08  -0.08      T
  MONTH TO DATE    0.75                      2.03  -1.28      T
  SINCE OCT 1      6.01                      5.61   0.40     1.24
  SINCE JAN 1      0.75                      2.03  -1.28      T

SNOWFALL (IN)
  YESTERDAY        0.0
  MONTH TO DATE    0.0
  SINCE DEC 1      0.0
  SINCE JUL 1      0.0

DEGREE DAYS
 HEATING
  YESTERDAY        1                         8     -7        2
  MONTH TO DATE  126                       200    -74       92
  SINCE DEC 1    308                       471   -163      310
  SINCE JUL 1    344                       620   -276      405

 COOLING
  YESTERDAY        0                         0      0        0
  MONTH TO DATE    4                         0      4       15
  SINCE DEC 1      9                         1      8       27
  SINCE JAN 1      4                         0      4       15
..................................................................


WIND (MPH)
  HIGHEST WIND SPEED    15   HIGHEST WIND DIRECTION     E (100)
  HIGHEST GUST SPEED    23   HIGHEST GUST DIRECTION     E (90)
  AVERAGE WIND SPEED     5.4


SKY COVER
  POSSIBLE SUNSHINE  MM
  AVERAGE SKY COVER 0.0


WEATHER CONDITIONS
 THE FOLLOWING WEATHER WAS RECORDED YESTERDAY.
  NO SIGNIFICANT WEATHER WAS OBSERVED.


RELATIVE HUMIDITY (PERCENT)
 HIGHEST    65           600 AM
 LOWEST     14           400 PM
 AVERAGE    40

..........................................................


THE LONG BEACH AIRPORT CA CLIMATE NORMALS FOR TODAY
                         NORMAL    RECORD    YEAR
 MAXIMUM TEMPERATURE (F)   68        85      2003
 MINIMUM TEMPERATURE (F)   46        37      1965


SUNRISE AND SUNSET
JANUARY 25 2015.......SUNRISE   654 AM PST   SUNSET   516 PM PST
JANUARY 26 2015.......SUNRISE   653 AM PST   SUNSET   517 PM PST


-  INDICATES NEGATIVE NUMBERS.
R  INDICATES RECORD WAS SET OR TIED.
MM INDICATES DATA IS MISSING.
T  INDICATES TRACE AMOUNT.




$$
