000
CDUS46 KLOX 180902
CLILGB


CLIMATE REPORT
NATIONAL WEATHER SERVICE LOS ANGELES/OXNARD CA
202 AM PDT FRI APR 18 2014


...................................

...THE LONG BEACH AIRPORT CA CLIMATE SUMMARY FOR APRIL 17 2014...

CLIMATE NORMAL PERIOD 1981 TO 2010
CLIMATE RECORD PERIOD 1958 TO 2014


WEATHER ITEM   OBSERVED TIME   RECORD YEAR NORMAL DEPARTURE LAST
                VALUE   (LST)  VALUE       VALUE  FROM      YEAR
                                                  NORMAL
..................................................................
TEMPERATURE (F)
 YESTERDAY
  MAXIMUM         67   1201 PM  89    1999  72     -5       74
  MINIMUM         59    438 AM  42    1967  53      6       55
  AVERAGE         63                        63      0       65

PRECIPITATION (IN)
  YESTERDAY        0.00          0.94 2000   0.02  -0.02     0.00
  MONTH TO DATE    0.20                      0.41  -0.21     0.01
  SINCE JUL 1      4.33                     11.79  -7.46     6.00
  SINCE JAN 1      3.02                      7.97  -4.95     2.20

SNOWFALL (IN)
  YESTERDAY        0.0
  MONTH TO DATE    0.0
  SINCE MAR 1      0.0
  SINCE JUL 1      0.0

DEGREE DAYS
 HEATING
  YESTERDAY        2                         3     -1        0
  MONTH TO DATE   43                        70    -27       35
  SINCE MAR 1    121                       249   -128      155
  SINCE JUL 1    699                      1140   -441     1019

 COOLING
  YESTERDAY        0                         1     -1        0
  MONTH TO DATE   31                        17     14        4
  SINCE MAR 1     54                        27     27       11
  SINCE JAN 1     69                        35     34       16
..................................................................


WIND (MPH)
  HIGHEST WIND SPEED    13   HIGHEST WIND DIRECTION     S (180)
  HIGHEST GUST SPEED    18   HIGHEST GUST DIRECTION     S (190)
  AVERAGE WIND SPEED     6.3


SKY COVER
  POSSIBLE SUNSHINE  MM
  AVERAGE SKY COVER 0.8


WEATHER CONDITIONS
 THE FOLLOWING WEATHER WAS RECORDED YESTERDAY.
  NO SIGNIFICANT WEATHER WAS OBSERVED.


RELATIVE HUMIDITY (PERCENT)
 HIGHEST    75           400 AM
 LOWEST     58           300 PM
 AVERAGE    67

..........................................................


THE LONG BEACH AIRPORT CA CLIMATE NORMALS FOR TODAY
                         NORMAL    RECORD    YEAR
 MAXIMUM TEMPERATURE (F)   72        89      1999
 MINIMUM TEMPERATURE (F)   53        42      1968


SUNRISE AND SUNSET
APRIL 18 2014.........SUNRISE   618 AM PDT   SUNSET   726 PM PDT
APRIL 19 2014.........SUNRISE   617 AM PDT   SUNSET   727 PM PDT


-  INDICATES NEGATIVE NUMBERS.
R  INDICATES RECORD WAS SET OR TIED.
MM INDICATES DATA IS MISSING.
T  INDICATES TRACE AMOUNT.




$$
