000
CDUS46 KLOX 260117
CLILGB


CLIMATE REPORT
NATIONAL WEATHER SERVICE LOS ANGELES/OXNARD CA
616 PM PDT WED MAY 25 2016


...................................

...THE LONG BEACH AIRPORT CA CLIMATE SUMMARY FOR MAY 25 2016...
VALID TODAY AS OF 0600 PM LOCAL TIME.

CLIMATE NORMAL PERIOD 1981 TO 2010
CLIMATE RECORD PERIOD 1958 TO 2016


WEATHER ITEM   OBSERVED TIME   RECORD YEAR NORMAL DEPARTURE LAST
                VALUE   (LST)  VALUE       VALUE  FROM      YEAR
                                                  NORMAL
..................................................................
TEMPERATURE (F)
 TODAY
  MAXIMUM         71    355 PM  91    1974  74     -3       70
  MINIMUM         57    420 AM  47    1980  59     -2       58
                                      1962
  AVERAGE         64                        66     -2       64

PRECIPITATION (IN)
  TODAY            0.00          0.03 2000   0.00   0.00     0.00
  MONTH TO DATE    0.05                      0.18  -0.13     0.77
  SINCE OCT 1      4.98                     11.92  -6.94     7.85
  SINCE JAN 1      3.98                      8.34  -4.36     2.59

SNOWFALL (IN)
  TODAY            0.0
  MONTH TO DATE    0.0
  SINCE MAR 1      0.0
  SINCE JUL 1      0.0

DEGREE DAYS
 HEATING
  TODAY            1                         1      0        1
  MONTH TO DATE   17                        34    -17       33
  SINCE MAR 1    151                       319   -168      111
  SINCE JUL 1    794                      1210   -416      534

 COOLING
  TODAY            0                         2     -2        0
  MONTH TO DATE   17                        50    -33       19
  SINCE MAR 1     86                        89     -3      209
  SINCE JAN 1    133                        97     36      246
..................................................................


WIND (MPH)
  HIGHEST WIND SPEED    15   HIGHEST WIND DIRECTION     W (260)
  HIGHEST GUST SPEED    20   HIGHEST GUST DIRECTION     S (200)
  AVERAGE WIND SPEED     6.1


SKY COVER
  POSSIBLE SUNSHINE  MM
  AVERAGE SKY COVER 0.5


WEATHER CONDITIONS
 THE FOLLOWING WEATHER WAS RECORDED TODAY.
  NO SIGNIFICANT WEATHER WAS OBSERVED.


RELATIVE HUMIDITY (PERCENT)
 HIGHEST    86           400 AM
 LOWEST     35           400 PM
 AVERAGE    61

..........................................................


THE LONG BEACH AIRPORT CA CLIMATE NORMALS FOR TOMORROW
                         NORMAL    RECORD    YEAR
 MAXIMUM TEMPERATURE (F)   74        93      1968
 MINIMUM TEMPERATURE (F)   59        49      1980


SUNRISE AND SUNSET
MAY 25 2016...........SUNRISE   545 AM PDT   SUNSET   754 PM PDT
MAY 26 2016...........SUNRISE   545 AM PDT   SUNSET   755 PM PDT


-  INDICATES NEGATIVE NUMBERS.
R  INDICATES RECORD WAS SET OR TIED.
MM INDICATES DATA IS MISSING.
T  INDICATES TRACE AMOUNT.




$$
