000
CDHW41 PHFO 281247
CLILIH


CLIMATE REPORT
NATIONAL WEATHER SERVICE
1245 PM UTC TUE JUL 28 2015


...................................

...THE LIHUE HI CLIMATE SUMMARY FOR JULY 27 2015...

CLIMATE NORMAL PERIOD 1981 TO 2010
CLIMATE RECORD PERIOD 1946 TO 2015


WEATHER ITEM   OBSERVED TIME   RECORD YEAR NORMAL DEPARTURE LAST
                VALUE   (LST)  VALUE       VALUE  FROM      YEAR
                                                  NORMAL
..................................................................
TEMPERATURE (F)
 YESTERDAY
  MAXIMUM         87    126 PM  88    1981  84      3       86
                                      1969
  MINIMUM         78    617 AM  67    1955  74      4       72
  AVERAGE         83                        79      4       79

PRECIPITATION (IN)
  YESTERDAY        0.00          0.27 1990   0.07  -0.07      T
  MONTH TO DATE    0.40                      1.59  -1.19     1.44
  SINCE JUN 1      0.40                      3.20  -2.80     4.57
  SINCE JAN 1      5.67                     19.04 -13.37    20.36

SNOWFALL (IN)
  YESTERDAY        0.0
  MONTH TO DATE    0.0
  SINCE JUN 1      0.0
  SINCE JUL 1      0.0
  SNOW DEPTH      MM

DEGREE DAYS
 HEATING
  YESTERDAY        0                         0      0        0
  MONTH TO DATE    0                         0      0        0
  SINCE JUN 1      0                         0      0        0
  SINCE JUL 1      0                         0      0        0

 COOLING
  YESTERDAY       18                        14      4       14
  MONTH TO DATE  286                       378    -92      397
  SINCE JUN 1    286                       772   -486      777
  SINCE JAN 1   1533                      2011   -478     1998
..................................................................


WIND (MPH)
  HIGHEST WIND SPEED    16   HIGHEST WIND DIRECTION     E (90)
  HIGHEST GUST SPEED    18   HIGHEST GUST DIRECTION     E (90)
  AVERAGE WIND SPEED    10.0


SKY COVER
  POSSIBLE SUNSHINE  MM
  AVERAGE SKY COVER  MM


WEATHER CONDITIONS
 THE FOLLOWING WEATHER WAS RECORDED YESTERDAY.
  NO SIGNIFICANT WEATHER WAS OBSERVED.


RELATIVE HUMIDITY (PERCENT)
 HIGHEST    MM
 LOWEST     MM
 AVERAGE    MM

..........................................................


THE LIHUE HI CLIMATE NORMALS FOR TODAY
                         NORMAL    RECORD    YEAR
 MAXIMUM TEMPERATURE (F)   84        88      1982
 MINIMUM TEMPERATURE (F)   74        68      1965


SUNRISE AND SUNSET
JULY 28 2015..........SUNRISE   608 AM HST   SUNSET   719 PM HST
JULY 29 2015..........SUNRISE   609 AM HST   SUNSET   719 PM HST


-  INDICATES NEGATIVE NUMBERS.
R  INDICATES RECORD WAS SET OR TIED.
MM INDICATES DATA IS MISSING.
T  INDICATES TRACE AMOUNT.




$$
