000
CDHW41 PHFO 221245
CLILIH


CLIMATE REPORT
NATIONAL WEATHER SERVICE HONOLULU HI
245 AM HST WED FEB 22 2017


...................................

...THE LIHUE HI CLIMATE SUMMARY FOR FEBRUARY 21 2017...

CLIMATE NORMAL PERIOD 1981 TO 2010
CLIMATE RECORD PERIOD 1946 TO 2017


WEATHER ITEM   OBSERVED TIME   RECORD YEAR NORMAL DEPARTURE LAST
                VALUE   (LST)  VALUE       VALUE  FROM      YEAR
                                                  NORMAL
..................................................................
TEMPERATURE (F)
 YESTERDAY
  MAXIMUM         78    220 PM  84    1988  78      0       81
                                      1983
                                      1980
  MINIMUM         70    644 AM  53    1962  66      4       63
  AVERAGE         74                        72      2       72

PRECIPITATION (IN)
  YESTERDAY        0.00          1.80 2006   0.11  -0.11      T
  MONTH TO DATE    4.49                      2.32   2.17     0.84
  SINCE DEC 1      5.86                     11.27  -5.41     2.58
  SINCE JAN 1      4.69                      6.07  -1.38     1.16

SNOWFALL (IN)
  YESTERDAY        0.0
  MONTH TO DATE    0.0
  SINCE DEC 1      0.0
  SINCE JUL 1      0.0
  SNOW DEPTH       0

DEGREE DAYS
 HEATING
  YESTERDAY        0                         0      0        0
  MONTH TO DATE    0                         0      0        0
  SINCE DEC 1      0                         0      0        0
  SINCE JUL 1      0                         0      0        0

 COOLING
  YESTERDAY        9                         7      2        7
  MONTH TO DATE  156                       147      9      163
  SINCE DEC 1    670                       610     60      761
  SINCE JAN 1    400                       356     44      405
..................................................................


WIND (MPH)
  HIGHEST WIND SPEED    24   HIGHEST WIND DIRECTION    NE (60)
  HIGHEST GUST SPEED    30   HIGHEST GUST DIRECTION    NE (50)
  AVERAGE WIND SPEED    18.2


SKY COVER
  POSSIBLE SUNSHINE  MM
  AVERAGE SKY COVER 0.5


WEATHER CONDITIONS
 THE FOLLOWING WEATHER WAS RECORDED YESTERDAY.
  NO SIGNIFICANT WEATHER WAS OBSERVED.


RELATIVE HUMIDITY (PERCENT)
 HIGHEST    68           700 PM
 LOWEST     50           100 PM
 AVERAGE    59

..........................................................


THE LIHUE HI CLIMATE NORMALS FOR TODAY
                         NORMAL    RECORD    YEAR
 MAXIMUM TEMPERATURE (F)   78        84      1980
                                             1963
 MINIMUM TEMPERATURE (F)   66        52      1962


SUNRISE AND SUNSET
FEBRUARY 22 2017......SUNRISE   703 AM HST   SUNSET   638 PM HST
FEBRUARY 23 2017......SUNRISE   703 AM HST   SUNSET   639 PM HST


-  INDICATES NEGATIVE NUMBERS.
R  INDICATES RECORD WAS SET OR TIED.
MM INDICATES DATA IS MISSING.
T  INDICATES TRACE AMOUNT.




$$
