000
CDHW41 PHFO 181245
CLILIH


CLIMATE REPORT
NATIONAL WEATHER SERVICE HONOLULU HI
245 AM HST SAT NOV 18 2017


...................................

...THE LIHUE HI CLIMATE SUMMARY FOR NOVEMBER 17 2017...

CLIMATE NORMAL PERIOD 1981 TO 2010
CLIMATE RECORD PERIOD 1946 TO 2017


WEATHER ITEM   OBSERVED TIME   RECORD YEAR NORMAL DEPARTURE LAST
                VALUE   (LST)  VALUE       VALUE  FROM      YEAR
                                                  NORMAL
..................................................................
TEMPERATURE (F)
 YESTERDAY
  MAXIMUM         80    111 PM  87    1997  81     -1       84
  MINIMUM         66   1159 PM  64    1967  71     -5       72
                                      1950
  AVERAGE         73                        76     -3       78

PRECIPITATION (IN)
  YESTERDAY        0.03          3.23 1990   0.15  -0.12      T
  MONTH TO DATE    0.78                      2.58  -1.80     0.06
  SINCE SEP 1      4.12                      8.52  -4.40     1.15
  SINCE JAN 1     21.82                     29.97  -8.15    11.89

SNOWFALL (IN)
  YESTERDAY        0.0
  MONTH TO DATE    0.0
  SINCE SEP 1      0.0
  SINCE JUL 1      0.0
  SNOW DEPTH      MM

DEGREE DAYS
 HEATING
  YESTERDAY        0                         0      0        0
  MONTH TO DATE    0                         0      0        0
  SINCE SEP 1      0                         0      0        0
  SINCE JUL 1      0                         0      0        0

 COOLING
  YESTERDAY        8                        11     -3       13
  MONTH TO DATE  220                       194     26      202
  SINCE SEP 1   1126                      1035     91     1145
  SINCE JAN 1   3999                      3561    438     3804
..................................................................


WIND (MPH)
  HIGHEST WIND SPEED    18   HIGHEST WIND DIRECTION    NE (50)
  HIGHEST GUST SPEED    24   HIGHEST GUST DIRECTION    NE (50)
  AVERAGE WIND SPEED     9.2


SKY COVER
  POSSIBLE SUNSHINE  MM
  AVERAGE SKY COVER  MM


WEATHER CONDITIONS
 THE FOLLOWING WEATHER WAS RECORDED YESTERDAY.
  FOG


RELATIVE HUMIDITY (PERCENT)
 HIGHEST    MM
 LOWEST     MM
 AVERAGE    MM

..........................................................


THE LIHUE HI CLIMATE NORMALS FOR TODAY
                         NORMAL    RECORD    YEAR
 MAXIMUM TEMPERATURE (F)   81        85      1983
                                             1963
 MINIMUM TEMPERATURE (F)   71        63      1983


SUNRISE AND SUNSET
NOVEMBER 18 2017......SUNRISE   651 AM HST   SUNSET   554 PM HST
NOVEMBER 19 2017......SUNRISE   652 AM HST   SUNSET   554 PM HST


-  INDICATES NEGATIVE NUMBERS.
R  INDICATES RECORD WAS SET OR TIED.
MM INDICATES DATA IS MISSING.
T  INDICATES TRACE AMOUNT.




$$
