000
CDHW41 PHFO 270229
CLILIH


CLIMATE REPORT
NATIONAL WEATHER SERVICE HONOLULU HI
429 PM HST MON JAN 26 2015


...................................

...THE LIHUE HI CLIMATE SUMMARY FOR JANUARY 26 2015...
VALID TODAY AS OF 0400 PM LOCAL TIME.

CLIMATE NORMAL PERIOD 1981 TO 2010
CLIMATE RECORD PERIOD 1946 TO 2015


WEATHER ITEM   OBSERVED TIME   RECORD YEAR NORMAL DEPARTURE LAST
                VALUE   (LST)  VALUE       VALUE  FROM      YEAR
                                                  NORMAL
..................................................................
TEMPERATURE (F)
 TODAY
  MAXIMUM         78    248 PM  83    1962  78      0       78
  MINIMUM         68    255 AM  53    1969  65      3       68
  AVERAGE         73                        72      1       73

PRECIPITATION (IN)
  TODAY            T             1.48 1971   0.11  -0.11      T
  MONTH TO DATE    1.16                      3.17  -2.01     1.09
  SINCE DEC 1      2.56                      8.37  -5.81     6.37
  SINCE JAN 1      1.16                      3.17  -2.01     1.09

SNOWFALL (IN)
  TODAY            0.0
  MONTH TO DATE    0.0
  SINCE DEC 1      0.0
  SINCE JUL 1      0.0
  SNOW DEPTH       0

DEGREE DAYS
 HEATING
  TODAY            0                         0      0        0
  MONTH TO DATE    0                         0      0        0
  SINCE DEC 1      0                         0      0        0
  SINCE JUL 1      0                         0      0        0

 COOLING
  TODAY            8                         7      1        8
  MONTH TO DATE  174                       182     -8      170
  SINCE DEC 1    390                       436    -46      455
  SINCE JAN 1    174                       182     -8      170
..................................................................


WIND (MPH)
  HIGHEST WIND SPEED    22   HIGHEST WIND DIRECTION     E (70)
  HIGHEST GUST SPEED    25   HIGHEST GUST DIRECTION     E (80)
  AVERAGE WIND SPEED    14.1


SKY COVER
  POSSIBLE SUNSHINE  MM
  AVERAGE SKY COVER 1.0


WEATHER CONDITIONS
 THE FOLLOWING WEATHER WAS RECORDED TODAY.
  LIGHT RAIN


RELATIVE HUMIDITY (PERCENT)
 HIGHEST    76           300 AM
 LOWEST     54          1100 AM
 AVERAGE    65

..........................................................


THE LIHUE HI CLIMATE NORMALS FOR TOMORROW
                         NORMAL    RECORD    YEAR
 MAXIMUM TEMPERATURE (F)   78        83      1963
 MINIMUM TEMPERATURE (F)   65        56      1969


SUNRISE AND SUNSET
JANUARY 26 2015.......SUNRISE   717 AM HST   SUNSET   623 PM HST
JANUARY 27 2015.......SUNRISE   717 AM HST   SUNSET   623 PM HST


-  INDICATES NEGATIVE NUMBERS.
R  INDICATES RECORD WAS SET OR TIED.
MM INDICATES DATA IS MISSING.
T  INDICATES TRACE AMOUNT.




$$
