000
CDHW41 PHFO 301245
CLILIH


CLIMATE REPORT
NATIONAL WEATHER SERVICE HONOLULU HI
245 AM HST SAT MAY 30 2015


...................................

...THE LIHUE HI CLIMATE SUMMARY FOR MAY 29 2015...

CLIMATE NORMAL PERIOD 1981 TO 2010
CLIMATE RECORD PERIOD 1946 TO 2015


WEATHER ITEM   OBSERVED TIME   RECORD YEAR NORMAL DEPARTURE LAST
                VALUE   (LST)  VALUE       VALUE  FROM      YEAR
                                                  NORMAL
..................................................................
TEMPERATURE (F)
 YESTERDAY
  MAXIMUM         82    111 PM  86    2013  82      0       82
  MINIMUM         67    607 AM  65    1983  72     -5       73
                                      1978
  AVERAGE         75                        77     -2       78

PRECIPITATION (IN)
  YESTERDAY        T             0.47 1986   0.06  -0.06     0.02
  MONTH TO DATE    0.81                      1.98  -1.17     2.81
  SINCE MAR 1      3.93                      8.84  -4.91     5.39
  SINCE JAN 1      5.84                     15.75  -9.91    15.79

SNOWFALL (IN)
  YESTERDAY        0.0
  MONTH TO DATE    0.0
  SINCE MAR 1      0.0
  SINCE JUL 1      0.0
  SNOW DEPTH       0

DEGREE DAYS
 HEATING
  YESTERDAY        0                         0      0        0
  MONTH TO DATE    0                         0      0        0
  SINCE MAR 1      0                         0      0        0
  SINCE JUL 1      0                         0      0        0

 COOLING
  YESTERDAY       10                        12     -2       13
  MONTH TO DATE  338                       312     26      318
  SINCE MAR 1    943                       821    122      818
  SINCE JAN 1   1399                      1216    183     1194
..................................................................


WIND (MPH)
  HIGHEST WIND SPEED    17   HIGHEST WIND DIRECTION    NE (60)
  HIGHEST GUST SPEED    22   HIGHEST GUST DIRECTION    NE (60)
  AVERAGE WIND SPEED    10.3


SKY COVER
  POSSIBLE SUNSHINE  MM
  AVERAGE SKY COVER 0.5


WEATHER CONDITIONS
 THE FOLLOWING WEATHER WAS RECORDED YESTERDAY.
  LIGHT RAIN


RELATIVE HUMIDITY (PERCENT)
 HIGHEST    87           500 AM
 LOWEST     58           900 AM
 AVERAGE    73

..........................................................


THE LIHUE HI CLIMATE NORMALS FOR TODAY
                         NORMAL    RECORD    YEAR
 MAXIMUM TEMPERATURE (F)   82        85      2001
                                             1996
                                             1969
 MINIMUM TEMPERATURE (F)   72        65      1957


SUNRISE AND SUNSET
MAY 30 2015...........SUNRISE   554 AM HST   SUNSET   716 PM HST
MAY 31 2015...........SUNRISE   554 AM HST   SUNSET   717 PM HST


-  INDICATES NEGATIVE NUMBERS.
R  INDICATES RECORD WAS SET OR TIED.
MM INDICATES DATA IS MISSING.
T  INDICATES TRACE AMOUNT.




$$
