000
CDUS44 KLZK 182308
CLILIT


CLIMATE REPORT
NATIONAL WEATHER SERVICE LITTLE ROCK AR
508 PM CST THU DEC 18 2014


...................................

...THE LITTLE ROCK ADAMS FIELD CLIMATE SUMMARY FOR DECEMBER 18 2014...
VALID TODAY AS OF 0500 PM LOCAL TIME.

CLIMATE NORMAL PERIOD 1981 TO 2010
CLIMATE RECORD PERIOD 1874 TO 2014


WEATHER ITEM   OBSERVED TIME   RECORD YEAR NORMAL DEPARTURE LAST
                VALUE   (LST)  VALUE       VALUE  FROM      YEAR
                                                  NORMAL
..................................................................
TEMPERATURE (F)
 TODAY
  MAXIMUM         44    341 PM  73    1924  51     -7       65
  MINIMUM         37    103 AM  12    1932  33      4       32
                                      1901
  AVERAGE         41                        42     -1       49

PRECIPITATION (IN)
  TODAY            0.09          0.94 2002   0.16  -0.07     0.00
  MONTH TO DATE    1.91                      3.06  -1.15     2.22
  SINCE DEC 1      1.91                      3.06  -1.15     2.22
  SINCE JAN 1     46.88                     47.84  -0.96    48.06

SNOWFALL (IN)
  TODAY            0.0           0.8  1909   0.0    0.0      0.0
  MONTH TO DATE    0.0                       0.0    0.0      1.2
  SINCE DEC 1      0.0                       0.0    0.0      1.2
  SINCE JUL 1      0.1                       T      0.1      1.2
  SNOW DEPTH       0

DEGREE DAYS
 HEATING
  TODAY           24                        23      1       16
  MONTH TO DATE  321                       375    -54      411
  SINCE DEC 1    321                       375    -54      411
  SINCE JUL 1    892                       889      3      995

 COOLING
  TODAY            0                         0      0        0
  MONTH TO DATE    0                         0      0        2
  SINCE DEC 1      0                         0      0        2
  SINCE JAN 1   2050                      2204   -154     2204
..................................................................


WIND (MPH)
  HIGHEST WIND SPEED    12   HIGHEST WIND DIRECTION     E (90)
  HIGHEST GUST SPEED    14   HIGHEST GUST DIRECTION     E (90)
  AVERAGE WIND SPEED     4.8


SKY COVER
  POSSIBLE SUNSHINE  MM
  AVERAGE SKY COVER 0.9


WEATHER CONDITIONS
 THE FOLLOWING WEATHER WAS RECORDED TODAY.
  RAIN
  LIGHT RAIN
  FOG
  HAZE


RELATIVE HUMIDITY (PERCENT)
 HIGHEST    92          1100 AM
 LOWEST     79           700 AM
 AVERAGE    86

..........................................................


THE LITTLE ROCK ADAMS FIELD CLIMATE NORMALS FOR TOMORROW
                         NORMAL    RECORD    YEAR
 MAXIMUM TEMPERATURE (F)   51        74      1978
 MINIMUM TEMPERATURE (F)   33        13      1945
                                             1929
                                             1901


SUNRISE AND SUNSET
DECEMBER 18 2014......SUNRISE   711 AM CST   SUNSET   501 PM CST
DECEMBER 19 2014......SUNRISE   711 AM CST   SUNSET   501 PM CST


-  INDICATES NEGATIVE NUMBERS.
R  INDICATES RECORD WAS SET OR TIED.
MM INDICATES DATA IS MISSING.
T  INDICATES TRACE AMOUNT.




$$
