000
CDUS44 KLZK 021010
CLILIT


CLIMATE REPORT
NATIONAL WEATHER SERVICE LITTLE ROCK AR
409 AM CST MON MAR 2 2015


...................................

...THE LITTLE ROCK ADAMS FIELD CLIMATE SUMMARY FOR MARCH 1 2015...

CLIMATE NORMAL PERIOD 1981 TO 2010
CLIMATE RECORD PERIOD 1874 TO 2015


WEATHER ITEM   OBSERVED TIME   RECORD YEAR NORMAL DEPARTURE LAST
                VALUE   (LST)  VALUE       VALUE  FROM      YEAR
                                                  NORMAL
..................................................................
TEMPERATURE (F)
 YESTERDAY
  MAXIMUM         42    818 PM  82    2006  59    -17       63
  MINIMUM         28   1221 AM  16    1890  39    -11       45
  AVERAGE         35                        49    -14       54

PRECIPITATION (IN)
  YESTERDAY        0.19          1.65 1948   0.14   0.05     0.00
  MONTH TO DATE    0.19                      0.14   0.05     0.00
  SINCE MAR 1      0.19                      0.14   0.05     0.00
  SINCE JAN 1      7.00                      7.35  -0.35     5.57

SNOWFALL (IN)
  YESTERDAY        0.0           3.0  1960   0.0    0.0      0.0
  MONTH TO DATE    0.0                       0.0    0.0      0.0
  SINCE MAR 1      0.0                       0.0    0.0      0.0
  SINCE JUL 1      5.4                       3.1    2.3      4.0
  SNOW DEPTH       0

DEGREE DAYS
 HEATING
  YESTERDAY       30                        16     14       11
  MONTH TO DATE   30                        16     14       11
  SINCE MAR 1     30                        16     14       11
  SINCE JUL 1   2676                      2529    147     2784

 COOLING
  YESTERDAY        0                         0      0        0
  MONTH TO DATE    0                         0      0        0
  SINCE MAR 1      0                         0      0        0
  SINCE JAN 1      0                         2     -2        0
..................................................................


WIND (MPH)
  HIGHEST WIND SPEED    12   HIGHEST WIND DIRECTION     N (10)
  HIGHEST GUST SPEED    14   HIGHEST GUST DIRECTION     N (10)
  AVERAGE WIND SPEED     5.3


SKY COVER
  POSSIBLE SUNSHINE  MM
  AVERAGE SKY COVER 0.8


WEATHER CONDITIONS
 THE FOLLOWING WEATHER WAS RECORDED YESTERDAY.
  LIGHT RAIN
  LT FREEZING RAIN
  FOG


RELATIVE HUMIDITY (PERCENT)
 HIGHEST    92          1100 AM
 LOWEST     75           400 AM
 AVERAGE    84

..........................................................


THE LITTLE ROCK ADAMS FIELD CLIMATE NORMALS FOR TODAY
                         NORMAL    RECORD    YEAR
 MAXIMUM TEMPERATURE (F)   59        83      2012
                                             1904
 MINIMUM TEMPERATURE (F)   39        15      1943


SUNRISE AND SUNSET
MARCH  2 2015.........SUNRISE   637 AM CST   SUNSET   605 PM CST
MARCH  3 2015.........SUNRISE   636 AM CST   SUNSET   606 PM CST


-  INDICATES NEGATIVE NUMBERS.
R  INDICATES RECORD WAS SET OR TIED.
MM INDICATES DATA IS MISSING.
T  INDICATES TRACE AMOUNT.




$$
