000
CDUS45 KPIH 300736
CLILLJ


CLIMATE REPORT
NATIONAL WEATHER SERVICE POCATELLO ID
134 AM MDT SUN AUG 30 2015


...................................

...THE CHALLIS ID CLIMATE SUMMARY FOR AUGUST 29 2015...

CLIMATE NORMAL PERIOD 1981 TO 2010
CLIMATE RECORD PERIOD 1898 TO 2015


WEATHER ITEM   OBSERVED TIME   RECORD YEAR NORMAL DEPARTURE LAST
                VALUE   (LST)  VALUE       VALUE  FROM      YEAR
                                                  NORMAL
..................................................................
TEMPERATURE (F)
 YESTERDAY
  MAXIMUM         91    153 PM  94    1948  81     10       87
  MINIMUM         57    641 AM  28    1927  44     13       47
  AVERAGE         74                        62     12       67

PRECIPITATION (IN)
  YESTERDAY        T             0.34 1934   0.03  -0.03     0.00
  MONTH TO DATE    0.46                      0.74  -0.28     1.59
  SINCE OCT 1      5.74                      9.27  -3.53     5.44
  SINCE JAN 1      3.95                      7.34  -3.39     4.71

SNOWFALL (IN)
  YESTERDAY       MM
  MONTH TO DATE   MM
  SINCE JUN 1     MM
  SINCE JUL 1     MM
  SNOW DEPTH      MM

DEGREE DAYS
 HEATING
  YESTERDAY        0                         4     -4        0
  MONTH TO DATE   27                        44    -17       62
  SINCE JUN 1    107                       230   -123      229
  SINCE JUL 1     60                        65     -5       63

 COOLING
  YESTERDAY        9                         1      8        2
  MONTH TO DATE  105                        83     22       70
  SINCE JUN 1    304                       237     67      305
  SINCE JAN 1    307                       239     68      305
..................................................................


WIND (MPH)
  HIGHEST WIND SPEED    26   HIGHEST WIND DIRECTION     S (190)
  HIGHEST GUST SPEED    37   HIGHEST GUST DIRECTION    SW (210)
  AVERAGE WIND SPEED     7.8


SKY COVER
  POSSIBLE SUNSHINE  MM
  AVERAGE SKY COVER 0.2


WEATHER CONDITIONS
 THE FOLLOWING WEATHER WAS RECORDED YESTERDAY.
  HAZE


RELATIVE HUMIDITY (PERCENT)
 HIGHEST    52           400 AM
 LOWEST     14           600 PM
 AVERAGE    33

..........................................................


THE CHALLIS ID CLIMATE NORMALS FOR TODAY
                         NORMAL    RECORD    YEAR
 MAXIMUM TEMPERATURE (F)   80        92      1955
 MINIMUM TEMPERATURE (F)   44        20      1927


SUNRISE AND SUNSET
AUGUST 30 2015........SUNRISE   657 AM MDT   SUNSET   817 PM MDT
AUGUST 31 2015........SUNRISE   658 AM MDT   SUNSET   815 PM MDT


-  INDICATES NEGATIVE NUMBERS.
R  INDICATES RECORD WAS SET OR TIED.
MM INDICATES DATA IS MISSING.
T  INDICATES TRACE AMOUNT.




$$
