000
CDUS45 KPIH 290744
CLILLJ


CLIMATE REPORT
NATIONAL WEATHER SERVICE POCATELLO ID
1234 AM MST THU JAN 29 2015


...................................

...THE CHALLIS ID CLIMATE SUMMARY FOR JANUARY 28 2015...

CLIMATE NORMAL PERIOD 1981 TO 2010
CLIMATE RECORD PERIOD 1898 TO 2015


WEATHER ITEM   OBSERVED TIME   RECORD YEAR NORMAL DEPARTURE LAST
                VALUE   (LST)  VALUE       VALUE  FROM      YEAR
                                                  NORMAL
..................................................................
TEMPERATURE (F)
 YESTERDAY
  MAXIMUM         39    425 PM  55    1987  31      8       31
  MINIMUM         29    918 AM -19    1980  10     19        6
  AVERAGE         34                        20     14       19

PRECIPITATION (IN)
  YESTERDAY        0.01          0.18 1987   0.01   0.00     0.00
  MONTH TO DATE    0.12                      0.47  -0.35     0.15
  SINCE OCT 1      1.91                      2.40  -0.49     0.88
  SINCE JAN 1      0.12                      0.47  -0.35     0.15

SNOWFALL (IN)
  YESTERDAY       MM
  MONTH TO DATE   MM
  SINCE DEC 1     MM
  SINCE JUL 1     MM
  SNOW DEPTH      MM

DEGREE DAYS
 HEATING
  YESTERDAY       31                        45    -14       46
  MONTH TO DATE 1118                      1294   -176     1095
  SINCE DEC 1   2360                      2747   -387     2625
  SINCE JUL 1   4194                      4790   -596     4551

 COOLING
  YESTERDAY        0                         0      0        0
  MONTH TO DATE    0                         0      0        0
  SINCE DEC 1      0                         0      0        0
  SINCE JAN 1      0                         0      0        0
..................................................................


WIND (MPH)
  HIGHEST WIND SPEED     7   HIGHEST WIND DIRECTION     S (170)
  HIGHEST GUST SPEED     8   HIGHEST GUST DIRECTION     N (360)
  AVERAGE WIND SPEED     1.3


SKY COVER
  POSSIBLE SUNSHINE  MM
  AVERAGE SKY COVER 0.8


WEATHER CONDITIONS
 THE FOLLOWING WEATHER WAS RECORDED YESTERDAY.
  LIGHT RAIN
  FOG
  FOG W/VISIBILITY <= 1/4 MILE


RELATIVE HUMIDITY (PERCENT)
 HIGHEST   100           300 AM
 LOWEST     79           400 PM
 AVERAGE    90

..........................................................


THE CHALLIS ID CLIMATE NORMALS FOR TODAY
                         NORMAL    RECORD    YEAR
 MAXIMUM TEMPERATURE (F)   31        53      1954
 MINIMUM TEMPERATURE (F)   10       -27      1951


SUNRISE AND SUNSET
JANUARY 29 2015.......SUNRISE   759 AM MST   SUNSET   542 PM MST
JANUARY 30 2015.......SUNRISE   758 AM MST   SUNSET   543 PM MST


-  INDICATES NEGATIVE NUMBERS.
R  INDICATES RECORD WAS SET OR TIED.
MM INDICATES DATA IS MISSING.
T  INDICATES TRACE AMOUNT.




$$
