000
CDUS45 KPIH 020733
CLILLJ


CLIMATE REPORT
NATIONAL WEATHER SERVICE POCATELLO ID
131 AM MDT THU JUL 2 2015


...................................

...THE CHALLIS ID CLIMATE SUMMARY FOR JULY 1 2015...

CLIMATE NORMAL PERIOD 1981 TO 2010
CLIMATE RECORD PERIOD 1898 TO 2015


WEATHER ITEM   OBSERVED TIME   RECORD YEAR NORMAL DEPARTURE LAST
                VALUE   (LST)  VALUE       VALUE  FROM      YEAR
                                                  NORMAL
..................................................................
TEMPERATURE (F)
 YESTERDAY
  MAXIMUM         97R   439 PM  96    2001  81     16       88
                                      1967
  MINIMUM         58    533 AM  34    1935  49      9       44
  AVERAGE         78                        65     13       66

PRECIPITATION (IN)
  YESTERDAY        0.00          0.53 1926   0.04  -0.04     0.00
  MONTH TO DATE    0.00                      0.04  -0.04     0.00
  SINCE OCT 1      4.30                      7.74  -3.44     3.81
  SINCE JAN 1      2.51                      5.81  -3.30     3.08

SNOWFALL (IN)
  YESTERDAY       MM
  MONTH TO DATE   MM
  SINCE JUN 1     MM
  SINCE JUL 1     MM
  SNOW DEPTH      MM

DEGREE DAYS
 HEATING
  YESTERDAY        0                         2     -2        0
  MONTH TO DATE    0                         2     -2        0
  SINCE JUN 1     47                       167   -120      166
  SINCE JUL 1      0                         2     -2        0

 COOLING
  YESTERDAY       13                         2     11        1
  MONTH TO DATE   13                         2     11        1
  SINCE JUN 1    122                        24     98        7
  SINCE JAN 1    125                        26     99        7
..................................................................


WIND (MPH)
  HIGHEST WIND SPEED    16   HIGHEST WIND DIRECTION    NW (330)
  HIGHEST GUST SPEED    22   HIGHEST GUST DIRECTION    NW (320)
  AVERAGE WIND SPEED     5.5


SKY COVER
  POSSIBLE SUNSHINE  MM
  AVERAGE SKY COVER 0.0


WEATHER CONDITIONS
 THE FOLLOWING WEATHER WAS RECORDED YESTERDAY.
  NO SIGNIFICANT WEATHER WAS OBSERVED.


RELATIVE HUMIDITY (PERCENT)
 HIGHEST    56           300 AM
 LOWEST      7           400 PM
 AVERAGE    32

..........................................................


THE CHALLIS ID CLIMATE NORMALS FOR TODAY
                         NORMAL    RECORD    YEAR
 MAXIMUM TEMPERATURE (F)   82       100      2013
 MINIMUM TEMPERATURE (F)   49        31      1955


SUNRISE AND SUNSET
JULY  2 2015..........SUNRISE   556 AM MDT   SUNSET   925 PM MDT
JULY  3 2015..........SUNRISE   557 AM MDT   SUNSET   925 PM MDT


-  INDICATES NEGATIVE NUMBERS.
R  INDICATES RECORD WAS SET OR TIED.
MM INDICATES DATA IS MISSING.
T  INDICATES TRACE AMOUNT.




$$
