000
CDUS45 KPIH 240730
CLILLJ


CLIMATE REPORT
NATIONAL WEATHER SERVICE POCATELLO ID
130 AM MDT TUE OCT 24 2017


...................................

...THE CHALLIS ID CLIMATE SUMMARY FOR OCTOBER 23 2017...

CLIMATE NORMAL PERIOD 1981 TO 2010
CLIMATE RECORD PERIOD 1898 TO 2017


WEATHER ITEM   OBSERVED TIME   RECORD YEAR NORMAL DEPARTURE LAST
                VALUE   (LST)  VALUE       VALUE  FROM      YEAR
                                                  NORMAL
..................................................................
TEMPERATURE (F)
 YESTERDAY
  MAXIMUM         58    412 PM  71    1944  55      3       63
  MINIMUM         28    637 AM  11    1935  28      0       30
  AVERAGE         43                        42      1       47

PRECIPITATION (IN)
  YESTERDAY        0.00          0.25 2004   0.03  -0.03     0.00
  MONTH TO DATE    0.28                      0.47  -0.19     1.01
  SINCE OCT 1      0.28                      0.47  -0.19     1.01
  SINCE JAN 1      7.36                      8.60  -1.24     4.99

SNOWFALL (IN)
  YESTERDAY       MM
  MONTH TO DATE   MM
  SINCE SEP 1     MM
  SINCE JUL 1     MM
  SNOW DEPTH      MM

DEGREE DAYS
 HEATING
  YESTERDAY       22                        24     -2       18
  MONTH TO DATE  526                       442     84      446
  SINCE SEP 1    833                       718    115      718
  SINCE JUL 1    837                       791     46      780

 COOLING
  YESTERDAY        0                         0      0        0
  MONTH TO DATE    0                         0      0        0
  SINCE SEP 1     37                         6     31        4
  SINCE JAN 1    378                       248    130      277
..................................................................


WIND (MPH)
  HIGHEST WIND SPEED     8   HIGHEST WIND DIRECTION     W (290)
  HIGHEST GUST SPEED     9   HIGHEST GUST DIRECTION    NW (330)
  AVERAGE WIND SPEED     2.0


SKY COVER
  POSSIBLE SUNSHINE  MM
  AVERAGE SKY COVER 0.0


WEATHER CONDITIONS
 THE FOLLOWING WEATHER WAS RECORDED YESTERDAY.
  NO SIGNIFICANT WEATHER WAS OBSERVED.


RELATIVE HUMIDITY (PERCENT)
 HIGHEST    85           600 AM
 LOWEST     23           300 PM
 AVERAGE    54

..........................................................


THE CHALLIS ID CLIMATE NORMALS FOR TODAY
                         NORMAL    RECORD    YEAR
 MAXIMUM TEMPERATURE (F)   55        72      1978
 MINIMUM TEMPERATURE (F)   27        13      2012


SUNRISE AND SUNSET
OCTOBER 24 2017.......SUNRISE   804 AM MDT   SUNSET   637 PM MDT
OCTOBER 25 2017.......SUNRISE   805 AM MDT   SUNSET   636 PM MDT


-  INDICATES NEGATIVE NUMBERS.
R  INDICATES RECORD WAS SET OR TIED.
MM INDICATES DATA IS MISSING.
T  INDICATES TRACE AMOUNT.




$$
