000
CDUS45 KPIH 090740
CLILLJ


CLIMATE REPORT
NATIONAL WEATHER SERVICE POCATELLO ID
1237 AM MST FRI DEC 9 2016


...................................

...THE CHALLIS ID CLIMATE SUMMARY FOR DECEMBER 8 2016...

CLIMATE NORMAL PERIOD 1981 TO 2010
CLIMATE RECORD PERIOD 1898 TO 2016


WEATHER ITEM   OBSERVED TIME   RECORD YEAR NORMAL DEPARTURE LAST
                VALUE   (LST)  VALUE       VALUE  FROM      YEAR
                                                  NORMAL
..................................................................
TEMPERATURE (F)
 YESTERDAY
  MAXIMUM         12   1159 PM  55    1939  28    -16       50
  MINIMUM         -2    729 AM -22    2005  10    -12       34
  AVERAGE          5                        19    -14       42

PRECIPITATION (IN)
  YESTERDAY        0.07          0.16 1983   0.02   0.05     0.00
  MONTH TO DATE    0.10                      0.20  -0.10     0.02
  SINCE OCT 1      2.18                      1.39   0.79     1.53
  SINCE JAN 1      6.16                      9.52  -3.36     6.41

SNOWFALL (IN)
  YESTERDAY       MM
  MONTH TO DATE   MM
  SINCE DEC 1     MM
  SINCE JUL 1     MM
  SNOW DEPTH      MM

DEGREE DAYS
 HEATING
  YESTERDAY       60                        46     14       23
  MONTH TO DATE  370                       355     15      333
  SINCE DEC 1    370                       355     15      333
  SINCE JUL 1   2157                      2398   -241     2199

 COOLING
  YESTERDAY        0                         0      0        0
  MONTH TO DATE    0                         0      0        0
  SINCE DEC 1      0                         0      0        0
  SINCE JAN 1    277                       248     29      315
..................................................................


WIND (MPH)
  HIGHEST WIND SPEED     6   HIGHEST WIND DIRECTION     S (180)
  HIGHEST GUST SPEED     7   HIGHEST GUST DIRECTION    SE (140)
  AVERAGE WIND SPEED     0.7


SKY COVER
  POSSIBLE SUNSHINE  MM
  AVERAGE SKY COVER 0.5


WEATHER CONDITIONS
 THE FOLLOWING WEATHER WAS RECORDED YESTERDAY.
  LIGHT SNOW
  FOG
  HAZE


RELATIVE HUMIDITY (PERCENT)
 HIGHEST    92           500 PM
 LOWEST     66           300 PM
 AVERAGE    79

..........................................................


THE CHALLIS ID CLIMATE NORMALS FOR TODAY
                         NORMAL    RECORD    YEAR
 MAXIMUM TEMPERATURE (F)   28        57      1933
 MINIMUM TEMPERATURE (F)   10       -29      1919


SUNRISE AND SUNSET
DECEMBER  9 2016......SUNRISE   802 AM MST   SUNSET   457 PM MST
DECEMBER 10 2016......SUNRISE   803 AM MST   SUNSET   457 PM MST


-  INDICATES NEGATIVE NUMBERS.
R  INDICATES RECORD WAS SET OR TIED.
MM INDICATES DATA IS MISSING.
T  INDICATES TRACE AMOUNT.




$$
