000
CDUS45 KPIH 222324
CLILLJ


CLIMATE REPORT
NATIONAL WEATHER SERVICE POCATELLO ID
521 PM MDT MON MAY 22 2017


...................................

...THE CHALLIS ID CLIMATE SUMMARY FOR MAY 22 2017...
VALID TODAY AS OF 0500 PM LOCAL TIME.

CLIMATE NORMAL PERIOD 1981 TO 2010
CLIMATE RECORD PERIOD 1898 TO 2017


WEATHER ITEM   OBSERVED TIME   RECORD YEAR NORMAL DEPARTURE LAST
                VALUE   (LST)  VALUE       VALUE  FROM      YEAR
                                                  NORMAL
..................................................................
TEMPERATURE (F)
 TODAY
  MAXIMUM         76    357 PM  90    1967  68      8       56
  MINIMUM         38    503 AM  25    1916  40     -2       41
  AVERAGE         57                        54      3       49

PRECIPITATION (IN)
  TODAY            0.00          0.89 1933   0.05  -0.05      T
  MONTH TO DATE    1.14                      0.96   0.18     1.22
  SINCE OCT 1      7.80                      5.55   2.25     5.33
  SINCE JAN 1      4.39                      3.62   0.77     2.99

SNOWFALL (IN)
  TODAY           MM
  MONTH TO DATE   MM
  SINCE MAR 1     MM
  SINCE JUL 1     MM
  SNOW DEPTH      MM

DEGREE DAYS
 HEATING
  TODAY            8                        11     -3       16
  MONTH TO DATE  288                       314    -26      261
  SINCE MAR 1   1720                      1856   -136     1583
  SINCE JUL 1   8165                      7905    260     7518

 COOLING
  TODAY            0                         0      0        0
  MONTH TO DATE    0                         0      0        0
  SINCE MAR 1      0                         0      0        0
  SINCE JAN 1      0                         0      0        0
..................................................................


WIND (MPH)
  HIGHEST WIND SPEED    10   HIGHEST WIND DIRECTION     N (20)
  HIGHEST GUST SPEED    13   HIGHEST GUST DIRECTION     N (20)
  AVERAGE WIND SPEED     1.8


SKY COVER
  POSSIBLE SUNSHINE  MM
  AVERAGE SKY COVER 0.0


WEATHER CONDITIONS
 THE FOLLOWING WEATHER WAS RECORDED TODAY.
  NO SIGNIFICANT WEATHER WAS OBSERVED.


RELATIVE HUMIDITY (PERCENT)
 HIGHEST    79           400 AM
 LOWEST     19           200 PM
 AVERAGE    49

..........................................................


THE CHALLIS ID CLIMATE NORMALS FOR TOMORROW
                         NORMAL    RECORD    YEAR
 MAXIMUM TEMPERATURE (F)   68        87      1967
 MINIMUM TEMPERATURE (F)   40        20      1916


SUNRISE AND SUNSET
MAY 22 2017...........SUNRISE   602 AM MDT   SUNSET   906 PM MDT
MAY 23 2017...........SUNRISE   601 AM MDT   SUNSET   907 PM MDT


-  INDICATES NEGATIVE NUMBERS.
R  INDICATES RECORD WAS SET OR TIED.
MM INDICATES DATA IS MISSING.
T  INDICATES TRACE AMOUNT.




$$
