312
CDUS45 KPIH 110752
CLILLJ


CLIMATE REPORT
NATIONAL WEATHER SERVICE POCATELLO ID
1248 AM MST THU FEB 11 2016


...................................

...THE CHALLIS ID CLIMATE SUMMARY FOR FEBRUARY 10 2016...

CLIMATE NORMAL PERIOD 1981 TO 2010
CLIMATE RECORD PERIOD 1898 TO 2016


WEATHER ITEM   OBSERVED TIME   RECORD YEAR NORMAL DEPARTURE LAST
                VALUE   (LST)  VALUE       VALUE  FROM      YEAR
                                                  NORMAL
..................................................................
TEMPERATURE (F)
 YESTERDAY
  MAXIMUM         28    403 PM  57    1951  34     -6       49
  MINIMUM          4    909 AM -22    1933  12     -8       32
  AVERAGE         16                        23     -7       41

PRECIPITATION (IN)
  YESTERDAY        0.00          0.10 1978   0.02  -0.02     0.00
  MONTH TO DATE    T                         0.23  -0.23     0.45
  SINCE OCT 1      2.90                      2.67   0.23     2.36
  SINCE JAN 1      0.56                      0.74  -0.18     0.57

SNOWFALL (IN)
  YESTERDAY       MM
  MONTH TO DATE   MM
  SINCE DEC 1     MM
  SINCE JUL 1     MM
  SNOW DEPTH      MM

DEGREE DAYS
 HEATING
  YESTERDAY       49                        42      7       24
  MONTH TO DATE  503                       431     72      270
  SINCE DEC 1   3475                      3310    165     2741
  SINCE JUL 1   5341                      5353    -12     4575

 COOLING
  YESTERDAY        0                         0      0        0
  MONTH TO DATE    0                         0      0        0
  SINCE DEC 1      0                         0      0        0
  SINCE JAN 1      0                         0      0        0
..................................................................


WIND (MPH)
  HIGHEST WIND SPEED     7   HIGHEST WIND DIRECTION     S (170)
  HIGHEST GUST SPEED     8   HIGHEST GUST DIRECTION     S (180)
  AVERAGE WIND SPEED     1.4


SKY COVER
  POSSIBLE SUNSHINE  MM
  AVERAGE SKY COVER 0.6


WEATHER CONDITIONS
 THE FOLLOWING WEATHER WAS RECORDED YESTERDAY.
  FOG
  FOG W/VISIBILITY <= 1/4 MILE


RELATIVE HUMIDITY (PERCENT)
 HIGHEST    96           700 AM
 LOWEST     68           400 PM
 AVERAGE    82

..........................................................


THE CHALLIS ID CLIMATE NORMALS FOR TODAY
                         NORMAL    RECORD    YEAR
 MAXIMUM TEMPERATURE (F)   34        56      1990
 MINIMUM TEMPERATURE (F)   13       -20      1895


SUNRISE AND SUNSET
FEBRUARY 11 2016......SUNRISE   743 AM MST   SUNSET   600 PM MST
FEBRUARY 12 2016......SUNRISE   742 AM MST   SUNSET   601 PM MST


-  INDICATES NEGATIVE NUMBERS.
R  INDICATES RECORD WAS SET OR TIED.
MM INDICATES DATA IS MISSING.
T  INDICATES TRACE AMOUNT.




$$
