000
CDUS46 KMFR 280837
CLILMT


CLIMATE REPORT
NATIONAL WEATHER SERVICE MEDFORD, OR
137 AM PDT FRI AUG 28 2015


...................................

...THE KLAMATH FALLS OR CLIMATE SUMMARY FOR AUGUST 27 2015...

CLIMATE NORMAL PERIOD 1981 TO 2010
CLIMATE RECORD PERIOD 1928 TO 2015


WEATHER ITEM   OBSERVED TIME   RECORD YEAR NORMAL DEPARTURE LAST
                VALUE   (LST)  VALUE       VALUE  FROM      YEAR
                                                  NORMAL
..................................................................
TEMPERATURE (F)
 YESTERDAY
  MAXIMUM         86    454 PM  91    1998  81      5       90
  MINIMUM         45    550 AM  30    1960  45      0       47
  AVERAGE         66                        63      3       69

PRECIPITATION (IN)
  YESTERDAY        0.00          0.05 1971   0.01  -0.01     0.00
  MONTH TO DATE    0.42                      0.33   0.09     0.92
  SINCE OCT 1     12.82                     14.33  -1.51     8.14
  SINCE JAN 1      6.36                      9.64  -3.28     7.51

SNOWFALL (IN)
  YESTERDAY       MM                        MM     MM       MM
  MONTH TO DATE   MM                        MM     MM       MM
  SINCE JUL 1     MM                        MM     MM       MM
  SNOW DEPTH      MM

DEGREE DAYS
 HEATING
  YESTERDAY        0                         3     -3        0
  MONTH TO DATE   17                        52    -35       24
  SINCE JUN 1     87                       319   -232      209
  SINCE JUL 1     35                       102    -67       34

 COOLING
  YESTERDAY        1                         1      0        4
  MONTH TO DATE   65                        59      6       88
  SINCE JUN 1    284                       152    132      316
  SINCE JAN 1    287                       153    134      316
..................................................................


WIND (MPH)
  HIGHEST WIND SPEED    15   HIGHEST WIND DIRECTION     N (340)
  HIGHEST GUST SPEED    20   HIGHEST GUST DIRECTION     N (340)
  AVERAGE WIND SPEED     3.8


SKY COVER
  POSSIBLE SUNSHINE  MM
  AVERAGE SKY COVER 0.0


WEATHER CONDITIONS
 THE FOLLOWING WEATHER WAS RECORDED YESTERDAY.
  FOG
  HAZE


RELATIVE HUMIDITY (PERCENT)
 HIGHEST    86           400 AM
 LOWEST     18           500 PM

..........................................................


THE KLAMATH FALLS OR CLIMATE NORMALS FOR TODAY
                         NORMAL    RECORD    YEAR
 MAXIMUM TEMPERATURE (F)   81        94      1998
 MINIMUM TEMPERATURE (F)   44        37      1960


SUNRISE AND SUNSET
AUGUST 28 2015........SUNRISE   628 AM PDT   SUNSET   748 PM PDT
AUGUST 29 2015........SUNRISE   629 AM PDT   SUNSET   746 PM PDT


-  INDICATES NEGATIVE NUMBERS.
R  INDICATES RECORD WAS SET OR TIED.
MM INDICATES DATA IS MISSING.
T  INDICATES TRACE AMOUNT.




$$
