000
CDUS46 KMFR 230841
CLILMT


CLIMATE REPORT
NATIONAL WEATHER SERVICE MEDFORD, OR
1241 AM PST FRI FEB 23 2018


...................................

...THE KLAMATH FALLS OR CLIMATE SUMMARY FOR FEBRUARY 22 2018...

CLIMATE NORMAL PERIOD 1981 TO 2010
CLIMATE RECORD PERIOD 1928 TO 2018


WEATHER ITEM   OBSERVED TIME   RECORD YEAR NORMAL DEPARTURE LAST
                VALUE   (LST)  VALUE       VALUE  FROM      YEAR
                                                  NORMAL
..................................................................
TEMPERATURE (F)
 YESTERDAY
  MAXIMUM         34    224 PM  67    1995  47    -13       35
  MINIMUM         21   1123 PM  13    2007  25     -4       27
  AVERAGE         28                        36     -8       31

PRECIPITATION (IN)
  YESTERDAY        0.04          0.51 2007   0.07  -0.03     0.05
  MONTH TO DATE    0.13                      1.52  -1.39     1.84
  SINCE OCT 1      3.04                      8.06  -5.02     7.94
  SINCE JAN 1      0.79                      3.37  -2.58     3.19

SNOWFALL (IN)
  YESTERDAY       MM                        MM     MM       MM
  MONTH TO DATE   MM                        MM     MM       MM
  SINCE JUL 1     MM                        MM     MM       MM
  SNOW DEPTH      MM

DEGREE DAYS
 HEATING
  YESTERDAY       37                        29      8       34
  MONTH TO DATE  680                       688     -8      577
  SINCE DEC 1   2614                      2866   -252     2957
  SINCE JUL 1   4200                      4668   -468     4617

 COOLING
  YESTERDAY        0                         0      0        0
  MONTH TO DATE    0                         0      0        0
  SINCE DEC 1      0                         0      0        0
  SINCE JAN 1      0                         0      0        0
..................................................................


WIND (MPH)
  HIGHEST WIND SPEED    23   HIGHEST WIND DIRECTION    NW (310)
  HIGHEST GUST SPEED    28   HIGHEST GUST DIRECTION    NW (310)
  AVERAGE WIND SPEED    11.4


SKY COVER
  POSSIBLE SUNSHINE  MM
  AVERAGE SKY COVER 0.7


WEATHER CONDITIONS
 THE FOLLOWING WEATHER WAS RECORDED YESTERDAY.
  LIGHT SNOW
  FOG
  HAZE


RELATIVE HUMIDITY (PERCENT)
 HIGHEST    96           600 AM
 LOWEST     51           300 PM

..........................................................


THE KLAMATH FALLS OR CLIMATE NORMALS FOR TODAY
                         NORMAL    RECORD    YEAR
 MAXIMUM TEMPERATURE (F)   47        70      1995
 MINIMUM TEMPERATURE (F)   25         8      1974


SUNRISE AND SUNSET
FEBRUARY 23 2018......SUNRISE   651 AM PST   SUNSET   550 PM PST
FEBRUARY 24 2018......SUNRISE   650 AM PST   SUNSET   551 PM PST


-  INDICATES NEGATIVE NUMBERS.
R  INDICATES RECORD WAS SET OR TIED.
MM INDICATES DATA IS MISSING.
T  INDICATES TRACE AMOUNT.




$$
