000
CDUS46 KMFR 250835
CLILMT


CLIMATE REPORT
NATIONAL WEATHER SERVICE MEDFORD, OR
135 AM PDT SUN SEP 25 2016


...................................

...THE KLAMATH FALLS OR CLIMATE SUMMARY FOR SEPTEMBER 24 2016...

CLIMATE NORMAL PERIOD 1981 TO 2010
CLIMATE RECORD PERIOD 1928 TO 2016


WEATHER ITEM   OBSERVED TIME   RECORD YEAR NORMAL DEPARTURE LAST
                VALUE   (LST)  VALUE       VALUE  FROM      YEAR
                                                  NORMAL
..................................................................
TEMPERATURE (F)
 YESTERDAY
  MAXIMUM         71    455 PM  90    1994  73     -2       83
  MINIMUM         34    253 AM  25    2005  37     -3       39
                                      1970
  AVERAGE         53                        55     -2       61

PRECIPITATION (IN)
  YESTERDAY        0.00          0.37 1986   0.02  -0.02     0.00
  MONTH TO DATE    0.12                      0.46  -0.34     0.08
  SINCE OCT 1     11.76                     14.89  -3.13    12.90
  SINCE JAN 1      7.23                     10.20  -2.97     6.44

SNOWFALL (IN)
  YESTERDAY       MM                        MM     MM       MM
  MONTH TO DATE   MM                        MM     MM       MM
  SINCE JUL 1     MM                        MM     MM       MM
  SNOW DEPTH      MM

DEGREE DAYS
 HEATING
  YESTERDAY       12                        10      2        4
  MONTH TO DATE  236                       169     67      189
  SINCE SEP 1    236                       169     67      189
  SINCE JUL 1    343                       288     55      241

 COOLING
  YESTERDAY        0                         0      0        0
  MONTH TO DATE    0                         9     -9       16
  SINCE SEP 1      0                         9     -9       16
  SINCE JAN 1    215                       168     47      306
..................................................................


WIND (MPH)
  HIGHEST WIND SPEED     8   HIGHEST WIND DIRECTION     N (340)
  HIGHEST GUST SPEED    12   HIGHEST GUST DIRECTION     E (90)
  AVERAGE WIND SPEED     2.1


SKY COVER
  POSSIBLE SUNSHINE  MM
  AVERAGE SKY COVER 0.5


WEATHER CONDITIONS
 THE FOLLOWING WEATHER WAS RECORDED YESTERDAY.
  FOG
  FOG W/VISIBILITY <= 1/4 MILE


RELATIVE HUMIDITY (PERCENT)
 HIGHEST   100           300 AM
 LOWEST     24           500 PM

..........................................................


THE KLAMATH FALLS OR CLIMATE NORMALS FOR TODAY
                         NORMAL    RECORD    YEAR
 MAXIMUM TEMPERATURE (F)   73        90      2009
                                             1952
 MINIMUM TEMPERATURE (F)   36        25      1972


SUNRISE AND SUNSET
SEPTEMBER 25 2016.....SUNRISE   658 AM PDT   SUNSET   658 PM PDT
SEPTEMBER 26 2016.....SUNRISE   659 AM PDT   SUNSET   656 PM PDT


-  INDICATES NEGATIVE NUMBERS.
R  INDICATES RECORD WAS SET OR TIED.
MM INDICATES DATA IS MISSING.
T  INDICATES TRACE AMOUNT.




$$
