000
CDUS46 KMFR 290853
CLILMT


CLIMATE REPORT
NATIONAL WEATHER SERVICE MEDFORD, OR
150 AM PDT FRI AUG 29 2014


...................................

...THE KLAMATH FALLS OR CLIMATE SUMMARY FOR AUGUST 28 2014...

CLIMATE NORMAL PERIOD 1981 TO 2010
CLIMATE RECORD PERIOD 1928 TO 2014


WEATHER ITEM   OBSERVED TIME   RECORD YEAR NORMAL DEPARTURE LAST
                VALUE   (LST)  VALUE       VALUE  FROM      YEAR
                                                  NORMAL
..................................................................
TEMPERATURE (F)
 YESTERDAY
  MAXIMUM         87    322 PM  94    1998  81      6       83
  MINIMUM         49    602 AM  37    1960  44      5       41
  AVERAGE         68                        62      6       62

PRECIPITATION (IN)
  YESTERDAY        0.00          0.20 1979   0.02  -0.02     0.00
  MONTH TO DATE    0.92                      0.35   0.57     0.24
  SINCE SEP 1      8.25                     14.88  -6.63     8.45
  SINCE JAN 1      7.51                      9.66  -2.15     4.79

SNOWFALL (IN)
  YESTERDAY       MM                        MM     MM       MM
  MONTH TO DATE   MM                        MM     MM       MM
  SINCE JUL 1     MM                        MM     MM       MM
  SNOW DEPTH      MM

DEGREE DAYS
 HEATING
  YESTERDAY        0                         4     -4        3
  MONTH TO DATE   24                        56    -32       65
  SINCE JUN 1    209                       323   -114      244
  SINCE JUL 1     34                       106    -72       66

 COOLING
  YESTERDAY        3                         1      2        0
  MONTH TO DATE   91                        60     31       47
  SINCE JUN 1    319                       153    166      265
  SINCE JAN 1    319                       154    165      265
..................................................................


WIND (MPH)
  HIGHEST WIND SPEED    20   HIGHEST WIND DIRECTION     W (280)
  HIGHEST GUST SPEED    24   HIGHEST GUST DIRECTION     W (260)
  AVERAGE WIND SPEED     5.8


SKY COVER
  POSSIBLE SUNSHINE  MM
  AVERAGE SKY COVER 0.4


WEATHER CONDITIONS
 THE FOLLOWING WEATHER WAS RECORDED YESTERDAY.
  HAZE


RELATIVE HUMIDITY (PERCENT)
 HIGHEST    86           600 AM
 LOWEST     17           300 PM

..........................................................


THE KLAMATH FALLS OR CLIMATE NORMALS FOR TODAY
                         NORMAL    RECORD    YEAR
 MAXIMUM TEMPERATURE (F)   80        95      1996
 MINIMUM TEMPERATURE (F)   44        34      2010
                                             1964


SUNRISE AND SUNSET
AUGUST 29 2014........SUNRISE   629 AM PDT   SUNSET   745 PM PDT
AUGUST 30 2014........SUNRISE   630 AM PDT   SUNSET   744 PM PDT


-  INDICATES NEGATIVE NUMBERS.
R  INDICATES RECORD WAS SET OR TIED.
MM INDICATES DATA IS MISSING.
T  INDICATES TRACE AMOUNT.




$$
