000
CDUS46 KMFR 200837
CLILMT


CLIMATE REPORT
NATIONAL WEATHER SERVICE MEDFORD, OR
137 AM PDT SUN APR 20 2014


...................................

...THE KLAMATH FALLS OR CLIMATE SUMMARY FOR APRIL 19 2014...

CLIMATE NORMAL PERIOD 1981 TO 2010
CLIMATE RECORD PERIOD 1928 TO 2014


WEATHER ITEM   OBSERVED TIME   RECORD YEAR NORMAL DEPARTURE LAST
                VALUE   (LST)  VALUE       VALUE  FROM      YEAR
                                                  NORMAL
..................................................................
TEMPERATURE (F)
 YESTERDAY
  MAXIMUM         65    125 PM  78    1950  57      8       58
  MINIMUM         24    522 AM  18    1979  30     -6       34
  AVERAGE         45                        44      1       46

PRECIPITATION (IN)
  YESTERDAY        0.00          0.50 1981   0.05  -0.05      T
  MONTH TO DATE    0.08                      0.75  -0.67     1.05
  SINCE SEP 1      5.41                     11.01  -5.60     6.19
  SINCE JAN 1      4.67                      5.79  -1.12     2.53

SNOWFALL (IN)
  YESTERDAY       MM                        MM     MM       MM
  MONTH TO DATE   MM                        MM     MM       MM
  SINCE JUL 1      0.0                      MM     MM       MM
  SNOW DEPTH      MM

DEGREE DAYS
 HEATING
  YESTERDAY       20                        21     -1       19
  MONTH TO DATE  361                       443    -82      437
  SINCE MAR 1   1075                      1264   -189     1188
  SINCE JUL 1   5858                      6105   -247     5879

 COOLING
  YESTERDAY        0                         0      0        0
  MONTH TO DATE    0                         0      0        0
  SINCE MAR 1      0                         0      0        0
  SINCE JAN 1      0                         0      0        0
..................................................................


WIND (MPH)
  HIGHEST WIND SPEED    30   HIGHEST WIND DIRECTION    NW (300)
  HIGHEST GUST SPEED    38   HIGHEST GUST DIRECTION     W (250)
  AVERAGE WIND SPEED     8.2


SKY COVER
  POSSIBLE SUNSHINE  MM
  AVERAGE SKY COVER 0.0


WEATHER CONDITIONS
 THE FOLLOWING WEATHER WAS RECORDED YESTERDAY.
  FOG
  HAZE


RELATIVE HUMIDITY (PERCENT)
 HIGHEST   100           500 AM
 LOWEST     17           100 PM

..........................................................


THE KLAMATH FALLS OR CLIMATE NORMALS FOR TODAY
                         NORMAL    RECORD    YEAR
 MAXIMUM TEMPERATURE (F)   58        81      2009
 MINIMUM TEMPERATURE (F)   31        15      1970


SUNRISE AND SUNSET
APRIL 20 2014.........SUNRISE   618 AM PDT   SUNSET   754 PM PDT
APRIL 21 2014.........SUNRISE   617 AM PDT   SUNSET   755 PM PDT


-  INDICATES NEGATIVE NUMBERS.
R  INDICATES RECORD WAS SET OR TIED.
MM INDICATES DATA IS MISSING.
T  INDICATES TRACE AMOUNT.




$$
