000
CDUS46 KMFR 310035
CLILMT


CLIMATE REPORT
NATIONAL WEATHER SERVICE MEDFORD, OR
535 PM PDT SAT JUL 30 2016


...................................

...THE KLAMATH FALLS OR CLIMATE SUMMARY FOR JULY 30 2016...
VALID TODAY AS OF 0500 PM LOCAL TIME.

CLIMATE NORMAL PERIOD 1981 TO 2010
CLIMATE RECORD PERIOD 1928 TO 2016


WEATHER ITEM   OBSERVED TIME   RECORD YEAR NORMAL DEPARTURE LAST
                VALUE   (LST)  VALUE       VALUE  FROM      YEAR
                                                  NORMAL
..................................................................
TEMPERATURE (F)
 TODAY
  MAXIMUM         94    338 PM  98    2003  86      8       97
                                      1988
  MINIMUM         56    530 AM  35    1975  49      7       48
  AVERAGE         75                        67      8       73

PRECIPITATION (IN)
  TODAY            0.00          0.36 1985   0.01  -0.01     0.00
  MONTH TO DATE    0.42                      0.47  -0.05     0.52
  SINCE OCT 1     11.64                     13.99  -2.35    12.40
  SINCE JAN 1      7.11                      9.30  -2.19     5.94

SNOWFALL (IN)
  TODAY           MM                        MM     MM       MM
  MONTH TO DATE   MM                        MM     MM       MM
  SINCE JUL 1     MM                        MM     MM       MM
  SNOW DEPTH      MM

DEGREE DAYS
 HEATING
  TODAY            0                         1     -1        0
  MONTH TO DATE   72                        46     26       18
  SINCE JUN 1    240                       263    -23       70
  SINCE JUL 1     72                        46     26       18

 COOLING
  TODAY           10                         3      7        8
  MONTH TO DATE   73                        75     -2      117
  SINCE JUN 1    122                        86     36      208
  SINCE JAN 1    122                        87     35      211
..................................................................


WIND (MPH)
  HIGHEST WIND SPEED    20   HIGHEST WIND DIRECTION     W (270)
  HIGHEST GUST SPEED    26   HIGHEST GUST DIRECTION     W (290)
  AVERAGE WIND SPEED     4.9


SKY COVER
  POSSIBLE SUNSHINE  MM
  AVERAGE SKY COVER 0.0


WEATHER CONDITIONS
 THE FOLLOWING WEATHER WAS RECORDED TODAY.
  NO SIGNIFICANT WEATHER WAS OBSERVED.


RELATIVE HUMIDITY (PERCENT)
 HIGHEST    84           600 AM
 LOWEST     20           300 PM

..........................................................


THE KLAMATH FALLS OR CLIMATE NORMALS FOR TOMORROW
                         NORMAL    RECORD    YEAR
 MAXIMUM TEMPERATURE (F)   86        98      1977
 MINIMUM TEMPERATURE (F)   49        34      2001


SUNRISE AND SUNSET
JULY 30 2016..........SUNRISE   559 AM PDT   SUNSET   827 PM PDT
JULY 31 2016..........SUNRISE   600 AM PDT   SUNSET   826 PM PDT


-  INDICATES NEGATIVE NUMBERS.
R  INDICATES RECORD WAS SET OR TIED.
MM INDICATES DATA IS MISSING.
T  INDICATES TRACE AMOUNT.




$$
