340
CDUS46 KMFR 190840
CLILMT


CLIMATE REPORT
NATIONAL WEATHER SERVICE MEDFORD, OR
140 AM PDT SAT AUG 19 2017


...................................

...THE KLAMATH FALLS OR CLIMATE SUMMARY FOR AUGUST 18 2017...

CLIMATE NORMAL PERIOD 1981 TO 2010
CLIMATE RECORD PERIOD 1928 TO 2017


WEATHER ITEM   OBSERVED TIME   RECORD YEAR NORMAL DEPARTURE LAST
                VALUE   (LST)  VALUE       VALUE  FROM      YEAR
                                                  NORMAL
..................................................................
TEMPERATURE (F)
 YESTERDAY
  MAXIMUM         89    358 PM  96    2016  83      6       96
  MINIMUM         46    455 AM  34    1995  47     -1       54
  AVERAGE         68                        65      3       75

PRECIPITATION (IN)
  YESTERDAY        0.00          2.01 1941   0.01  -0.01     0.00
  MONTH TO DATE    0.27                      0.22   0.05     0.00
  SINCE OCT 1     12.51                     14.22  -1.71    11.64
  SINCE JAN 1      7.76                      9.53  -1.77     7.11

SNOWFALL (IN)
  YESTERDAY       MM                        MM     MM       MM
  MONTH TO DATE   MM                        MM     MM       MM
  SINCE JUL 1     MM                        MM     MM       MM
  SNOW DEPTH      MM

DEGREE DAYS
 HEATING
  YESTERDAY        0                         2     -2        0
  MONTH TO DATE    2                        29    -27       22
  SINCE JUN 1    170                       296   -126      262
  SINCE JUL 1      3                        79    -76       94

 COOLING
  YESTERDAY        3                         2      1       10
  MONTH TO DATE   96                        48     48       60
  SINCE JUN 1    304                       141    163      188
  SINCE JAN 1    307                       142    165      188
..................................................................


WIND (MPH)
  HIGHEST WIND SPEED    21   HIGHEST WIND DIRECTION    NW (320)
  HIGHEST GUST SPEED    24   HIGHEST GUST DIRECTION    NW (330)
  AVERAGE WIND SPEED     5.3


SKY COVER
  POSSIBLE SUNSHINE  MM
  AVERAGE SKY COVER 0.5


WEATHER CONDITIONS
 THE FOLLOWING WEATHER WAS RECORDED YESTERDAY.
  FOG
  HAZE


RELATIVE HUMIDITY (PERCENT)
 HIGHEST    93           300 AM
 LOWEST     13           200 PM

..........................................................


THE KLAMATH FALLS OR CLIMATE NORMALS FOR TODAY
                         NORMAL    RECORD    YEAR
 MAXIMUM TEMPERATURE (F)   83        96      2016
 MINIMUM TEMPERATURE (F)   46        37      1964


SUNRISE AND SUNSET
AUGUST 19 2017........SUNRISE   619 AM PDT   SUNSET   801 PM PDT
AUGUST 20 2017........SUNRISE   620 AM PDT   SUNSET   759 PM PDT


-  INDICATES NEGATIVE NUMBERS.
R  INDICATES RECORD WAS SET OR TIED.
MM INDICATES DATA IS MISSING.
T  INDICATES TRACE AMOUNT.




$$
