000
CDUS46 KMFR 050837
CLILMT


CLIMATE REPORT
NATIONAL WEATHER SERVICE MEDFORD, OR
136 AM PDT THU MAY 5 2016


...................................

...THE KLAMATH FALLS OR CLIMATE SUMMARY FOR MAY 4 2016...

CLIMATE NORMAL PERIOD 1981 TO 2010
CLIMATE RECORD PERIOD 1928 TO 2016


WEATHER ITEM   OBSERVED TIME   RECORD YEAR NORMAL DEPARTURE LAST
                VALUE   (LST)  VALUE       VALUE  FROM      YEAR
                                                  NORMAL
..................................................................
TEMPERATURE (F)
 YESTERDAY
  MAXIMUM         63    358 PM  84    1992  62      1       74
  MINIMUM         46    533 AM  22    2010  34     12       34
  AVERAGE         55                        48      7       54

PRECIPITATION (IN)
  YESTERDAY        0.08          0.56 1956   0.07   0.01     0.00
  MONTH TO DATE    0.10                      0.28  -0.18     0.00
  SINCE OCT 1      9.69                     11.38  -1.69    10.06
  SINCE JAN 1      5.16                      6.69  -1.53     3.60

SNOWFALL (IN)
  YESTERDAY       MM                        MM     MM       MM
  MONTH TO DATE   MM                        MM     MM       MM
  SINCE JUL 1     MM                        MM     MM       MM
  SNOW DEPTH      MM

DEGREE DAYS
 HEATING
  YESTERDAY       10                        17     -7       11
  MONTH TO DATE   41                        69    -28       41
  SINCE MAR 1   1266                      1547   -281     1331
  SINCE JUL 1   5756                      6388   -632     4905

 COOLING
  YESTERDAY        0                         0      0        0
  MONTH TO DATE    0                         0      0        0
  SINCE MAR 1      0                         0      0        0
  SINCE JAN 1      0                         0      0        0
..................................................................


WIND (MPH)
  HIGHEST WIND SPEED    31   HIGHEST WIND DIRECTION     S (170)
  HIGHEST GUST SPEED    42   HIGHEST GUST DIRECTION     S (170)
  AVERAGE WIND SPEED     3.2


SKY COVER
  POSSIBLE SUNSHINE  MM
  AVERAGE SKY COVER 0.3


WEATHER CONDITIONS
 THE FOLLOWING WEATHER WAS RECORDED YESTERDAY.
  THUNDERSTORM
  RAIN
  LIGHT RAIN


RELATIVE HUMIDITY (PERCENT)
 HIGHEST    93           200 AM
 LOWEST     48           400 PM

..........................................................


THE KLAMATH FALLS OR CLIMATE NORMALS FOR TODAY
                         NORMAL    RECORD    YEAR
 MAXIMUM TEMPERATURE (F)   62        86      1992
 MINIMUM TEMPERATURE (F)   35        23      2012
                                             2007
                                             1999


SUNRISE AND SUNSET
MAY  5 2016...........SUNRISE   557 AM PDT   SUNSET   811 PM PDT
MAY  6 2016...........SUNRISE   555 AM PDT   SUNSET   812 PM PDT


-  INDICATES NEGATIVE NUMBERS.
R  INDICATES RECORD WAS SET OR TIED.
MM INDICATES DATA IS MISSING.
T  INDICATES TRACE AMOUNT.




$$
