000
CDUS45 KRIW 210739
CLILND


CLIMATE REPORT
NATIONAL WEATHER SERVICE RIVERTON WY
132 AM MDT TUE OCT 21 2014


...................................

...THE LANDER WY CLIMATE SUMMARY FOR OCTOBER 20 2014...

CLIMATE NORMAL PERIOD 1981 TO 2010
CLIMATE RECORD PERIOD 1891 TO 2014


WEATHER ITEM   OBSERVED TIME   RECORD YEAR NORMAL DEPARTURE LAST
                VALUE   (LST)  VALUE       VALUE  FROM      YEAR
                                                  NORMAL
..................................................................
TEMPERATURE (F)
 YESTERDAY
  MAXIMUM         71    357 PM  81    1921  57     14       48
  MINIMUM         38    727 AM   5    1932  31      7       33
  AVERAGE         55                        44     11       41

PRECIPITATION (IN)
  YESTERDAY        0.00          1.07 1906   0.04  -0.04     0.04
  MONTH TO DATE    0.50                      0.88  -0.38     2.28
  SINCE SEP 1      2.29                      1.93   0.36     6.06
  SINCE JAN 1      9.31                     10.81  -1.50    13.92

SNOWFALL (IN)
  YESTERDAY        0.0                       0.4   -0.4       T
  MONTH TO DATE    T                         5.8   -5.8     14.9
  SINCE SEP 1      T                         8.5   -8.5     19.0
  SINCE JUL 1      T                         8.5   -8.5     19.0
  SNOW DEPTH       0

DEGREE DAYS
 HEATING
  YESTERDAY       10                        21    -11       24
  MONTH TO DATE  248                       346    -98      496
  SINCE SEP 1    401                       565   -164      688
  SINCE JUL 1    445                       605   -160      688

 COOLING
  YESTERDAY        0                         0      0        0
  MONTH TO DATE    0                         0      0        0
  SINCE SEP 1     39                        27     12       65
  SINCE JAN 1    445                       472    -27      743
..................................................................


WIND (MPH)
  HIGHEST WIND SPEED    21   HIGHEST WIND DIRECTION    SW (210)
  HIGHEST GUST SPEED    24   HIGHEST GUST DIRECTION    SW (210)
  AVERAGE WIND SPEED     4.5


SKY COVER
  POSSIBLE SUNSHINE  MM
  AVERAGE SKY COVER 0.0


WEATHER CONDITIONS
 THE FOLLOWING WEATHER WAS RECORDED YESTERDAY.
  HAZE


RELATIVE HUMIDITY (PERCENT)
 HIGHEST    70           300 AM
 LOWEST     20           400 PM
 AVERAGE    45

..........................................................


THE LANDER WY CLIMATE NORMALS FOR TODAY
                         NORMAL    RECORD    YEAR
 MAXIMUM TEMPERATURE (F)   57        82      2003
 MINIMUM TEMPERATURE (F)   31         6      1932


SUNRISE AND SUNSET
OCTOBER 21 2014.......SUNRISE   736 AM MDT   SUNSET   623 PM MDT
OCTOBER 22 2014.......SUNRISE   737 AM MDT   SUNSET   621 PM MDT


-  INDICATES NEGATIVE NUMBERS.
R  INDICATES RECORD WAS SET OR TIED.
MM INDICATES DATA IS MISSING.
T  INDICATES TRACE AMOUNT.




$$
