000
CDUS45 KRIW 260039
CLILND


CLIMATE REPORT
NATIONAL WEATHER SERVICE RIVERTON WY
535 PM MST SUN FEB 25 2018


...................................

...THE LANDER WY CLIMATE SUMMARY FOR FEBRUARY 25 2018...
VALID TODAY AS OF 0500 PM LOCAL TIME.

CLIMATE NORMAL PERIOD 1981 TO 2010
CLIMATE RECORD PERIOD 1891 TO 2018


WEATHER ITEM   OBSERVED TIME   RECORD YEAR NORMAL DEPARTURE LAST
                VALUE   (LST)  VALUE       VALUE  FROM      YEAR
                                                  NORMAL
..................................................................
TEMPERATURE (F)
 TODAY
  MAXIMUM         35        MM  64    1986  40     -5       23
  MINIMUM          8        MM -14    1935  17     -9       -2
  AVERAGE         22                        28     -6       11

PRECIPITATION (IN)
  TODAY            0.00          0.32 2011   0.02  -0.02     0.00
                                      1923
  MONTH TO DATE    0.94                      0.50   0.44     1.09
  SINCE DEC 1      2.85                      1.49   1.36     3.26
  SINCE JAN 1      1.62                      0.91   0.71     2.36

SNOWFALL (IN)
  TODAY            0.0                       0.4   -0.4      0.0
  MONTH TO DATE    9.3                       9.1    0.2     19.6
  SINCE DEC 1     39.2                      26.8   12.4     47.0
  SINCE JUL 1     47.2                      52.4   -5.2     61.0
  SNOW DEPTH      MM

DEGREE DAYS
 HEATING
  TODAY           43                        37      6       54
  MONTH TO DATE 1114                      1007    107      879
  SINCE DEC 1   3734                      3724     10     3998
  SINCE JUL 1   5334                      5597   -263     5554

 COOLING
  TODAY            0                         0      0        0
  MONTH TO DATE    0                         0      0        0
  SINCE DEC 1      0                         0      0        0
  SINCE JAN 1      0                         0      0        0
..................................................................


WIND (MPH)
  HIGHEST WIND SPEED    12   HIGHEST WIND DIRECTION    SW (230)
  HIGHEST GUST SPEED    MM   HIGHEST GUST DIRECTION    MM
  AVERAGE WIND SPEED     5.5


SKY COVER
  POSSIBLE SUNSHINE  MM
  AVERAGE SKY COVER 0.0


WEATHER CONDITIONS
 THE FOLLOWING WEATHER WAS RECORDED TODAY.
  NO SIGNIFICANT WEATHER WAS OBSERVED.


RELATIVE HUMIDITY (PERCENT)
 HIGHEST    61           100 AM
 LOWEST     39           300 PM
 AVERAGE    50

..........................................................


THE LANDER WY CLIMATE NORMALS FOR TOMORROW
                         NORMAL    RECORD    YEAR
 MAXIMUM TEMPERATURE (F)   40        62      1932
 MINIMUM TEMPERATURE (F)   17       -14      1935


SUNRISE AND SUNSET
FEBRUARY 25 2018......SUNRISE   657 AM MST   SUNSET   600 PM MST
FEBRUARY 26 2018......SUNRISE   655 AM MST   SUNSET   601 PM MST


-  INDICATES NEGATIVE NUMBERS.
R  INDICATES RECORD WAS SET OR TIED.
MM INDICATES DATA IS MISSING.
T  INDICATES TRACE AMOUNT.




$$
