000
CDUS45 KRIW 250737
CLILND


CLIMATE REPORT
NATIONAL WEATHER SERVICE RIVERTON WY
1236 AM MST SUN JAN 25 2015


...................................

...THE LANDER WY CLIMATE SUMMARY FOR JANUARY 24 2015...

CLIMATE NORMAL PERIOD 1981 TO 2010
CLIMATE RECORD PERIOD 1891 TO 2015


WEATHER ITEM   OBSERVED TIME   RECORD YEAR NORMAL DEPARTURE LAST
                VALUE   (LST)  VALUE       VALUE  FROM      YEAR
                                                  NORMAL
..................................................................
TEMPERATURE (F)
 YESTERDAY
  MAXIMUM         47    429 PM  55    1959  33     14       39
                                      1935
  MINIMUM         12    138 AM -31    1949  11      1        9
  AVERAGE         30                        22      8       24

PRECIPITATION (IN)
  YESTERDAY        0.00          0.53 1895   0.01  -0.01     0.00
  MONTH TO DATE    T                         0.32  -0.32     0.60
  SINCE DEC 1      1.82                      0.90   0.92     1.29
  SINCE JAN 1      T                         0.32  -0.32     0.60

SNOWFALL (IN)
  YESTERDAY        0.0                       0.3   -0.3      0.0
  MONTH TO DATE    0.3                       5.9   -5.6      8.7
  SINCE DEC 1     21.4                      16.0    5.4     21.8
  SINCE JUL 1     30.3                      41.6  -11.3     51.3
  SNOW DEPTH       1

DEGREE DAYS
 HEATING
  YESTERDAY       35                        43     -8       41
  MONTH TO DATE 1099                      1041     58      965
  SINCE DEC 1   2385                      2414    -29     2350
  SINCE JUL 1   3926                      4287   -361     4238

 COOLING
  YESTERDAY        0                         0      0        0
  MONTH TO DATE    0                         0      0        0
  SINCE DEC 1      0                         0      0        0
  SINCE JAN 1      0                         0      0        0
..................................................................


WIND (MPH)
  HIGHEST WIND SPEED    25   HIGHEST WIND DIRECTION    NW (320)
  HIGHEST GUST SPEED    33   HIGHEST GUST DIRECTION    NW (310)
  AVERAGE WIND SPEED     6.3


SKY COVER
  POSSIBLE SUNSHINE  MM
  AVERAGE SKY COVER 0.1


WEATHER CONDITIONS
 THE FOLLOWING WEATHER WAS RECORDED YESTERDAY.
  FOG
  FOG W/VISIBILITY <= 1/4 MILE


RELATIVE HUMIDITY (PERCENT)
 HIGHEST    91          1200 AM
 LOWEST     49           400 PM
 AVERAGE    70

..........................................................


THE LANDER WY CLIMATE NORMALS FOR TODAY
                         NORMAL    RECORD    YEAR
 MAXIMUM TEMPERATURE (F)   33        57      1951
                                             1912
 MINIMUM TEMPERATURE (F)   11       -31      1949


SUNRISE AND SUNSET
JANUARY 25 2015.......SUNRISE   736 AM MST   SUNSET   519 PM MST
JANUARY 26 2015.......SUNRISE   735 AM MST   SUNSET   520 PM MST


-  INDICATES NEGATIVE NUMBERS.
R  INDICATES RECORD WAS SET OR TIED.
MM INDICATES DATA IS MISSING.
T  INDICATES TRACE AMOUNT.




$$
