000
CDUS45 KRIW 300738
CLILND


CLIMATE REPORT
NATIONAL WEATHER SERVICE RIVERTON WY
138 AM MDT THU JUL 30 2015


...................................

...THE LANDER WY CLIMATE SUMMARY FOR JULY 29 2015...

CLIMATE NORMAL PERIOD 1981 TO 2010
CLIMATE RECORD PERIOD 1891 TO 2015


WEATHER ITEM   OBSERVED TIME   RECORD YEAR NORMAL DEPARTURE LAST
                VALUE   (LST)  VALUE       VALUE  FROM      YEAR
                                                  NORMAL
..................................................................
TEMPERATURE (F)
 YESTERDAY
  MAXIMUM         83    411 PM 101    2006  88     -5       74
  MINIMUM         45    529 AM  43    1909  57    -12       58
                                      1892
  AVERAGE         64                        72     -8       66

PRECIPITATION (IN)
  YESTERDAY        0.00          0.35 1985   0.04  -0.04     0.33
  MONTH TO DATE    0.50                      0.72  -0.22     0.61
  SINCE JUN 1      1.30                      1.99  -0.69     1.21
  SINCE JAN 1     11.82                      8.21   3.61     5.40

SNOWFALL (IN)
  YESTERDAY        0.0                       0.0    0.0      0.0
  MONTH TO DATE    0.0                       0.0    0.0      0.0
  SINCE JUN 1      0.0                       0.1   -0.1      0.0
  SINCE JUL 1      0.0                       0.0    0.0      0.0
  SNOW DEPTH       0

DEGREE DAYS
 HEATING
  YESTERDAY        1                         0      1        0
  MONTH TO DATE   18                        11      7        3
  SINCE JUN 1     49                       137    -88      139
  SINCE JUL 1     18                        11      7        3

 COOLING
  YESTERDAY        0                         8     -8        1
  MONTH TO DATE  122                       196    -74      239
  SINCE JUN 1    232                       260    -28      262
  SINCE JAN 1    232                       265    -33      280
..................................................................


WIND (MPH)
  HIGHEST WIND SPEED    17   HIGHEST WIND DIRECTION    SW (240)
  HIGHEST GUST SPEED    20   HIGHEST GUST DIRECTION     W (250)
  AVERAGE WIND SPEED     6.6


SKY COVER
  POSSIBLE SUNSHINE  MM
  AVERAGE SKY COVER 0.0


WEATHER CONDITIONS
 THE FOLLOWING WEATHER WAS RECORDED YESTERDAY.
  NO SIGNIFICANT WEATHER WAS OBSERVED.


RELATIVE HUMIDITY (PERCENT)
 HIGHEST    53           400 AM
 LOWEST     14           500 PM
 AVERAGE    34

..........................................................


THE LANDER WY CLIMATE NORMALS FOR TODAY
                         NORMAL    RECORD    YEAR
 MAXIMUM TEMPERATURE (F)   88        99      1988
 MINIMUM TEMPERATURE (F)   57        40      1904


SUNRISE AND SUNSET
JULY 30 2015..........SUNRISE   604 AM MDT   SUNSET   838 PM MDT
JULY 31 2015..........SUNRISE   605 AM MDT   SUNSET   837 PM MDT


-  INDICATES NEGATIVE NUMBERS.
R  INDICATES RECORD WAS SET OR TIED.
MM INDICATES DATA IS MISSING.
T  INDICATES TRACE AMOUNT.




$$
