000
CDUS45 KRIW 210034
CLILND


CLIMATE REPORT
NATIONAL WEATHER SERVICE RIVERTON WY
633 PM MDT THU JUL 20 2017


...................................

...THE LANDER WY CLIMATE SUMMARY FOR JULY 20 2017...
VALID TODAY AS OF 0500 PM LOCAL TIME.

CLIMATE NORMAL PERIOD 1981 TO 2010
CLIMATE RECORD PERIOD 1891 TO 2017


WEATHER ITEM   OBSERVED TIME   RECORD YEAR NORMAL DEPARTURE LAST
                VALUE   (LST)  VALUE       VALUE  FROM      YEAR
                                                  NORMAL
..................................................................
TEMPERATURE (F)
 TODAY
  MAXIMUM         95        MM  98    2005  88      7       95
                                      1960
  MINIMUM         61        MM  40    1902  57      4       63
                                      1900
  AVERAGE         78                        72      6       79

PRECIPITATION (IN)
  TODAY            T             0.96 1990   0.03  -0.03     0.00
  MONTH TO DATE    0.04                      0.45  -0.41      T
  SINCE JUN 1      0.30                      1.72  -1.42     0.57
  SINCE JAN 1     12.79                      7.94   4.85    15.72

DEGREE DAYS
 HEATING
  TODAY            0                         0      0        0
  MONTH TO DATE    0                        11    -11        4
  SINCE JUN 1     75                       137    -62       26
  SINCE JUL 1      0                        11    -11        4

 COOLING
  TODAY           13                         7      6       14
  MONTH TO DATE  173                       124     49      126
  SINCE JUN 1    216                       188     28      254
  SINCE JAN 1    216                       193     23      254
..................................................................


WIND (MPH)
  HIGHEST WIND SPEED    13   HIGHEST WIND DIRECTION     W (280)
  HIGHEST GUST SPEED    18   HIGHEST GUST DIRECTION    SW (210)
  AVERAGE WIND SPEED     5.6


SKY COVER
  POSSIBLE SUNSHINE  MM
  AVERAGE SKY COVER 0.0


WEATHER CONDITIONS
 THE FOLLOWING WEATHER WAS RECORDED TODAY.
  THUNDERSTORM


RELATIVE HUMIDITY (PERCENT)
 HIGHEST    78           600 AM
 LOWEST     19           300 PM
 AVERAGE    49

..........................................................


THE LANDER WY CLIMATE NORMALS FOR TOMORROW
                         NORMAL    RECORD    YEAR
 MAXIMUM TEMPERATURE (F)   88       100      1931
 MINIMUM TEMPERATURE (F)   57        40      1924


SUNRISE AND SUNSET
JULY 20 2017..........SUNRISE   555 AM MDT   SUNSET   847 PM MDT
JULY 21 2017..........SUNRISE   556 AM MDT   SUNSET   847 PM MDT


-  INDICATES NEGATIVE NUMBERS.
R  INDICATES RECORD WAS SET OR TIED.
MM INDICATES DATA IS MISSING.
T  INDICATES TRACE AMOUNT.




$$
