000
CDUS45 KRIW 220743
CLILND


CLIMATE REPORT
NATIONAL WEATHER SERVICE RIVERTON WY
1241 AM MST WED NOV 22 2017


...................................

...THE LANDER WY CLIMATE SUMMARY FOR NOVEMBER 21 2017...

CLIMATE NORMAL PERIOD 1981 TO 2010
CLIMATE RECORD PERIOD 1891 TO 2017


WEATHER ITEM   OBSERVED TIME   RECORD YEAR NORMAL DEPARTURE LAST
                VALUE   (LST)  VALUE       VALUE  FROM      YEAR
                                                  NORMAL
..................................................................
TEMPERATURE (F)
 YESTERDAY
  MAXIMUM         51    307 PM  63    2012  39     12       40
  MINIMUM         33    647 AM -14    1977  17     16       21
                                      1929
  AVERAGE         42                        28     14       31

PRECIPITATION (IN)
  YESTERDAY        T             0.78 1983   0.02  -0.02     0.10
  MONTH TO DATE    0.40                      0.63  -0.23     1.21
  SINCE SEP 1      1.73                      2.97  -1.24     3.87
  SINCE JAN 1     14.91                     11.85   3.06    20.11

SNOWFALL (IN)
  YESTERDAY        0.0                       0.4   -0.4      0.0
  MONTH TO DATE    3.5                       9.1   -5.6     13.5
  SINCE SEP 1      8.0                      21.6  -13.6     13.5
  SINCE JUL 1      8.0                      21.6  -13.6     13.5
  SNOW DEPTH       0

DEGREE DAYS
 HEATING
  YESTERDAY       23                        37    -14       34
  MONTH TO DATE  615                       657    -42      504
  SINCE SEP 1   1389                      1478    -89     1167
  SINCE JUL 1   1389                      1518   -129     1219

 COOLING
  YESTERDAY        0                         0      0        0
  MONTH TO DATE    0                         0      0        0
  SINCE SEP 1      0                        27    -27       34
  SINCE JAN 1    292                       472   -180      562
..................................................................


WIND (MPH)
  HIGHEST WIND SPEED    16   HIGHEST WIND DIRECTION    SW (240)
  HIGHEST GUST SPEED    19   HIGHEST GUST DIRECTION    SW (240)
  AVERAGE WIND SPEED     4.5


SKY COVER
  POSSIBLE SUNSHINE  MM
  AVERAGE SKY COVER 0.0


WEATHER CONDITIONS
 THE FOLLOWING WEATHER WAS RECORDED YESTERDAY.
  LIGHT RAIN


RELATIVE HUMIDITY (PERCENT)
 HIGHEST    82           700 AM
 LOWEST     46           300 PM
 AVERAGE    64

..........................................................


THE LANDER WY CLIMATE NORMALS FOR TODAY
                         NORMAL    RECORD    YEAR
 MAXIMUM TEMPERATURE (F)   39        64      2006
                                             1954
                                             1904
 MINIMUM TEMPERATURE (F)   16       -15      1929


SUNRISE AND SUNSET
NOVEMBER 22 2017......SUNRISE   716 AM MST   SUNSET   446 PM MST
NOVEMBER 23 2017......SUNRISE   717 AM MST   SUNSET   445 PM MST


-  INDICATES NEGATIVE NUMBERS.
R  INDICATES RECORD WAS SET OR TIED.
MM INDICATES DATA IS MISSING.
T  INDICATES TRACE AMOUNT.




$$
