000
CDUS45 KRIW 030029
CLILND


CLIMATE REPORT
NATIONAL WEATHER SERVICE RIVERTON WY
627 PM MDT THU JUL 2 2015


...................................

...THE LANDER WY CLIMATE SUMMARY FOR JULY 2 2015...
VALID TODAY AS OF 0500 PM LOCAL TIME.

CLIMATE NORMAL PERIOD 1981 TO 2010
CLIMATE RECORD PERIOD 1891 TO 2015


WEATHER ITEM   OBSERVED TIME   RECORD YEAR NORMAL DEPARTURE LAST
                VALUE   (LST)  VALUE       VALUE  FROM      YEAR
                                                  NORMAL
..................................................................
TEMPERATURE (F)
 TODAY
  MAXIMUM         85        MM  97    2007  84      1       86
                                      2001
  MINIMUM         60        MM  37    1908  53      7       49
  AVERAGE         73                        69      4       68

PRECIPITATION (IN)
  TODAY            0.00          0.44 2009   0.02  -0.02     0.00
  MONTH TO DATE    T                         0.04  -0.04     0.00
  SINCE JUN 1      0.80                      1.31  -0.51     0.60
  SINCE JAN 1     11.32                      7.53   3.79     4.79

DEGREE DAYS
 HEATING
  TODAY            0                         1     -1        0
  MONTH TO DATE    0                         2     -2        3
  SINCE JUN 1     31                       128    -97      139
  SINCE JUL 1      0                         2     -2        3

 COOLING
  TODAY            8                         5      3        3
  MONTH TO DATE   18                        10      8        3
  SINCE JUN 1    128                        74     54       26
  SINCE JAN 1    128                        79     49       44
..................................................................


WIND (MPH)
  HIGHEST WIND SPEED    15   HIGHEST WIND DIRECTION    SW (240)
  HIGHEST GUST SPEED    MM   HIGHEST GUST DIRECTION    MM
  AVERAGE WIND SPEED     6.4


SKY COVER
  POSSIBLE SUNSHINE  MM
  AVERAGE SKY COVER 0.1


WEATHER CONDITIONS
 THE FOLLOWING WEATHER WAS RECORDED TODAY.
  THUNDERSTORM


RELATIVE HUMIDITY (PERCENT)
 HIGHEST    78           500 AM
 LOWEST     33           300 PM
 AVERAGE    56

..........................................................


THE LANDER WY CLIMATE NORMALS FOR TOMORROW
                         NORMAL    RECORD    YEAR
 MAXIMUM TEMPERATURE (F)   84        97      2001
                                             1996
 MINIMUM TEMPERATURE (F)   53        32      1921


SUNRISE AND SUNSET
JULY  2 2015..........SUNRISE   541 AM MDT   SUNSET   857 PM MDT
JULY  3 2015..........SUNRISE   541 AM MDT   SUNSET   857 PM MDT


-  INDICATES NEGATIVE NUMBERS.
R  INDICATES RECORD WAS SET OR TIED.
MM INDICATES DATA IS MISSING.
T  INDICATES TRACE AMOUNT.




$$
