000
CDUS45 KRIW 240738
CLILND


CLIMATE REPORT
NATIONAL WEATHER SERVICE RIVERTON WY
128 AM MDT TUE MAY 24 2016


...................................

...THE LANDER WY CLIMATE SUMMARY FOR MAY 23 2016...

CLIMATE NORMAL PERIOD 1981 TO 2010
CLIMATE RECORD PERIOD 1891 TO 2016


WEATHER ITEM   OBSERVED TIME   RECORD YEAR NORMAL DEPARTURE LAST
                VALUE   (LST)  VALUE       VALUE  FROM      YEAR
                                                  NORMAL
..................................................................
TEMPERATURE (F)
 YESTERDAY
  MAXIMUM         63    453 PM  85    1984  69     -6       62
  MINIMUM         34    520 AM  26    1916  42     -8       44
  AVERAGE         49                        56     -7       53

PRECIPITATION (IN)
  YESTERDAY        0.00          1.46 1906   0.07  -0.07     0.13
  MONTH TO DATE    5.01                      1.67   3.34     4.31
  SINCE MAR 1     14.21                      4.70   9.51     7.17
  SINCE JAN 1     15.13                      5.69   9.44     8.73

SNOWFALL (IN)
  YESTERDAY        0.0                       0.1   -0.1      0.0
  MONTH TO DATE    T                         4.6   -4.6      0.8
  SINCE MAR 1     38.2                      37.5    0.7     20.0
  SINCE JUL 1     75.2                      91.1  -15.9     73.9
  SNOW DEPTH       0

DEGREE DAYS
 HEATING
  YESTERDAY       16                        10      6       12
  MONTH TO DATE  335                       300     35      380
  SINCE MAR 1   1761                      1850    -89     1738
  SINCE JUL 1   6912                      7554   -642     6862

 COOLING
  YESTERDAY        0                         0      0        0
  MONTH TO DATE    0                         0      0        0
  SINCE MAR 1      0                         0      0        0
  SINCE JAN 1      0                         0      0        0
..................................................................


WIND (MPH)
  HIGHEST WIND SPEED    29   HIGHEST WIND DIRECTION    SW (220)
  HIGHEST GUST SPEED    37   HIGHEST GUST DIRECTION    SW (220)
  AVERAGE WIND SPEED     7.9


SKY COVER
  POSSIBLE SUNSHINE  MM
  AVERAGE SKY COVER 0.1


WEATHER CONDITIONS
 THE FOLLOWING WEATHER WAS RECORDED YESTERDAY.
  NO SIGNIFICANT WEATHER WAS OBSERVED.


RELATIVE HUMIDITY (PERCENT)
 HIGHEST    64           600 AM
 LOWEST     19          1100 AM
 AVERAGE    42

..........................................................


THE LANDER WY CLIMATE NORMALS FOR TODAY
                         NORMAL    RECORD    YEAR
 MAXIMUM TEMPERATURE (F)   69        85      1985
 MINIMUM TEMPERATURE (F)   42        29      2007


SUNRISE AND SUNSET
MAY 24 2016...........SUNRISE   544 AM MDT   SUNSET   840 PM MDT
MAY 25 2016...........SUNRISE   543 AM MDT   SUNSET   841 PM MDT


-  INDICATES NEGATIVE NUMBERS.
R  INDICATES RECORD WAS SET OR TIED.
MM INDICATES DATA IS MISSING.
T  INDICATES TRACE AMOUNT.




$$
