000
CDUS43 KOAX 130657
CLILNK


CLIMATE REPORT
NATIONAL WEATHER SERVICE OMAHA NEBRASKA
1257 AM CST SAT FEB 13 2016


...................................

...THE LINCOLN, NEBRASKA CLIMATE SUMMARY FOR FEBRUARY 12 2016...

CLIMATE NORMAL PERIOD 1981 TO 2010
CLIMATE RECORD PERIOD 1887 TO 2016


WEATHER ITEM   OBSERVED TIME   RECORD YEAR NORMAL DEPARTURE LAST
                VALUE   (LST)  VALUE       VALUE  FROM      YEAR
                                                  NORMAL
..................................................................
TEMPERATURE (F)
 YESTERDAY
  MAXIMUM         29    349 AM  73    1990  39    -10       23
  MINIMUM         15   1159 PM -24    1944  17     -2        7
                                      1899
  AVERAGE         22                        28     -6       15

PRECIPITATION (IN)
  YESTERDAY        0.00          2.20 1927   0.02  -0.02     0.00
  MONTH TO DATE    0.75                      0.31   0.44     0.82
  SINCE DEC 1      6.00                      1.90   4.10     2.95
  SINCE JAN 1      1.58                      0.95   0.63     1.73

SNOWFALL (IN)
  YESTERDAY        0.0                       0.2   -0.2      0.0
  MONTH TO DATE    7.3                       2.6    4.7     11.5
  SINCE JUL 1     20.5                      16.7    3.8     20.5
  SNOW DEPTH       1

DEGREE DAYS
 HEATING
  YESTERDAY       43                        37      6       50
  MONTH TO DATE  460                       460      0      489
  SINCE DEC 1   2610                      2896   -286     2659
  SINCE JUL 1   3510                      4157   -647     3968

 COOLING
  YESTERDAY        0                         0      0        0
  MONTH TO DATE    0                         0      0        0
  SINCE DEC 1      0                         0      0        0
  SINCE JAN 1      0                         0      0        0
..................................................................


WIND (MPH)
  HIGHEST WIND SPEED    21   HIGHEST WIND DIRECTION     N (10)
  HIGHEST GUST SPEED    24   HIGHEST GUST DIRECTION     N (350)
  AVERAGE WIND SPEED    13.5


SKY COVER
  POSSIBLE SUNSHINE  MM
  AVERAGE SKY COVER 0.7


WEATHER CONDITIONS
 THE FOLLOWING WEATHER WAS RECORDED YESTERDAY.
  FOG
  HAZE


RELATIVE HUMIDITY (PERCENT)
 HIGHEST    85           100 AM
 LOWEST     60           500 PM
 AVERAGE    73

..........................................................


THE LINCOLN, NEBRASKA CLIMATE NORMALS FOR TODAY
                         NORMAL    RECORD    YEAR
 MAXIMUM TEMPERATURE (F)   39        69      1967
                                             1934
 MINIMUM TEMPERATURE (F)   17       -26      1905


SUNRISE AND SUNSET
FEBRUARY 13 2016......SUNRISE   724 AM CST   SUNSET   559 PM CST
FEBRUARY 14 2016......SUNRISE   723 AM CST   SUNSET   600 PM CST


-  INDICATES NEGATIVE NUMBERS.
R  INDICATES RECORD WAS SET OR TIED.
MM INDICATES DATA IS MISSING.
T  INDICATES TRACE AMOUNT.




$$
