000
CDUS43 KOAX 290650
CLILNK


CLIMATE REPORT
NATIONAL WEATHER SERVICE OMAHA NEBRASKA
150 AM CDT FRI MAY 29 2015


...................................

...THE LINCOLN, NEBRASKA CLIMATE SUMMARY FOR MAY 28 2015...

CLIMATE NORMAL PERIOD 1981 TO 2010
CLIMATE RECORD PERIOD 1887 TO 2015


WEATHER ITEM   OBSERVED TIME   RECORD YEAR NORMAL DEPARTURE LAST
                VALUE   (LST)  VALUE       VALUE  FROM      YEAR
                                                  NORMAL
..................................................................
TEMPERATURE (F)
 YESTERDAY
  MAXIMUM         77    429 PM  98    1895  78     -1       90
  MINIMUM         62   1207 AM  34    1947  55      7       63
  AVERAGE         70                        66      4       77

PRECIPITATION (IN)
  YESTERDAY        0.07          1.97 1905   0.13  -0.06      T
  MONTH TO DATE   10.90                      3.85   7.05     5.26
  SINCE MAR 1     13.66                      8.49   5.17     8.89
  SINCE JAN 1     15.50                      9.90   5.60     9.75

SNOWFALL (IN)
  YESTERDAY        0.0                       0.0    0.0      0.0
  MONTH TO DATE    0.0                       0.1   -0.1      0.0
  SINCE JUL 1     21.9                      26.0   -4.1     18.2
  SNOW DEPTH       0

DEGREE DAYS
 HEATING
  YESTERDAY        0                         2     -2        0
  MONTH TO DATE  133                       142     -9      134
  SINCE MAR 1   1129                      1332   -203     1365
  SINCE JUL 1   5816                      6035   -219     6482

 COOLING
  YESTERDAY        5                         4      1       12
  MONTH TO DATE   44                        53     -9      109
  SINCE MAR 1     49                        67    -18      124
  SINCE JAN 1     49                        67    -18      124
..................................................................


WIND (MPH)
  HIGHEST WIND SPEED    18   HIGHEST WIND DIRECTION    SE (150)
  HIGHEST GUST SPEED    23   HIGHEST GUST DIRECTION     S (160)
  AVERAGE WIND SPEED    10.1


SKY COVER
  POSSIBLE SUNSHINE  MM
  AVERAGE SKY COVER 0.6


WEATHER CONDITIONS
 THE FOLLOWING WEATHER WAS RECORDED YESTERDAY.
  LIGHT RAIN
  FOG


RELATIVE HUMIDITY (PERCENT)
 HIGHEST   100           700 AM
 LOWEST     63           100 AM
 AVERAGE    82

..........................................................


THE LINCOLN, NEBRASKA CLIMATE NORMALS FOR TODAY
                         NORMAL    RECORD    YEAR
 MAXIMUM TEMPERATURE (F)   79       102      1934
 MINIMUM TEMPERATURE (F)   55        32      1947


SUNRISE AND SUNSET
MAY 29 2015...........SUNRISE   559 AM CDT   SUNSET   850 PM CDT
MAY 30 2015...........SUNRISE   559 AM CDT   SUNSET   851 PM CDT


-  INDICATES NEGATIVE NUMBERS.
R  INDICATES RECORD WAS SET OR TIED.
MM INDICATES DATA IS MISSING.
T  INDICATES TRACE AMOUNT.




$$
