000
CDUS43 KOAX 290624
CLILNK


CLIMATE REPORT
NATIONAL WEATHER SERVICE OMAHA NEBRASKA
124 AM CDT SUN MAR 29 2015


...................................

...THE LINCOLN, NEBRASKA CLIMATE SUMMARY FOR MARCH 28 2015...

CLIMATE NORMAL PERIOD 1981 TO 2010
CLIMATE RECORD PERIOD 1887 TO 2015


WEATHER ITEM   OBSERVED TIME   RECORD YEAR NORMAL DEPARTURE LAST
                VALUE   (LST)  VALUE       VALUE  FROM      YEAR
                                                  NORMAL
..................................................................
TEMPERATURE (F)
 YESTERDAY
  MAXIMUM         57    454 PM  90    1895  58     -1       51
  MINIMUM         31    636 AM  11    1898  32     -1       21
  AVERAGE         44                        45     -1       36

PRECIPITATION (IN)
  YESTERDAY        0.00          1.74 1914   0.08  -0.08      T
  MONTH TO DATE    0.77                      1.68  -0.91     0.13
  SINCE MAR 1      0.77                      1.68  -0.91     0.13
  SINCE JAN 1      2.61                      3.09  -0.48     0.99

SNOWFALL (IN)
  YESTERDAY        0.0                       0.1   -0.1      0.0
  MONTH TO DATE    0.5                       4.4   -3.9      0.7
  SINCE JUL 1     21.9                      24.1   -2.2     17.7
  SNOW DEPTH       0

DEGREE DAYS
 HEATING
  YESTERDAY       21                        20      1       29
  MONTH TO DATE  634                       713    -79      817
  SINCE MAR 1    634                       713    -79      817
  SINCE JUL 1   5321                      5416    -95     5934

 COOLING
  YESTERDAY        0                         0      0        0
  MONTH TO DATE    2                         0      2        0
  SINCE MAR 1      2                         0      2        0
  SINCE JAN 1      2                         0      2        0
..................................................................


WIND (MPH)
  HIGHEST WIND SPEED    23   HIGHEST WIND DIRECTION     S (160)
  HIGHEST GUST SPEED    31   HIGHEST GUST DIRECTION    SE (150)
  AVERAGE WIND SPEED    13.6


SKY COVER
  POSSIBLE SUNSHINE  MM
  AVERAGE SKY COVER 0.3


WEATHER CONDITIONS
 THE FOLLOWING WEATHER WAS RECORDED YESTERDAY.
  NO SIGNIFICANT WEATHER WAS OBSERVED.


RELATIVE HUMIDITY (PERCENT)
 HIGHEST    78           700 AM
 LOWEST     40           400 PM
 AVERAGE    59

..........................................................


THE LINCOLN, NEBRASKA CLIMATE NORMALS FOR TODAY
                         NORMAL    RECORD    YEAR
 MAXIMUM TEMPERATURE (F)   58        89      1986
 MINIMUM TEMPERATURE (F)   32        12      1969


SUNRISE AND SUNSET
MARCH 29 2015.........SUNRISE   716 AM CDT   SUNSET   748 PM CDT
MARCH 30 2015.........SUNRISE   714 AM CDT   SUNSET   750 PM CDT


-  INDICATES NEGATIVE NUMBERS.
R  INDICATES RECORD WAS SET OR TIED.
MM INDICATES DATA IS MISSING.
T  INDICATES TRACE AMOUNT.




$$
