714
CDUS43 KOAX 290642
CLILNK


CLIMATE REPORT
NATIONAL WEATHER SERVICE OMAHA NEBRASKA
141 AM CDT MON MAY 29 2017


...................................

...THE LINCOLN, NEBRASKA CLIMATE SUMMARY FOR MAY 28 2017...

CLIMATE NORMAL PERIOD 1981 TO 2010
CLIMATE RECORD PERIOD 1887 TO 2017


WEATHER ITEM   OBSERVED TIME   RECORD YEAR NORMAL DEPARTURE LAST
                VALUE   (LST)  VALUE       VALUE  FROM      YEAR
                                                  NORMAL
..................................................................
TEMPERATURE (F)
 YESTERDAY
  MAXIMUM         85    245 PM  98    1895  78      7       77
  MINIMUM         52    449 AM  34    1947  55     -3       56
  AVERAGE         69                        66      3       67

PRECIPITATION (IN)
  YESTERDAY        0.00          1.97 1905   0.13  -0.13     0.00
  MONTH TO DATE    6.29                      3.85   2.44     5.42
  SINCE MAR 1     11.46                      8.49   2.97    10.72
  SINCE JAN 1     13.11                      9.90   3.21    12.31

SNOWFALL (IN)
  YESTERDAY        0.0                       0.0    0.0      0.0
  MONTH TO DATE    T                         0.1   -0.1      0.0
  SINCE JUL 1      7.5                      26.0  -18.5     20.5
  SNOW DEPTH       0

DEGREE DAYS
 HEATING
  YESTERDAY        0                         2     -2        0
  MONTH TO DATE  127                       142    -15      127
  SINCE MAR 1   1131                      1332   -201      963
  SINCE JUL 1   5014                      6035  -1021     4880

 COOLING
  YESTERDAY        4                         4      0        2
  MONTH TO DATE   70                        53     17       42
  SINCE MAR 1     83                        67     16       51
  SINCE JAN 1     83                        67     16       51
..................................................................


WIND (MPH)
  HIGHEST WIND SPEED    28   HIGHEST WIND DIRECTION    NW (320)
  HIGHEST GUST SPEED    36   HIGHEST GUST DIRECTION     N (340)
  AVERAGE WIND SPEED     8.2


SKY COVER
  POSSIBLE SUNSHINE  MM
  AVERAGE SKY COVER 0.1


WEATHER CONDITIONS
 THE FOLLOWING WEATHER WAS RECORDED YESTERDAY.
  NO SIGNIFICANT WEATHER WAS OBSERVED.


RELATIVE HUMIDITY (PERCENT)
 HIGHEST    89           500 AM
 LOWEST     20           200 PM
 AVERAGE    55

..........................................................


THE LINCOLN, NEBRASKA CLIMATE NORMALS FOR TODAY
                         NORMAL    RECORD    YEAR
 MAXIMUM TEMPERATURE (F)   79       102      1934
 MINIMUM TEMPERATURE (F)   55        32      1947


SUNRISE AND SUNSET
MAY 29 2017...........SUNRISE   559 AM CDT   SUNSET   850 PM CDT
MAY 30 2017...........SUNRISE   558 AM CDT   SUNSET   851 PM CDT


-  INDICATES NEGATIVE NUMBERS.
R  INDICATES RECORD WAS SET OR TIED.
MM INDICATES DATA IS MISSING.
T  INDICATES TRACE AMOUNT.




$$
