000
CDUS43 KOAX 250641
CLILNK


CLIMATE REPORT
NATIONAL WEATHER SERVICE OMAHA NEBRASKA
139 AM CDT SAT OCT 25 2014


...................................

...THE LINCOLN, NEBRASKA CLIMATE SUMMARY FOR OCTOBER 24 2014...

CLIMATE NORMAL PERIOD 1981 TO 2010
CLIMATE RECORD PERIOD 1887 TO 2014


WEATHER ITEM   OBSERVED TIME   RECORD YEAR NORMAL DEPARTURE LAST
                VALUE   (LST)  VALUE       VALUE  FROM      YEAR
                                                  NORMAL
..................................................................
TEMPERATURE (F)
 YESTERDAY
  MAXIMUM         77    348 PM  89    1927  62     15       51
  MINIMUM         50   1159 PM  17    1887  38     12       26
  AVERAGE         64                        50     14       39

PRECIPITATION (IN)
  YESTERDAY        0.00          0.85 1997   0.06  -0.06     0.00
  MONTH TO DATE    2.46                      1.60   0.86     2.59
  SINCE SEP 1      9.35                      4.62   4.73     4.58
  SINCE JAN 1     33.05                     26.20   6.85    25.03

SNOWFALL (IN)
  YESTERDAY        0.0                       0.0    0.0      0.0
  MONTH TO DATE    0.0                       0.4   -0.4      0.0
  SINCE JUL 1      0.0                       0.4   -0.4      0.0
  SNOW DEPTH       0

DEGREE DAYS
 HEATING
  YESTERDAY        1                        15    -14       26
  MONTH TO DATE  216                       263    -47      282
  SINCE SEP 1    309                       355    -46      310
  SINCE JUL 1    311                       361    -50      313

 COOLING
  YESTERDAY        0                         0      0        0
  MONTH TO DATE    6                        12     -6       18
  SINCE SEP 1    122                       135    -13      221
  SINCE JAN 1   1233                      1170     63     1236
..................................................................


WIND (MPH)
  HIGHEST WIND SPEED    15   HIGHEST WIND DIRECTION     W (260)
  HIGHEST GUST SPEED    18   HIGHEST GUST DIRECTION    SW (220)
  AVERAGE WIND SPEED     6.9


SKY COVER
  POSSIBLE SUNSHINE  MM
  AVERAGE SKY COVER 0.0


WEATHER CONDITIONS
 THE FOLLOWING WEATHER WAS RECORDED YESTERDAY.
  FOG
  HAZE


RELATIVE HUMIDITY (PERCENT)
 HIGHEST    93           100 AM
 LOWEST     50           400 PM
 AVERAGE    72

..........................................................


THE LINCOLN, NEBRASKA CLIMATE NORMALS FOR TODAY
                         NORMAL    RECORD    YEAR
 MAXIMUM TEMPERATURE (F)   62        89      1940
 MINIMUM TEMPERATURE (F)   37        15      1887


SUNRISE AND SUNSET
OCTOBER 25 2014.......SUNRISE   749 AM CDT   SUNSET   632 PM CDT
OCTOBER 26 2014.......SUNRISE   751 AM CDT   SUNSET   631 PM CDT


-  INDICATES NEGATIVE NUMBERS.
R  INDICATES RECORD WAS SET OR TIED.
MM INDICATES DATA IS MISSING.
T  INDICATES TRACE AMOUNT.




$$
