000
CDUS43 KOAX 031250 CCA
CLILNK

CLIMATE REPORT...CORRECTION
NATIONAL WEATHER SERVICE OMAHA NEBRASKA
121 AM CDT THU SEP 3 2015

...CORRECTED WEATHER CONDITIONS TO ADD LIGHT RAIN TO AND REMOVE
FOG AND HAZE...


...................................

...THE LINCOLN, NEBRASKA CLIMATE SUMMARY FOR SEPTEMBER 2 2015...

CLIMATE NORMAL PERIOD 1981 TO 2010
CLIMATE RECORD PERIOD 1887 TO 2015


WEATHER ITEM   OBSERVED TIME   RECORD YEAR NORMAL DEPARTURE LAST
                VALUE   (LST)  VALUE       VALUE  FROM      YEAR
                                                  NORMAL
..................................................................
TEMPERATURE (F)
 YESTERDAY
  MAXIMUM         93    437 PM 106    2000  84      9       83
  MINIMUM         70    632 AM  43    1974  60     10       55
  AVERAGE         82                        72     10       69

PRECIPITATION (IN)
  YESTERDAY        T             1.63 1926   0.12  -0.12     0.00
  MONTH TO DATE    T                         0.24  -0.24      T
  SINCE SEP 1      T                         0.24  -0.24      T
  SINCE JAN 1     29.33                     21.82   7.51    23.70

SNOWFALL (IN)
  YESTERDAY        0.0                       0.0    0.0      0.0
  MONTH TO DATE    0.0                       0.0    0.0      0.0
  SINCE JUL 1      0.0                       0.0    0.0      0.0
  SNOW DEPTH       0

DEGREE DAYS
 HEATING
  YESTERDAY        0                         1     -1        0
  MONTH TO DATE    0                         2     -2        0
  SINCE SEP 1      0                         2     -2        0
  SINCE JUL 1      4                         8     -4        2

 COOLING
  YESTERDAY       17                         7     10        4
  MONTH TO DATE   33                        15     18       10
  SINCE SEP 1     33                        15     18       10
  SINCE JAN 1   1014                      1050    -36     1121
..................................................................


WIND (MPH)
  HIGHEST WIND SPEED    22   HIGHEST WIND DIRECTION     S (160)
  HIGHEST GUST SPEED    27   HIGHEST GUST DIRECTION     S (160)
  AVERAGE WIND SPEED    11.5


SKY COVER
  POSSIBLE SUNSHINE  MM
  AVERAGE SKY COVER 0.0


WEATHER CONDITIONS
 THE FOLLOWING WEATHER WAS RECORDED YESTERDAY.
  LIGHT RAIN


RELATIVE HUMIDITY (PERCENT)
 HIGHEST    90           600 AM
 LOWEST     44           400 PM
 AVERAGE    67

..........................................................


THE LINCOLN, NEBRASKA CLIMATE NORMALS FOR TODAY
                         NORMAL    RECORD    YEAR
 MAXIMUM TEMPERATURE (F)   83       102      1947
                                             1939
 MINIMUM TEMPERATURE (F)   59        35      1974


SUNRISE AND SUNSET
SEPTEMBER  3 2015.....SUNRISE   656 AM CDT   SUNSET   756 PM CDT
SEPTEMBER  4 2015.....SUNRISE   657 AM CDT   SUNSET   755 PM CDT


-  INDICATES NEGATIVE NUMBERS.
R  INDICATES RECORD WAS SET OR TIED.
MM INDICATES DATA IS MISSING.
T  INDICATES TRACE AMOUNT.


$$

BCM
COR BY KLISH
