000
CDUS43 KOAX 180630
CLILNK


CLIMATE REPORT
NATIONAL WEATHER SERVICE OMAHA NEBRASKA
1228 AM CST SUN FEB 18 2018


...................................

...THE LINCOLN, NEBRASKA CLIMATE SUMMARY FOR FEBRUARY 17 2018...

CLIMATE NORMAL PERIOD 1981 TO 2010
CLIMATE RECORD PERIOD 1887 TO 2018


WEATHER ITEM   OBSERVED TIME   RECORD YEAR NORMAL DEPARTURE LAST
                VALUE   (LST)  VALUE       VALUE  FROM      YEAR
                                                  NORMAL
..................................................................
TEMPERATURE (F)
 YESTERDAY
  MAXIMUM         50    246 PM  74    2017  41      9       74
  MINIMUM         23   1045 PM -19    1978  19      4       34
  AVERAGE         37                        30      7       54

PRECIPITATION (IN)
  YESTERDAY        0.00          0.50 1926   0.03  -0.03     0.00
  MONTH TO DATE    0.46                      0.44   0.02     0.01
  SINCE DEC 1      1.25                      2.03  -0.78     2.73
  SINCE JAN 1      0.87                      1.08  -0.21     1.11

SNOWFALL (IN)
  YESTERDAY        0.0                       0.2   -0.2      0.0
  MONTH TO DATE    7.7                       3.6    4.1      0.2
  SINCE JUL 1     15.4                      17.7   -2.3      5.1
  SNOW DEPTH       0

DEGREE DAYS
 HEATING
  YESTERDAY       28                        35     -7       11
  MONTH TO DATE  765                       640    125      493
  SINCE DEC 1   3168                      3076     92     2827
  SINCE JUL 1   4221                      4337   -116     3635

 COOLING
  YESTERDAY        0                         0      0        0
  MONTH TO DATE    0                         0      0        0
  SINCE DEC 1      0                         0      0        0
  SINCE JAN 1      0                         0      0        0
..................................................................


WIND (MPH)
  HIGHEST WIND SPEED    20   HIGHEST WIND DIRECTION     N (350)
  HIGHEST GUST SPEED    25   HIGHEST GUST DIRECTION    NW (310)
  AVERAGE WIND SPEED     8.7


SKY COVER
  POSSIBLE SUNSHINE  MM
  AVERAGE SKY COVER 0.1


WEATHER CONDITIONS
 THE FOLLOWING WEATHER WAS RECORDED YESTERDAY.
  NO SIGNIFICANT WEATHER WAS OBSERVED.


RELATIVE HUMIDITY (PERCENT)
 HIGHEST    81          1100 PM
 LOWEST     34           100 PM
 AVERAGE    58

..........................................................


THE LINCOLN, NEBRASKA CLIMATE NORMALS FOR TODAY
                         NORMAL    RECORD    YEAR
 MAXIMUM TEMPERATURE (F)   41        70      2016
                                             1930
 MINIMUM TEMPERATURE (F)   19       -17      1978


SUNRISE AND SUNSET
FEBRUARY 18 2018......SUNRISE   717 AM CST   SUNSET   605 PM CST
FEBRUARY 19 2018......SUNRISE   716 AM CST   SUNSET   607 PM CST


-  INDICATES NEGATIVE NUMBERS.
R  INDICATES RECORD WAS SET OR TIED.
MM INDICATES DATA IS MISSING.
T  INDICATES TRACE AMOUNT.




$$
