000
CDUS43 KOAX 220640
CLILNK


CLIMATE REPORT
NATIONAL WEATHER SERVICE OMAHA NEBRASKA
1238 AM CST MON DEC 22 2014


...................................

...THE LINCOLN, NEBRASKA CLIMATE SUMMARY FOR DECEMBER 21 2014...

CLIMATE NORMAL PERIOD 1981 TO 2010
CLIMATE RECORD PERIOD 1887 TO 2014


WEATHER ITEM   OBSERVED TIME   RECORD YEAR NORMAL DEPARTURE LAST
                VALUE   (LST)  VALUE       VALUE  FROM      YEAR
                                                  NORMAL
..................................................................
TEMPERATURE (F)
 YESTERDAY
  MAXIMUM         44   1159 PM  62    1941  36      8       26
  MINIMUM         33    134 AM -19    1989  15     18       16
  AVERAGE         39                        25     14       21

PRECIPITATION (IN)
  YESTERDAY        T             0.39 1920   0.03  -0.03     0.01
  MONTH TO DATE    0.89                      0.69   0.20     0.21
  SINCE DEC 1      0.89                      0.69   0.20     0.21
  SINCE JAN 1     34.41                     28.69   5.72    26.70

SNOWFALL (IN)
  YESTERDAY       MM                         0.2   MM        0.1
  MONTH TO DATE    0.7                       4.0   -3.3      5.6
  SINCE JUL 1      3.7                       6.8   -3.1      5.8
  SNOW DEPTH       0

DEGREE DAYS
 HEATING
  YESTERDAY       26                        40    -14       44
  MONTH TO DATE  634                       783   -149      914
  SINCE DEC 1    634                       783   -149      914
  SINCE JUL 1   1943                      2044   -101     2211

 COOLING
  YESTERDAY        0                         0      0        0
  MONTH TO DATE    0                         0      0        0
  SINCE DEC 1      0                         0      0        0
  SINCE JAN 1   1237                      1173     64     1236
..................................................................


WIND (MPH)
  HIGHEST WIND SPEED    24   HIGHEST WIND DIRECTION     S (190)
  HIGHEST GUST SPEED    33   HIGHEST GUST DIRECTION     S (180)
  AVERAGE WIND SPEED    13.9


SKY COVER
  POSSIBLE SUNSHINE  MM
  AVERAGE SKY COVER 0.9


WEATHER CONDITIONS
 THE FOLLOWING WEATHER WAS RECORDED YESTERDAY.
  LIGHT RAIN
  FOG


RELATIVE HUMIDITY (PERCENT)
 HIGHEST   100           200 AM
 LOWEST     82           100 PM
 AVERAGE    91

..........................................................


THE LINCOLN, NEBRASKA CLIMATE NORMALS FOR TODAY
                         NORMAL    RECORD    YEAR
 MAXIMUM TEMPERATURE (F)   36        70      1933
 MINIMUM TEMPERATURE (F)   15       -27      1983


SUNRISE AND SUNSET
DECEMBER 22 2014......SUNRISE   748 AM CST   SUNSET   503 PM CST
DECEMBER 23 2014......SUNRISE   749 AM CST   SUNSET   503 PM CST


-  INDICATES NEGATIVE NUMBERS.
R  INDICATES RECORD WAS SET OR TIED.
MM INDICATES DATA IS MISSING.
T  INDICATES TRACE AMOUNT.




$$
