737
CDUS43 KOAX 200711
CLILNK


CLIMATE REPORT
NATIONAL WEATHER SERVICE OMAHA NEBRASKA
207 AM CDT THU JUL 20 2017


...................................

...THE LINCOLN, NEBRASKA CLIMATE SUMMARY FOR JULY 19 2017...

CLIMATE NORMAL PERIOD 1981 TO 2010
CLIMATE RECORD PERIOD 1887 TO 2017


WEATHER ITEM   OBSERVED TIME   RECORD YEAR NORMAL DEPARTURE LAST
                VALUE   (LST)  VALUE       VALUE  FROM      YEAR
                                                  NORMAL
..................................................................
TEMPERATURE (F)
 YESTERDAY
  MAXIMUM         96    432 PM 111    1934  89      7       92
  MINIMUM         75    458 AM  51    2009  66      9       74
  AVERAGE         86                        78      8       83

PRECIPITATION (IN)
  YESTERDAY        0.00          2.47 1985   0.10  -0.10     0.00
  MONTH TO DATE    3.16                      2.17   0.99     4.21
  SINCE JUN 1     10.51                      6.52   3.99     4.79
  SINCE JAN 1     23.62                     16.86   6.76    17.10

SNOWFALL (IN)
  YESTERDAY        0.0                       0.0    0.0      0.0
  MONTH TO DATE    0.0                       0.0    0.0      0.0
  SINCE JUL 1      0.0                       0.0    0.0      0.0
  SNOW DEPTH       0

DEGREE DAYS
 HEATING
  YESTERDAY        0                         0      0        0
  MONTH TO DATE    0                         0      0        0
  SINCE JUN 1      2                        16    -14        0
  SINCE JUL 1      0                         0      0        0

 COOLING
  YESTERDAY       21                        13      8       18
  MONTH TO DATE  271                       240     31      226
  SINCE JUN 1    577                       482     95      646
  SINCE JAN 1    660                       561     99      717
..................................................................


WIND (MPH)
  HIGHEST WIND SPEED    25   HIGHEST WIND DIRECTION     S (180)
  HIGHEST GUST SPEED    32   HIGHEST GUST DIRECTION     S (190)
  AVERAGE WIND SPEED    14.4


SKY COVER
  POSSIBLE SUNSHINE  MM
  AVERAGE SKY COVER 0.1


WEATHER CONDITIONS
 THE FOLLOWING WEATHER WAS RECORDED YESTERDAY.
  NO SIGNIFICANT WEATHER WAS OBSERVED.


RELATIVE HUMIDITY (PERCENT)
 HIGHEST    82           400 AM
 LOWEST     52           600 PM
 AVERAGE    67

..........................................................


THE LINCOLN, NEBRASKA CLIMATE NORMALS FOR TODAY
                         NORMAL    RECORD    YEAR
 MAXIMUM TEMPERATURE (F)   89       110      1934
 MINIMUM TEMPERATURE (F)   66        54      1988
                                             1970
                                             1950


SUNRISE AND SUNSET
JULY 20 2017..........SUNRISE   613 AM CDT   SUNSET   854 PM CDT
JULY 21 2017..........SUNRISE   614 AM CDT   SUNSET   853 PM CDT


-  INDICATES NEGATIVE NUMBERS.
R  INDICATES RECORD WAS SET OR TIED.
MM INDICATES DATA IS MISSING.
T  INDICATES TRACE AMOUNT.




$$
