000
CDUS43 KOAX 290658
CLILNK


CLIMATE REPORT
NATIONAL WEATHER SERVICE OMAHA NEBRASKA
157 AM CDT FRI AUG 29 2014


...................................

...THE LINCOLN, NEBRASKA CLIMATE SUMMARY FOR AUGUST 28 2014...

CLIMATE NORMAL PERIOD 1981 TO 2010
CLIMATE RECORD PERIOD 1887 TO 2014


WEATHER ITEM   OBSERVED TIME   RECORD YEAR NORMAL DEPARTURE LAST
                VALUE   (LST)  VALUE       VALUE  FROM      YEAR
                                                  NORMAL
..................................................................
TEMPERATURE (F)
 YESTERDAY
  MAXIMUM         82    147 PM 103    1984  85     -3       95
  MINIMUM         69    147 AM  41    1988  61      8       67
  AVERAGE         76                        73      3       81

PRECIPITATION (IN)
  YESTERDAY        2.66          2.93 1910   0.12   2.54     0.00
  MONTH TO DATE    6.83                      3.14   3.69     1.11
  SINCE JUN 1     13.24                     10.89   2.35     4.60
  SINCE JAN 1     22.99                     21.23   1.76    20.45

SNOWFALL (IN)
  YESTERDAY        0.0                       0.0    0.0      0.0
  MONTH TO DATE    0.0                       0.0    0.0      0.0
  SINCE JUL 1      0.0                       0.0    0.0      0.0
  SNOW DEPTH       0

DEGREE DAYS
 HEATING
  YESTERDAY        0                         0      0        0
  MONTH TO DATE    0                         0      0        0
  SINCE JUN 1      4                        17    -13       23
  SINCE JUL 1      2                         1      1        3

 COOLING
  YESTERDAY       11                         9      2       16
  MONTH TO DATE  321                       301     20      294
  SINCE JUN 1    920                       933    -13      871
  SINCE JAN 1   1080                      1012     68      958
..................................................................


WIND (MPH)
  HIGHEST WIND SPEED    22   HIGHEST WIND DIRECTION     E (80)
  HIGHEST GUST SPEED    27   HIGHEST GUST DIRECTION     S (160)
  AVERAGE WIND SPEED     9.8


SKY COVER
  POSSIBLE SUNSHINE  MM
  AVERAGE SKY COVER 0.4


WEATHER CONDITIONS
 THE FOLLOWING WEATHER WAS RECORDED YESTERDAY.
  THUNDERSTORM
  HEAVY RAIN
  RAIN
  LIGHT RAIN
  FOG


RELATIVE HUMIDITY (PERCENT)
 HIGHEST    97           200 AM
 LOWEST     67           300 PM
 AVERAGE    82

..........................................................


THE LINCOLN, NEBRASKA CLIMATE NORMALS FOR TODAY
                         NORMAL    RECORD    YEAR
 MAXIMUM TEMPERATURE (F)   85       101      1947
 MINIMUM TEMPERATURE (F)   61        41      1946


SUNRISE AND SUNSET
AUGUST 29 2014........SUNRISE   651 AM CDT   SUNSET   804 PM CDT
AUGUST 30 2014........SUNRISE   652 AM CDT   SUNSET   802 PM CDT


-  INDICATES NEGATIVE NUMBERS.
R  INDICATES RECORD WAS SET OR TIED.
MM INDICATES DATA IS MISSING.
T  INDICATES TRACE AMOUNT.




$$
