000
CDUS43 KOAX 240631
CLILNK


CLIMATE REPORT
NATIONAL WEATHER SERVICE OMAHA NEBRASKA
130 AM CDT TUE MAY 24 2016


...................................

...THE LINCOLN, NEBRASKA CLIMATE SUMMARY FOR MAY 23 2016...

CLIMATE NORMAL PERIOD 1981 TO 2010
CLIMATE RECORD PERIOD 1887 TO 2016


WEATHER ITEM   OBSERVED TIME   RECORD YEAR NORMAL DEPARTURE LAST
                VALUE   (LST)  VALUE       VALUE  FROM      YEAR
                                                  NORMAL
..................................................................
TEMPERATURE (F)
 YESTERDAY
  MAXIMUM         79    235 PM  94    2012  76      3       63
                                      1939
  MINIMUM         59   1159 PM  39    1893  53      6       56
  AVERAGE         69                        65      4       60

PRECIPITATION (IN)
  YESTERDAY        0.92          1.45 1948   0.13   0.79     0.09
  MONTH TO DATE    3.27                      3.19   0.08    10.49
  SINCE MAR 1      8.57                      7.83   0.74    13.25
  SINCE JAN 1     10.16                      9.24   0.92    15.09

SNOWFALL (IN)
  YESTERDAY        0.0                       0.0    0.0      0.0
  MONTH TO DATE    0.0                       0.1   -0.1      0.0
  SINCE JUL 1     20.5                      26.0   -5.5     21.9
  SNOW DEPTH       0

DEGREE DAYS
 HEATING
  YESTERDAY        0                         3     -3        5
  MONTH TO DATE  127                       130     -3      133
  SINCE MAR 1    963                      1320   -357     1129
  SINCE JUL 1   4880                      6023  -1143     5816

 COOLING
  YESTERDAY        4                         3      1        0
  MONTH TO DATE   20                        37    -17       30
  SINCE MAR 1     29                        51    -22       35
  SINCE JAN 1     29                        51    -22       35
..................................................................


WIND (MPH)
  HIGHEST WIND SPEED    24   HIGHEST WIND DIRECTION     W (260)
  HIGHEST GUST SPEED    35   HIGHEST GUST DIRECTION     W (260)
  AVERAGE WIND SPEED    13.3


SKY COVER
  POSSIBLE SUNSHINE  MM
  AVERAGE SKY COVER 0.4


WEATHER CONDITIONS
 THE FOLLOWING WEATHER WAS RECORDED YESTERDAY.
  THUNDERSTORM
  HEAVY RAIN
  RAIN
  LIGHT RAIN
  FOG


RELATIVE HUMIDITY (PERCENT)
 HIGHEST    90          1100 AM
 LOWEST     64           600 PM
 AVERAGE    77

..........................................................


THE LINCOLN, NEBRASKA CLIMATE NORMALS FOR TODAY
                         NORMAL    RECORD    YEAR
 MAXIMUM TEMPERATURE (F)   77       100      1967
 MINIMUM TEMPERATURE (F)   53        34      1924
                                             1897


SUNRISE AND SUNSET
MAY 24 2016...........SUNRISE   602 AM CDT   SUNSET   846 PM CDT
MAY 25 2016...........SUNRISE   601 AM CDT   SUNSET   847 PM CDT


-  INDICATES NEGATIVE NUMBERS.
R  INDICATES RECORD WAS SET OR TIED.
MM INDICATES DATA IS MISSING.
T  INDICATES TRACE AMOUNT.




$$
