000
CDUS43 KOAX 210626
CLILNK


CLIMATE REPORT
NATIONAL WEATHER SERVICE OMAHA NEBRASKA
123 AM CDT TUE OCT 21 2014


...................................

...THE LINCOLN, NEBRASKA CLIMATE SUMMARY FOR OCTOBER 20 2014...

CLIMATE NORMAL PERIOD 1981 TO 2010
CLIMATE RECORD PERIOD 1887 TO 2014


WEATHER ITEM   OBSERVED TIME   RECORD YEAR NORMAL DEPARTURE LAST
                VALUE   (LST)  VALUE       VALUE  FROM      YEAR
                                                  NORMAL
..................................................................
TEMPERATURE (F)
 YESTERDAY
  MAXIMUM         75    359 PM  90    1947  64     11       66
  MINIMUM         39   1159 PM  18    1916  39      0       36
  AVERAGE         57                        52      5       51

PRECIPITATION (IN)
  YESTERDAY        0.00          0.46 1935   0.06  -0.06     0.00
  MONTH TO DATE    1.80                      1.35   0.45     2.59
  SINCE SEP 1      8.69                      4.37   4.32     4.58
  SINCE JAN 1     32.39                     25.95   6.44    25.03

SNOWFALL (IN)
  YESTERDAY        0.0                       0.1   -0.1      0.0
  MONTH TO DATE    0.0                       0.3   -0.3      0.0
  SINCE JUL 1      0.0                       0.3   -0.3      0.0
  SNOW DEPTH       0

DEGREE DAYS
 HEATING
  YESTERDAY        8                        13     -5       14
  MONTH TO DATE  203                       205     -2      185
  SINCE SEP 1    296                       297     -1      213
  SINCE JUL 1    298                       303     -5      216

 COOLING
  YESTERDAY        0                         0      0        0
  MONTH TO DATE    4                        12     -8       18
  SINCE SEP 1    120                       135    -15      221
  SINCE JAN 1   1231                      1170     61     1236
..................................................................


WIND (MPH)
  HIGHEST WIND SPEED    10   HIGHEST WIND DIRECTION    NW (300)
  HIGHEST GUST SPEED    12   HIGHEST GUST DIRECTION    NW (310)
  AVERAGE WIND SPEED     2.3


SKY COVER
  POSSIBLE SUNSHINE  MM
  AVERAGE SKY COVER 0.0


WEATHER CONDITIONS
 THE FOLLOWING WEATHER WAS RECORDED YESTERDAY.
  FOG
  HAZE


RELATIVE HUMIDITY (PERCENT)
 HIGHEST    96           600 AM
 LOWEST     25           400 PM
 AVERAGE    61

..........................................................


THE LINCOLN, NEBRASKA CLIMATE NORMALS FOR TODAY
                         NORMAL    RECORD    YEAR
 MAXIMUM TEMPERATURE (F)   64        89      1899
 MINIMUM TEMPERATURE (F)   39        20      1987


SUNRISE AND SUNSET
OCTOBER 21 2014.......SUNRISE   745 AM CDT   SUNSET   638 PM CDT
OCTOBER 22 2014.......SUNRISE   746 AM CDT   SUNSET   636 PM CDT


-  INDICATES NEGATIVE NUMBERS.
R  INDICATES RECORD WAS SET OR TIED.
MM INDICATES DATA IS MISSING.
T  INDICATES TRACE AMOUNT.


$$

BCM
