452
CDUS43 KLOT 270633
CLILOT


CLIMATE REPORT
NATIONAL WEATHER SERVICE CHICAGO IL
133 AM CDT FRI MAY 27 2016


...................................

...THE ROMEOVILLE  WFO CLIMATE SUMMARY FOR MAY 26 2016...

CLIMATE NORMAL PERIOD 1981 TO 2010
CLIMATE RECORD PERIOD 1992 TO 2016


WEATHER ITEM   OBSERVED RECORD YEAR NORMAL DEPARTURE LAST
                VALUE   VALUE       VALUE  FROM      YEAR
                                           NORMAL
...........................................................
TEMPERATURE (F)
 YESTERDAY
  MAXIMUM         86     91    2012  74     12       76
  MINIMUM         67     35    1992  53     14       66
  AVERAGE         77                 64     13       71

PRECIPITATION (IN)
  YESTERDAY        0.01   2.19 2009   0.12  -0.11     0.77
  MONTH TO DATE    2.83               3.56  -0.73     3.95
  SINCE MAR 1      9.46              10.29  -0.83     8.20
  SINCE JAN 1     11.53              14.00  -2.47    11.04

DEGREE DAYS
 HEATING
  YESTERDAY        0                  4     -4
  MONTH TO DATE  213                175     38
  SINCE MAR 1   1312               1441   -129
  SINCE JUL 1   5345               6169   -824

 COOLING
  YESTERDAY       12                  3      9
  MONTH TO DATE   35                 38     -3
  SINCE MAR 1     46                 43      3
  SINCE JAN 1     46                 43      3
...........................................................







THE ROMEOVILLE  WFO CLIMATE NORMALS FOR TODAY
                         NORMAL    RECORD    YEAR
 MAXIMUM TEMPERATURE (F)   74        96      2012
 MINIMUM TEMPERATURE (F)   53        33      1992


SUNRISE AND SUNSET
MAY 27 2016...........SUNRISE   523 AM CDT   SUNSET   817 PM CDT
MAY 28 2016...........SUNRISE   522 AM CDT   SUNSET   817 PM CDT


-  INDICATES NEGATIVE NUMBERS.
R  INDICATES RECORD WAS SET OR TIED.
MM INDICATES DATA IS MISSING.
T  INDICATES TRACE AMOUNT.




$$
