000
CDUS43 KLOT 220638
CLILOT


CLIMATE REPORT
NATIONAL WEATHER SERVICE CHICAGO IL
138 AM CDT FRI AUG 22 2014


...................................

...THE ROMEOVILLE  WFO CLIMATE SUMMARY FOR AUGUST 21 2014...

CLIMATE NORMAL PERIOD 1981 TO 2010
CLIMATE RECORD PERIOD 1992 TO 2014


WEATHER ITEM   OBSERVED RECORD YEAR NORMAL DEPARTURE LAST
                VALUE   VALUE       VALUE  FROM      YEAR
                                           NORMAL
...........................................................
TEMPERATURE (F)
 YESTERDAY
  MAXIMUM         83     94    2003  82      1       89
  MINIMUM         70     49    1992  62      8       65
  AVERAGE         77                 72      5       77

PRECIPITATION (IN)
  YESTERDAY        1.29R  0.34 2010   0.12   1.17     0.00
  MONTH TO DATE    7.02               2.81   4.21     1.63
  SINCE JUN 1     20.58              11.86   8.72     6.76
  SINCE JAN 1     35.95              26.56   9.39    27.75

DEGREE DAYS
 HEATING
  YESTERDAY        0                  0      0
  MONTH TO DATE    3                  0      3
  SINCE JUN 1     24                 35    -11
  SINCE JUL 1     12                  2     10

 COOLING
  YESTERDAY       12                  7      5
  MONTH TO DATE  130                165    -35
  SINCE JUN 1    472                627   -155
  SINCE JAN 1    560                685   -125
...........................................................







THE ROMEOVILLE  WFO CLIMATE NORMALS FOR TODAY
                         NORMAL    RECORD    YEAR
 MAXIMUM TEMPERATURE (F)   82        89      2007
                                             1996
 MINIMUM TEMPERATURE (F)   62        51      2004
                                             1992


SUNRISE AND SUNSET
AUGUST 22 2014........SUNRISE   608 AM CDT   SUNSET   742 PM CDT
AUGUST 23 2014........SUNRISE   609 AM CDT   SUNSET   740 PM CDT


-  INDICATES NEGATIVE NUMBERS.
R  INDICATES RECORD WAS SET OR TIED.
MM INDICATES DATA IS MISSING.
T  INDICATES TRACE AMOUNT.




$$
