000
CDUS43 KLOT 270638
CLILOT


CLIMATE REPORT
NATIONAL WEATHER SERVICE CHICAGO IL
137 AM CDT WED MAY 27 2015


...................................

...THE ROMEOVILLE  WFO CLIMATE SUMMARY FOR MAY 26 2015...

CLIMATE NORMAL PERIOD 1981 TO 2010
CLIMATE RECORD PERIOD 1992 TO 2015


WEATHER ITEM   OBSERVED RECORD YEAR NORMAL DEPARTURE LAST
                VALUE   VALUE       VALUE  FROM      YEAR
                                           NORMAL
...........................................................
TEMPERATURE (F)
 YESTERDAY
  MAXIMUM         76     91    2012  74      2       88
  MINIMUM         66     35    1992  53     13       63
  AVERAGE         71                 64      7       76

PRECIPITATION (IN)
  YESTERDAY        0.77   2.19 2009   0.12   0.65     0.15
  MONTH TO DATE    3.95               3.56   0.39     3.40
  SINCE MAR 1      8.20              10.29  -2.09     9.32
  SINCE JAN 1     11.04              14.00  -2.96    14.18

DEGREE DAYS
 HEATING
  YESTERDAY        0                  4     -4
  MONTH TO DATE  137                175    -38
  SINCE MAR 1   1456               1441     15
  SINCE JUL 1   6701               6169    532

 COOLING
  YESTERDAY        6                  3      3
  MONTH TO DATE   59                 38     21
  SINCE MAR 1     59                 43     16
  SINCE JAN 1     59                 43     16
...........................................................







THE ROMEOVILLE  WFO CLIMATE NORMALS FOR TODAY
                         NORMAL    RECORD    YEAR
 MAXIMUM TEMPERATURE (F)   74        96      2012
 MINIMUM TEMPERATURE (F)   53        33      1992


SUNRISE AND SUNSET
MAY 27 2015...........SUNRISE   523 AM CDT   SUNSET   816 PM CDT
MAY 28 2015...........SUNRISE   523 AM CDT   SUNSET   817 PM CDT


-  INDICATES NEGATIVE NUMBERS.
R  INDICATES RECORD WAS SET OR TIED.
MM INDICATES DATA IS MISSING.
T  INDICATES TRACE AMOUNT.




$$
