000
CDUS43 KLOT 050637
CLILOT


CLIMATE REPORT
NATIONAL WEATHER SERVICE CHICAGO IL
1237 AM CST THU MAR 5 2015


...................................

...THE ROMEOVILLE  WFO CLIMATE SUMMARY FOR MARCH 4 2015...

CLIMATE NORMAL PERIOD 1981 TO 2010
CLIMATE RECORD PERIOD 1992 TO 2015


WEATHER ITEM   OBSERVED RECORD YEAR NORMAL DEPARTURE LAST
                VALUE   VALUE       VALUE  FROM      YEAR
                                           NORMAL
...........................................................
TEMPERATURE (F)
 YESTERDAY
  MAXIMUM         31     64    1992  42    -11       26
  MINIMUM         10    -13    2002  25    -15       11
  AVERAGE         21                 34    -13       19

PRECIPITATION (IN)
  YESTERDAY        0.00   1.18 2004   0.09  -0.09      T
  MONTH TO DATE    0.11               0.35  -0.24     0.16
  SINCE MAR 1      0.11               0.35  -0.24     0.16
  SINCE JAN 1      2.95               4.06  -1.11     5.02

SNOWFALL (IN)
  YESTERDAY        0.0    3.5  2003   0.2   -0.2       T
  MONTH TO DATE    0.5                0.9   -0.4      2.8
  SINCE MAR 1      0.5                0.9   -0.4      2.8
  SINCE JUL 1     31.7               28.3    3.4     68.3
  SNOW DEPTH       0

DEGREE DAYS
 HEATING
  YESTERDAY       44                 31     13
  MONTH TO DATE  171                127     44
  SINCE MAR 1    171                127     44
  SINCE JUL 1   5416               4855    561

 COOLING
  YESTERDAY        0                  0      0
  MONTH TO DATE    0                  0      0
  SINCE MAR 1      0                  0      0
  SINCE JAN 1      0                  0      0
...........................................................







THE ROMEOVILLE  WFO CLIMATE NORMALS FOR TODAY
                         NORMAL    RECORD    YEAR
 MAXIMUM TEMPERATURE (F)   43        70      2000
 MINIMUM TEMPERATURE (F)   26        10      2002


SUNRISE AND SUNSET
MARCH  5 2015.........SUNRISE   621 AM CST   SUNSET   547 PM CST
MARCH  6 2015.........SUNRISE   619 AM CST   SUNSET   548 PM CST


-  INDICATES NEGATIVE NUMBERS.
R  INDICATES RECORD WAS SET OR TIED.
MM INDICATES DATA IS MISSING.
T  INDICATES TRACE AMOUNT.




$$
