000
CDUS43 KLOT 280633
CLILOT


CLIMATE REPORT
NATIONAL WEATHER SERVICE CHICAGO IL
132 AM CDT WED JUN 28 2017


...................................

...THE ROMEOVILLE  WFO CLIMATE SUMMARY FOR JUNE 27 2017...

CLIMATE NORMAL PERIOD 1981 TO 2010
CLIMATE RECORD PERIOD 1992 TO 2017


WEATHER ITEM   OBSERVED RECORD YEAR NORMAL DEPARTURE LAST
                VALUE   VALUE       VALUE  FROM      YEAR
                                           NORMAL
...........................................................
TEMPERATURE (F)
 YESTERDAY
  MAXIMUM         77     94    2005  83     -6       89
  MINIMUM         49     47    1992  63    -14       66
  AVERAGE         63                 73    -10       78

PRECIPITATION (IN)
  YESTERDAY        0.00   1.23 1995   0.12  -0.12     0.00
  MONTH TO DATE    1.19               3.98  -2.79     2.19
  SINCE JUN 1      1.19               3.98  -2.79     2.19
  SINCE JAN 1     23.41              18.68   4.73    14.42

DEGREE DAYS
 HEATING
  YESTERDAY        2                  0      2
  MONTH TO DATE   10                 31    -21
  SINCE JUN 1     10                 31    -21
  SINCE JUL 1   5346               6217   -871

 COOLING
  YESTERDAY        0                  8     -8
  MONTH TO DATE  198                153     45
  SINCE JUN 1    198                153     45
  SINCE JAN 1    235                211     24
...........................................................







THE ROMEOVILLE  WFO CLIMATE NORMALS FOR TODAY
                         NORMAL    RECORD    YEAR
 MAXIMUM TEMPERATURE (F)   83        99      2012
 MINIMUM TEMPERATURE (F)   63        44      1992


SUNRISE AND SUNSET
JUNE 28 2017..........SUNRISE   521 AM CDT   SUNSET   831 PM CDT
JUNE 29 2017..........SUNRISE   521 AM CDT   SUNSET   831 PM CDT


-  INDICATES NEGATIVE NUMBERS.
R  INDICATES RECORD WAS SET OR TIED.
MM INDICATES DATA IS MISSING.
T  INDICATES TRACE AMOUNT.




$$
