000
CDUS43 KLMK 240629
CLILOU


CLIMATE REPORT
NATIONAL WEATHER SERVICE LOUISVILLE KY
228 AM EDT TUE OCT 24 2017


...................................

...THE LOUISVILLE BOWMAN KY CLIMATE SUMMARY FOR OCTOBER 23 2017...

CLIMATE NORMAL PERIOD 1981 TO 2010
CLIMATE RECORD PERIOD 9999 TO 9999


WEATHER ITEM   OBSERVED TIME   RECORD YEAR NORMAL DEPARTURE LAST
                VALUE   (LST)  VALUE       VALUE  FROM      YEAR
                                                  NORMAL
..................................................................
TEMPERATURE (F)
 YESTERDAY
  MAXIMUM         70   1219 AM  MM      MM  67      3       75
  MINIMUM         48   1047 PM  MM      MM  46      2       42
  AVERAGE         59                        56      3       59

PRECIPITATION (IN)
  YESTERDAY        0.89         MM      MM   0.11   0.78     0.00
  MONTH TO DATE    3.93                      2.43   1.50     0.64
  SINCE SEP 1      9.03                      5.59   3.44     2.85
  SINCE JAN 1     38.76                     37.13   1.63    38.42

SNOWFALL (IN)
  YESTERDAY       MM            MM      MM  MM     MM       MM
  MONTH TO DATE   MM                        MM     MM       MM
  SINCE SEP 1     MM                        MM     MM       MM
  SINCE JUL 1     MM                        MM     MM       MM
  SNOW DEPTH      MM

DEGREE DAYS
 HEATING
  YESTERDAY        6                         9     -3        6
  MONTH TO DATE   54                       155   -101       61
  SINCE SEP 1     78                       191   -113       77
  SINCE JUL 1     78                       191   -113       77

 COOLING
  YESTERDAY        0                         1     -1        0
  MONTH TO DATE   59                        30     29       89
  SINCE SEP 1    228                       204     24      389
  SINCE JAN 1   1562                      1443    119     1863
..................................................................


WIND (MPH)
  HIGHEST WIND SPEED    20   HIGHEST WIND DIRECTION    SW (220)
  HIGHEST GUST SPEED    27   HIGHEST GUST DIRECTION     S (190)
  AVERAGE WIND SPEED     8.8


SKY COVER
  POSSIBLE SUNSHINE  MM
  AVERAGE SKY COVER 0.8


WEATHER CONDITIONS
 THE FOLLOWING WEATHER WAS RECORDED YESTERDAY.
  HEAVY RAIN
  LIGHT RAIN
  FOG


RELATIVE HUMIDITY (PERCENT)
 HIGHEST   100           700 AM
 LOWEST     66          1200 AM
 AVERAGE    83

..........................................................


THE LOUISVILLE BOWMAN KY CLIMATE NORMALS FOR TODAY
                         NORMAL
 MAXIMUM TEMPERATURE (F)   66
 MINIMUM TEMPERATURE (F)   46


SUNRISE AND SUNSET
OCTOBER 24 2017.......SUNRISE   801 AM EDT   SUNSET   652 PM EDT
OCTOBER 25 2017.......SUNRISE   802 AM EDT   SUNSET   651 PM EDT


-  INDICATES NEGATIVE NUMBERS.
R  INDICATES RECORD WAS SET OR TIED.
MM INDICATES DATA IS MISSING.
T  INDICATES TRACE AMOUNT.




$$
