000
CDUS43 KLMK 310630
CLILOU


CLIMATE REPORT
NATIONAL WEATHER SERVICE LOUISVILLE KY
229 AM EDT FRI OCT 31 2014


...................................

...THE LOUISVILLE BOWMAN KY CLIMATE SUMMARY FOR OCTOBER 30 2014...

CLIMATE NORMAL PERIOD 1981 TO 2010
CLIMATE RECORD PERIOD 9999 TO 9999


WEATHER ITEM   OBSERVED TIME   RECORD YEAR NORMAL DEPARTURE LAST
                VALUE   (LST)  VALUE       VALUE  FROM      YEAR
                                                  NORMAL
..................................................................
TEMPERATURE (F)
 YESTERDAY
  MAXIMUM         57    417 PM  MM      MM  64     -7       69
  MINIMUM         36    636 AM  MM      MM  44     -8       56
  AVERAGE         47                        54     -7       63

PRECIPITATION (IN)
  YESTERDAY        0.00         MM      MM   0.09  -0.09     1.36
  MONTH TO DATE    3.97                      3.12   0.85     9.26
  SINCE SEP 1      7.11                      6.28   0.83    12.65
  SINCE JAN 1     37.57                     37.82  -0.25    49.71

SNOWFALL (IN)
  YESTERDAY       MM            MM      MM  MM     MM       MM
  MONTH TO DATE   MM                        MM     MM       MM
  SINCE SEP 1     MM                        MM     MM       MM
  SINCE JUL 1     MM                        MM     MM       MM
  SNOW DEPTH      MM

DEGREE DAYS
 HEATING
  YESTERDAY       18                        11      7        2
  MONTH TO DATE  207                       228    -21      262
  SINCE SEP 1    239                       264    -25      272
  SINCE JUL 1    239                       264    -25      272

 COOLING
  YESTERDAY        0                         0      0        0
  MONTH TO DATE   24                        30     -6       42
  SINCE SEP 1    191                       204    -13      243
  SINCE JAN 1   1536                      1443     93     1446
..................................................................


WIND (MPH)
  HIGHEST WIND SPEED     7   HIGHEST WIND DIRECTION    NW (300)
  HIGHEST GUST SPEED    10   HIGHEST GUST DIRECTION    NW (310)
  AVERAGE WIND SPEED     1.1


SKY COVER
  POSSIBLE SUNSHINE  MM
  AVERAGE SKY COVER 0.1


WEATHER CONDITIONS
 THE FOLLOWING WEATHER WAS RECORDED YESTERDAY.
  NO SIGNIFICANT WEATHER WAS OBSERVED.


RELATIVE HUMIDITY (PERCENT)
 HIGHEST    92           500 AM
 LOWEST     43           400 PM
 AVERAGE    68

..........................................................


THE LOUISVILLE BOWMAN KY CLIMATE NORMALS FOR TODAY
                         NORMAL
 MAXIMUM TEMPERATURE (F)   64
 MINIMUM TEMPERATURE (F)   44


SUNRISE AND SUNSET
OCTOBER 31 2014.......SUNRISE   808 AM EDT   SUNSET   644 PM EDT
NOVEMBER  1 2014......SUNRISE   809 AM EDT   SUNSET   643 PM EDT


-  INDICATES NEGATIVE NUMBERS.
R  INDICATES RECORD WAS SET OR TIED.
MM INDICATES DATA IS MISSING.
T  INDICATES TRACE AMOUNT.




$$
