000
CDUS43 KJKL 230604
CLILOZ

CLIMATE REPORT
NATIONAL WEATHER SERVICE JACKSON KY
204 AM EDT TUE SEP 23 2014

...................................

...THE LONDON KY CLIMATE SUMMARY FOR SEPTEMBER 22 2014...

CLIMATE NORMAL PERIOD 1981 TO 2010
CLIMATE RECORD PERIOD 1954 TO 2014

WEATHER ITEM   OBSERVED TIME   RECORD YEAR NORMAL DEPARTURE LAST
                VALUE   (LST)  VALUE       VALUE  FROM      YEAR
                                                  NORMAL
..................................................................
TEMPERATURE (F)
 YESTERDAY
  MAXIMUM         69    447 PM  91    2005  77     -8       73
  MINIMUM         49    635 AM  35    1983  54     -5       50
  AVERAGE         59                        66     -7       62

PRECIPITATION (IN)
  YESTERDAY        0.00          2.49 2003   0.12  -0.12     0.00
  MONTH TO DATE    1.38                      2.47  -1.09     2.24
  SINCE SEP 1      1.38                      2.47  -1.09     2.24
  SINCE JAN 1        MM                     35.15     MM    43.28

SNOWFALL (IN)
  YESTERDAY       MM
  MONTH TO DATE   MM
  SINCE SEP 1     MM
  SINCE JUL 1     MM
  SNOW DEPTH      MM

DEGREE DAYS
 HEATING
  YESTERDAY        6                         2      4        3
  MONTH TO DATE   12                        17     -5       12
  SINCE SEP 1     12                        17     -5       12
  SINCE JUL 1     12                        18     -6       12

 COOLING
  YESTERDAY        0                         3     -3        0
  MONTH TO DATE  144                       123     21      138
  SINCE SEP 1    144                       123     21      138
  SINCE JAN 1   1198                      1147     51     1030
..................................................................

WIND (MPH)
  HIGHEST WIND SPEED    12   HIGHEST WIND DIRECTION    NE (40)
  HIGHEST GUST SPEED    16   HIGHEST GUST DIRECTION     N (20)
  AVERAGE WIND SPEED     3.8

SKY COVER
  POSSIBLE SUNSHINE  MM
  AVERAGE SKY COVER 0.0

WEATHER CONDITIONS
 THE FOLLOWING WEATHER WAS RECORDED YESTERDAY.
  NO SIGNIFICANT WEATHER WAS OBSERVED.

RELATIVE HUMIDITY (PERCENT)
 HIGHEST    86           600 AM
 LOWEST     44           400 PM
 AVERAGE    65

..........................................................

THE LONDON KY CLIMATE NORMALS FOR TODAY
                         NORMAL    RECORD    YEAR
 MAXIMUM TEMPERATURE (F)   77        95      2007
 MINIMUM TEMPERATURE (F)   54        37      1999

SUNRISE AND SUNSET
SEPTEMBER 23 2014.....SUNRISE   725 AM EDT   SUNSET   732 PM EDT
SEPTEMBER 24 2014.....SUNRISE   726 AM EDT   SUNSET   730 PM EDT

-  INDICATES NEGATIVE NUMBERS.
R  INDICATES RECORD WAS SET OR TIED.
MM INDICATES DATA IS MISSING.
T  INDICATES TRACE AMOUNT.

$$
