000
CDUS43 KJKL 290526 RRA
CLILOZ

CLIMATE REPORT
NATIONAL WEATHER SERVICE JACKSON KY
125 AM EDT WED MAR 29 2017

...................................

...THE LONDON KY CLIMATE SUMMARY FOR MARCH 28 2017...

CLIMATE NORMAL PERIOD 1981 TO 2010
CLIMATE RECORD PERIOD 1954 TO 2017


WEATHER ITEM   OBSERVED TIME   RECORD YEAR NORMAL DEPARTURE LAST
                VALUE   (LST)  VALUE       VALUE  FROM      YEAR
                                                  NORMAL
..................................................................
TEMPERATURE (F)
 YESTERDAY
  MAXIMUM         66    236 PM  83    1989  63      3       63
                                      1983
  MINIMUM         53   1159 PM  20    2001  39     14       40
  AVERAGE         60                        51      9       52

PRECIPITATION (IN)
  YESTERDAY        0.04          1.27 1967   0.13  -0.09     0.15
  MONTH TO DATE    4.54                      3.65   0.89     1.53
  SINCE MAR 1      4.54                      3.65   0.89     1.53

SNOWFALL (IN)
  YESTERDAY       MM
  MONTH TO DATE   MM
  SINCE MAR 1     MM
  SINCE JUL 1     MM
  SNOW DEPTH      MM

DEGREE DAYS
 HEATING
  YESTERDAY        5                        14     -9       13
  MONTH TO DATE  503                       507     -4      372
  SINCE MAR 1    503                       507     -4      372
  SINCE JUL 1   3098                      3783   -685     3288

 COOLING
  YESTERDAY        0                         0      0        0
  MONTH TO DATE    1                         0      1        0
  SINCE MAR 1      1                         0      1        0
  SINCE JAN 1      1                         0      1        0
..................................................................


WIND (MPH)
  HIGHEST WIND SPEED    14   HIGHEST WIND DIRECTION     W (260)
  HIGHEST GUST SPEED    23   HIGHEST GUST DIRECTION    NW (310)
  AVERAGE WIND SPEED     6.2


SKY COVER
  POSSIBLE SUNSHINE  MM
  AVERAGE SKY COVER 0.9


WEATHER CONDITIONS
 THE FOLLOWING WEATHER WAS RECORDED YESTERDAY.
  LIGHT RAIN
  FOG


RELATIVE HUMIDITY (PERCENT)
 HIGHEST    93           100 AM
 LOWEST     56           300 PM
 AVERAGE    75

..........................................................


THE LONDON KY CLIMATE NORMALS FOR TODAY
                         NORMAL    RECORD    YEAR
 MAXIMUM TEMPERATURE (F)   63        82      1998
                                             1977
 MINIMUM TEMPERATURE (F)   39        17      1966


SUNRISE AND SUNSET
MARCH 29 2017.........SUNRISE   726 AM EDT   SUNSET   756 PM EDT
MARCH 30 2017.........SUNRISE   725 AM EDT   SUNSET   757 PM EDT


-  INDICATES NEGATIVE NUMBERS.
R  INDICATES RECORD WAS SET OR TIED.
MM INDICATES DATA IS MISSING.
T  INDICATES TRACE AMOUNT.




$$
