000
CDUS43 KJKL 300549
CLILOZ

CLIMATE REPORT
NATIONAL WEATHER SERVICE JACKSON KY
1229 AM EST FRI JAN 30 2015

...................................

...THE LONDON KY CLIMATE SUMMARY FOR JANUARY 29 2015...

CLIMATE NORMAL PERIOD 1981 TO 2010
CLIMATE RECORD PERIOD 1954 TO 2015

WEATHER ITEM   OBSERVED TIME   RECORD YEAR NORMAL DEPARTURE LAST
                VALUE   (LST)  VALUE       VALUE  FROM      YEAR
                                                  NORMAL
..................................................................
TEMPERATURE (F)
 YESTERDAY
  MAXIMUM         60    357 PM  71    2002  46     14       24
  MINIMUM         28    104 AM  -7    1977  27      1        0
  AVERAGE         44                        36      8       12

PRECIPITATION (IN)
  YESTERDAY        0.09          2.48 1957   0.12  -0.03     0.00
  MONTH TO DATE    2.38                      3.29  -0.91     2.28
  SINCE DEC 1      6.19                      7.53  -1.34     8.72
  SINCE JAN 1      2.38                      3.29  -0.91     2.28

SNOWFALL (IN)
  YESTERDAY       MM
  MONTH TO DATE   MM
  SINCE DEC 1     MM
  SINCE JUL 1     MM
  SNOW DEPTH      MM

DEGREE DAYS
 HEATING
  YESTERDAY       21                        29     -8       53
  MONTH TO DATE  876                       858     18     1049
  SINCE DEC 1   1599                      1680    -81     1789
  SINCE JUL 1   2543                      2510     33     2656

 COOLING
  YESTERDAY        0                         0      0        0
  MONTH TO DATE    0                         0      0        0
  SINCE DEC 1      0                         1     -1        0
  SINCE JAN 1      0                         0      0        0
..................................................................

WIND (MPH)
  HIGHEST WIND SPEED    24   HIGHEST WIND DIRECTION    SW (210)
  HIGHEST GUST SPEED    35   HIGHEST GUST DIRECTION    SW (210)
  AVERAGE WIND SPEED    11.1

SKY COVER
  POSSIBLE SUNSHINE  MM
  AVERAGE SKY COVER 0.6

WEATHER CONDITIONS
 THE FOLLOWING WEATHER WAS RECORDED YESTERDAY.
  RAIN
  LIGHT RAIN

RELATIVE HUMIDITY (PERCENT)
 HIGHEST    75           100 AM
 LOWEST     37           600 AM
 AVERAGE    56
..........................................................

THE LONDON KY CLIMATE NORMALS FOR TODAY
                         NORMAL    RECORD    YEAR
 MAXIMUM TEMPERATURE (F)   46        72      2002
 MINIMUM TEMPERATURE (F)   27       -13      1966

SUNRISE AND SUNSET
JANUARY 30 2015.......SUNRISE   741 AM EST   SUNSET   559 PM EST
JANUARY 31 2015.......SUNRISE   740 AM EST   SUNSET   600 PM EST

-  INDICATES NEGATIVE NUMBERS.
R  INDICATES RECORD WAS SET OR TIED.
MM INDICATES DATA IS MISSING.
T  INDICATES TRACE AMOUNT.

$$

SHALLENBERGER
