138
CDUS43 KJKL 221029
CLILOZ

CLIMATE REPORT
NATIONAL WEATHER SERVICE JACKSON KY
529 AM EST MON JAN 22 2018

...................................

...THE LONDON KY CLIMATE SUMMARY FOR JANUARY 21 2018...

CLIMATE NORMAL PERIOD 1981 TO 2010
CLIMATE RECORD PERIOD 1954 TO 2018


WEATHER ITEM   OBSERVED TIME   RECORD YEAR NORMAL DEPARTURE LAST
                VALUE   (LST)  VALUE       VALUE  FROM      YEAR
                                                  NORMAL
..................................................................

TEMPERATURE (F)
 YESTERDAY
  MAXIMUM         64    306 PM  67    1999  45     19       62
  MINIMUM         41   1251 AM -18    1985  26     15       45
  AVERAGE         53                        36     17       54

PRECIPITATION (IN)
  YESTERDAY        0.01          1.56 1979   0.11  -0.10      T
  MONTH TO DATE    0.74                      2.39  -1.65     3.31
  SINCE DEC 1      3.65                      6.63  -2.98     9.61
  SINCE JAN 1      0.74                      2.39  -1.65     3.31

SNOWFALL (IN)
  YESTERDAY       MM
  MONTH TO DATE   MM
  SINCE DEC 1     MM
  SINCE JUL 1     MM
  SNOW DEPTH      MM

DEGREE DAYS
 HEATING
  YESTERDAY       12                        30              11

 COOLING
  YESTERDAY        0                         0      0        0
  MONTH TO DATE    0                         0      0        0
  SINCE DEC 1      0                         1     -1        0
  SINCE JAN 1      0                         0      0        0
..................................................................

WIND (MPH)
  HIGHEST WIND SPEED    14   HIGHEST WIND DIRECTION     S (200)
  HIGHEST GUST SPEED    22   HIGHEST GUST DIRECTION     S (200)
  AVERAGE WIND SPEED     4.3


SKY COVER
  POSSIBLE SUNSHINE  MM
  AVERAGE SKY COVER 1.0


WEATHER CONDITIONS
 THE FOLLOWING WEATHER WAS RECORDED YESTERDAY.
  NO SIGNIFICANT WEATHER WAS OBSERVED.


RELATIVE HUMIDITY (PERCENT)
 HIGHEST    76           300 AM
 LOWEST     48           400 PM
 AVERAGE    62
..........................................................

THE LONDON KY CLIMATE NORMALS FOR TODAY
                         NORMAL    RECORD    YEAR
 MAXIMUM TEMPERATURE (F)   45        74      1999
 MINIMUM TEMPERATURE (F)   26        -7      1961


SUNRISE AND SUNSET
JANUARY 22 2018.......SUNRISE   746 AM EST   SUNSET   550 PM EST
JANUARY 23 2018.......SUNRISE   745 AM EST   SUNSET   552 PM EST


-  INDICATES NEGATIVE NUMBERS.
R  INDICATES RECORD WAS SET OR TIED.
MM INDICATES DATA IS MISSING.
T  INDICATES TRACE AMOUNT.
$$
