000
CDUS44 KCRP 270648
CLILRD

CLIMATE REPORT
NATIONAL WEATHER SERVICE CORPUS CHRISTI TX
146 AM CDT WED MAY 27 2015


...................................

...THE LAREDO CLIMATE SUMMARY FOR MAY 26 2015...

CLIMATE NORMAL PERIOD 1981 TO 2010
CLIMATE RECORD PERIOD 1900 TO 2015


WEATHER ITEM   OBSERVED TIME   RECORD YEAR NORMAL DEPARTURE LAST
                VALUE   (LST)  VALUE       VALUE  FROM      YEAR
                                                  NORMAL
..................................................................
TEMPERATURE (F)
 YESTERDAY
  MAXIMUM         92    430 PM 109    1973  96     -4       92
  MINIMUM         77    416 AM  59    1941  74      3       74
  AVERAGE         85                        85      0       83

PRECIPITATION (IN)
  YESTERDAY        0.00          4.00 1929   0.08  -0.08      T
  MONTH TO DATE    5.83                      2.07   3.76     3.71
  SINCE MAR 1     13.91                      4.61   9.30     4.82
  SINCE JAN 1     14.79                      6.45   8.34     5.03

SNOWFALL (IN)
  YESTERDAY        0.0
  MONTH TO DATE    0.0
  SINCE MAR 1      0.0
  SINCE JUL 1      0.0

DEGREE DAYS
 HEATING
  YESTERDAY        0                         0      0        0
  MONTH TO DATE    0                         0      0        0
  SINCE MAR 1    129                        82     47      104
  SINCE JUL 1   1064                       926    138     1095

 COOLING
  YESTERDAY       20                        20      0       18
  MONTH TO DATE  411                       443    -32      387
  SINCE MAR 1    814                       958   -144      909
  SINCE JAN 1    862                      1043   -181     1021
..................................................................


WIND (MPH)
  HIGHEST WIND SPEED    16   HIGHEST WIND DIRECTION    SE (120)
  HIGHEST GUST SPEED    20   HIGHEST GUST DIRECTION    SE (130)
  AVERAGE WIND SPEED    10.5


SKY COVER
  POSSIBLE SUNSHINE  MM
  AVERAGE SKY COVER 0.5


WEATHER CONDITIONS
 THE FOLLOWING WEATHER WAS RECORDED YESTERDAY.
  FOG
  HAZE


RELATIVE HUMIDITY (PERCENT)
 HIGHEST    91           100 AM
 LOWEST     60           400 PM

..........................................................


THE LAREDO CLIMATE NORMALS FOR TODAY
                         NORMAL    RECORD    YEAR
 MAXIMUM TEMPERATURE (F)   96       110      2011
 MINIMUM TEMPERATURE (F)   74        57      1901


SUNRISE AND SUNSET
MAY 27 2015...........SUNRISE   644 AM CDT   SUNSET   826 PM CDT
MAY 28 2015...........SUNRISE   644 AM CDT   SUNSET   827 PM CDT


-  INDICATES NEGATIVE NUMBERS.
R  INDICATES RECORD WAS SET OR TIED.
MM INDICATES DATA IS MISSING.
T  INDICATES TRACE AMOUNT.

$$

GW
