000
CDUS44 KCRP 170651
CLILRD

CLIMATE REPORT
NATIONAL WEATHER SERVICE CORPUS CHRISTI TX
1249 AM CST WED DEC 17 2014


...................................

...THE LAREDO CLIMATE SUMMARY FOR DECEMBER 16 2014...

CLIMATE NORMAL PERIOD 1981 TO 2010
CLIMATE RECORD PERIOD 1900 TO 2014


WEATHER ITEM   OBSERVED TIME   RECORD YEAR NORMAL DEPARTURE LAST
                VALUE   (LST)  VALUE       VALUE  FROM      YEAR
                                                  NORMAL
..................................................................
TEMPERATURE (F)
 YESTERDAY
  MAXIMUM         70    223 PM  90    1977  67      3       72
  MINIMUM         61   1155 PM  24    1901  46     15       39
  AVERAGE         66                        57      9       56

PRECIPITATION (IN)
  YESTERDAY        T             0.36 2009   0.02  -0.02     0.00
  MONTH TO DATE    0.12                      0.41  -0.29     0.01
  SINCE DEC 1      0.12                      0.41  -0.29     0.01
  SINCE JAN 1     15.79                     19.73  -3.94    20.41

SNOWFALL (IN)
  YESTERDAY        0.0
  MONTH TO DATE    0.0
  SINCE DEC 1      0.0
  SINCE JUL 1      0.0

DEGREE DAYS
 HEATING
  YESTERDAY        0                         9     -9        9
  MONTH TO DATE   36                       128    -92      175
  SINCE DEC 1     36                       128    -92      175
  SINCE JUL 1    194                       243    -49      340

 COOLING
  YESTERDAY        1                         1      0        0
  MONTH TO DATE   33                        20     13       23
  SINCE DEC 1     33                        20     13       23
  SINCE JAN 1   4508                      4275    233     4505
..................................................................


WIND (MPH)
  HIGHEST WIND SPEED    21   HIGHEST WIND DIRECTION     E (70)
  HIGHEST GUST SPEED    23   HIGHEST GUST DIRECTION     E (70)
  AVERAGE WIND SPEED    11.6


SKY COVER
  POSSIBLE SUNSHINE  MM
  AVERAGE SKY COVER 0.9


WEATHER CONDITIONS
 THE FOLLOWING WEATHER WAS RECORDED YESTERDAY.
  LIGHT RAIN


RELATIVE HUMIDITY (PERCENT)
 HIGHEST    43           700 AM
 LOWEST     30           100 PM

..........................................................


THE LAREDO CLIMATE NORMALS FOR TODAY
                         NORMAL    RECORD    YEAR
 MAXIMUM TEMPERATURE (F)   67        87      1924
 MINIMUM TEMPERATURE (F)   46        22      1932


SUNRISE AND SUNSET
DECEMBER 17 2014......SUNRISE   722 AM CST   SUNSET   546 PM CST
DECEMBER 18 2014......SUNRISE   722 AM CST   SUNSET   547 PM CST


-  INDICATES NEGATIVE NUMBERS.
R  INDICATES RECORD WAS SET OR TIED.
MM INDICATES DATA IS MISSING.
T  INDICATES TRACE AMOUNT.

$$

GW
