000
CDUS44 KCRP 042145 RRA
CLILRD

CLIMATE REPORT
NATIONAL WEATHER SERVICE CORPUS CHRISTI TX
443 PM CDT SAT JUL 4 2015


...................................

...THE LAREDO CLIMATE SUMMARY FOR JULY 4 2015...
VALID TODAY AS OF 0400 PM LOCAL TIME.

CLIMATE NORMAL PERIOD 1981 TO 2010
CLIMATE RECORD PERIOD 1900 TO 2015


WEATHER ITEM   OBSERVED TIME   RECORD YEAR NORMAL DEPARTURE LAST
                VALUE   (LST)  VALUE       VALUE  FROM      YEAR
                                                  NORMAL
..................................................................
TEMPERATURE (F)
 TODAY
  MAXIMUM         98    227 PM 111    1910  99     -1      100
  MINIMUM         77    643 AM  63    1907  77      0       75
  AVERAGE         88                        88      0       88

PRECIPITATION (IN)
  TODAY            0.00          3.37 1976   0.08  -0.08     0.00
  MONTH TO DATE    T                         0.33  -0.33     0.40
  SINCE JUN 1      1.20                      2.56  -1.36     0.95
  SINCE JAN 1     19.90                      9.43  10.47     5.98

SNOWFALL (IN)
  TODAY            0.0
  MONTH TO DATE    0.0
  SINCE JUN 1      0.0
  SINCE JUL 1      0.0

DEGREE DAYS
 HEATING
  TODAY            0                         0      0        0
  MONTH TO DATE    0                         0      0        0
  SINCE JUN 1      0                         0      0        0
  SINCE JUL 1      0                         0      0        0

 COOLING
  TODAY           23                        23      0       23
  MONTH TO DATE   79                        92    -13       92
  SINCE JUN 1    679                       752    -73      828
  SINCE JAN 1   1621                      1895   -274     1953
..................................................................


WIND (MPH)
  HIGHEST WIND SPEED    23   HIGHEST WIND DIRECTION    SE (130)
  HIGHEST GUST SPEED    30   HIGHEST GUST DIRECTION    SE (140)


SKY COVER
  POSSIBLE SUNSHINE  MM
  AVERAGE SKY COVER 0.2


WEATHER CONDITIONS
 THE FOLLOWING WEATHER WAS RECORDED TODAY.
  HAZE


RELATIVE HUMIDITY (PERCENT)
 HIGHEST    85           500 AM
 LOWEST     40           300 PM
 AVERAGE    63

..........................................................


THE LAREDO CLIMATE NORMALS FOR TOMORROW
                         NORMAL    RECORD    YEAR
 MAXIMUM TEMPERATURE (F)   99       109      1998
 MINIMUM TEMPERATURE (F)   77        65      1924


SUNRISE AND SUNSET
JULY  4 2015..........SUNRISE   647 AM CDT   SUNSET   837 PM CDT
JULY  5 2015..........SUNRISE   648 AM CDT   SUNSET   837 PM CDT


-  INDICATES NEGATIVE NUMBERS.
R  INDICATES RECORD WAS SET OR TIED.
MM INDICATES DATA IS MISSING.
T  INDICATES TRACE AMOUNT.




$$
