899
CDUS44 KCRP 271142 CCA
CLILRD

CLIMATE REPORT
NATIONAL WEATHER SERVICE CORPUS CHRISTI TX
541 AM CST MON FEB 27 2017

...................................

...THE LAREDO CLIMATE SUMMARY FOR FEBRUARY 26 2017...

CLIMATE NORMAL PERIOD 1981 TO 2010
CLIMATE RECORD PERIOD 1900 TO 2017


WEATHER ITEM   OBSERVED TIME   RECORD YEAR NORMAL DEPARTURE LAST
                VALUE   (LST)  VALUE       VALUE  FROM      YEAR
                                                  NORMAL
..................................................................
TEMPERATURE (F)
 YESTERDAY
  MAXIMUM         87        MM  96    1986  75     12       76
  MINIMUM         57        MM  33    1974  53      4       46
  AVERAGE         72                        64      8       61

PRECIPITATION (IN)
  YESTERDAY        T             0.78 2005   0.04  -0.04     0.00
  MONTH TO DATE    0.96                      0.85   0.11     0.01
  SINCE DEC 1      2.59                      2.63  -0.04     2.02
  SINCE JAN 1      0.97                      1.75  -0.78     1.89

SNOWFALL (IN)
  YESTERDAY        0.0
  MONTH TO DATE    0.0
  SINCE DEC 1      0.0
  SINCE JUL 1      0.0

DEGREE DAYS
 HEATING
  YESTERDAY        0                         4     -4        4
  MONTH TO DATE   38                       156   -118       92
  SINCE DEC 1    363                       720   -357      503
  SINCE JUL 1    380                       835   -455      574

 COOLING
  YESTERDAY        7                         3      4        0
  MONTH TO DATE  175                        52    123       94
  SINCE DEC 1    340                       115    225      164
  SINCE JAN 1    277                        80    197      101
..................................................................


WIND (MPH)
  HIGHEST WIND SPEED    18   HIGHEST WIND DIRECTION     S (190)
  HIGHEST GUST SPEED    23   HIGHEST GUST DIRECTION     S (160)
  AVERAGE WIND SPEED     8.7


SKY COVER
  POSSIBLE SUNSHINE  MM
  AVERAGE SKY COVER 0.5


WEATHER CONDITIONS
 THE FOLLOWING WEATHER WAS RECORDED YESTERDAY.
  LIGHT RAIN


RELATIVE HUMIDITY (PERCENT)
 HIGHEST    86           200 AM
 LOWEST     37           500 PM

..........................................................


THE LAREDO CLIMATE NORMALS FOR TODAY
                         NORMAL    RECORD    YEAR
 MAXIMUM TEMPERATURE (F)   75       103      2011
 MINIMUM TEMPERATURE (F)   53        28      1924


SUNRISE AND SUNSET
FEBRUARY 27 2017......SUNRISE   704 AM CST   SUNSET   637 PM CST
FEBRUARY 28 2017......SUNRISE   703 AM CST   SUNSET   638 PM CST


-  INDICATES NEGATIVE NUMBERS.
R  INDICATES RECORD WAS SET OR TIED.
MM INDICATES DATA IS MISSING.
T  INDICATES TRACE AMOUNT.




$$
