000
CDUS44 KCRP 282138 RRA
CLILRD

CLIMATE REPORT
NATIONAL WEATHER SERVICE CORPUS CHRISTI TX
436 PM CDT THU APR 28 2016

...THE LAREDO CLIMATE SUMMARY FOR APRIL 28 2016...

VALID AS OF 0400 PM LOCAL TIME.

CLIMATE NORMAL PERIOD 1981 TO 2010
CLIMATE RECORD PERIOD 1900 TO 2016


WEATHER ITEM   OBSERVED TIME   RECORD YEAR NORMAL DEPARTURE LAST
                VALUE   (LST)  VALUE       VALUE  FROM      YEAR
                                                  NORMAL
..................................................................
TEMPERATURE (F)
 TODAY
  MAXIMUM         95    300 PM 112    1937  90      5       75
  MINIMUM         71        MM  44    1997  68      3       58
  AVERAGE         83                        79      4       67

PRECIPITATION (IN)
  TODAY            0.00          2.01 1905   0.06  -0.06     0.00
  MONTH TO DATE    1.91                      1.29   0.62     5.51
  SINCE MAR 1      5.88                      2.41   3.47     8.08
  SINCE JAN 1      7.77                      4.25   3.52     8.96

SNOWFALL (IN)
  TODAY            0.0
  MONTH TO DATE    0.0
  SINCE MAR 1      0.0
  SINCE JUL 1      0.0
  SNOW DEPTH       0

DEGREE DAYS
 HEATING
  TODAY            0                         0      0        0
  MONTH TO DATE    0                        12    -12        0
  SINCE MAR 1     18                        81    -63      128
  SINCE JUL 1    594                       925   -331     1063

 COOLING
  TODAY           18                        14      4        2
  MONTH TO DATE  343                       314     29      310
  SINCE MAR 1    600                       487    113      401
  SINCE JAN 1    718                       572    146      449
..................................................................


WIND (MPH)
  HIGHEST WIND SPEED    16   HIGHEST WIND DIRECTION    SE (120)
  HIGHEST GUST SPEED    22   HIGHEST GUST DIRECTION    SE (120)


SKY COVER
  POSSIBLE SUNSHINE  MM
  AVERAGE SKY COVER 0.5


WEATHER CONDITIONS
 THE FOLLOWING WEATHER WAS RECORDED TODAY.
  NO SIGNIFICANT WEATHER WAS OBSERVED.


RELATIVE HUMIDITY (PERCENT)
 HIGHEST    93           300 AM
 LOWEST     42           300 PM
 AVERAGE    68

..........................................................


THE LAREDO CLIMATE NORMALS FOR TOMORROW
                         NORMAL    RECORD    YEAR
 MAXIMUM TEMPERATURE (F)   90       110      1909
 MINIMUM TEMPERATURE (F)   68        37      1925


SUNRISE AND SUNSET
APRIL 28 2016.........SUNRISE   701 AM CDT   SUNSET   810 PM CDT
APRIL 29 2016.........SUNRISE   700 AM CDT   SUNSET   811 PM CDT


-  INDICATES NEGATIVE NUMBERS.
R  INDICATES RECORD WAS SET OR TIED.
MM INDICATES DATA IS MISSING.
T  INDICATES TRACE AMOUNT.

$$

87
