000
CDUS44 KCRP 010646
CLILRD

CLIMATE REPORT
NATIONAL WEATHER SERVICE CORPUS CHRISTI TX
138 AM CDT MON SEP 1 2014


...................................

...THE LAREDO CLIMATE SUMMARY FOR AUGUST 31 2014...

CLIMATE NORMAL PERIOD 1981 TO 2010
CLIMATE RECORD PERIOD 1900 TO 2014


WEATHER ITEM   OBSERVED TIME   RECORD YEAR NORMAL DEPARTURE LAST
                VALUE   (LST)  VALUE       VALUE  FROM      YEAR
                                                  NORMAL
..................................................................
TEMPERATURE (F)
 YESTERDAY
  MAXIMUM        102    351 PM 107    2005  98      4      102
  MINIMUM         80    630 AM  67    1911  76      4       77
  AVERAGE         91                        87      4       90

PRECIPITATION (IN)
  YESTERDAY        0.00          2.50 1917   0.10  -0.10     0.00
  MONTH TO DATE    0.66                      1.88  -1.22     1.34
  SINCE JUN 1      2.55                      6.12  -3.57     5.79
  SINCE JAN 1      7.58                     12.99  -5.41    12.87

SNOWFALL (IN)
  YESTERDAY        0.0
  MONTH TO DATE    0.0
  SINCE JUN 1      0.0
  SINCE JUL 1      0.0

DEGREE DAYS
 HEATING
  YESTERDAY        0                         0      0        0
  MONTH TO DATE    0                         0      0        0
  SINCE JUN 1      0                         0      0        0
  SINCE JUL 1      0                         0      0        0

 COOLING
  YESTERDAY       26                        22      4       25
  MONTH TO DATE  809                       727     82      771
  SINCE JUN 1   2308                      2100    208     2204
  SINCE JAN 1   3433                      3243    190     3405
..................................................................


WIND (MPH)
  HIGHEST WIND SPEED    25   HIGHEST WIND DIRECTION    SE (120)
  HIGHEST GUST SPEED    30   HIGHEST GUST DIRECTION    SE (120)
  AVERAGE WIND SPEED    12.7


SKY COVER
  POSSIBLE SUNSHINE  MM
  AVERAGE SKY COVER 0.4


WEATHER CONDITIONS
 THE FOLLOWING WEATHER WAS RECORDED YESTERDAY.
  NO SIGNIFICANT WEATHER WAS OBSERVED.


RELATIVE HUMIDITY (PERCENT)
 HIGHEST    85           500 AM
 LOWEST     32           500 PM

..........................................................


THE LAREDO CLIMATE NORMALS FOR TODAY
                         NORMAL    RECORD    YEAR
 MAXIMUM TEMPERATURE (F)   97       108      1974
 MINIMUM TEMPERATURE (F)   76        54      1923


SUNRISE AND SUNSET
SEPTEMBER  1 2014.....SUNRISE   717 AM CDT   SUNSET   758 PM CDT
SEPTEMBER  2 2014.....SUNRISE   717 AM CDT   SUNSET   757 PM CDT


-  INDICATES NEGATIVE NUMBERS.
R  INDICATES RECORD WAS SET OR TIED.
MM INDICATES DATA IS MISSING.
T  INDICATES TRACE AMOUNT.




$$
