000
CDUS43 KARX 252140
CLILSE


CLIMATE REPORT
NATIONAL WEATHER SERVICE LA CROSSE WI
440 PM CDT MON JUL 25 2016


...................................

...THE LA CROSSE WI CLIMATE SUMMARY FOR JULY 25 2016...
VALID TODAY AS OF 0400 PM LOCAL TIME.

CLIMATE NORMAL PERIOD 1981 TO 2010
CLIMATE RECORD PERIOD 1873 TO 2016


WEATHER ITEM   OBSERVED TIME   RECORD YEAR NORMAL DEPARTURE LAST
                VALUE   (LST)  VALUE       VALUE  FROM      YEAR
                                                  NORMAL
..................................................................
TEMPERATURE (F)
 TODAY
  MAXIMUM         86    258 PM  98    1874  84      2       89
  MINIMUM         67    502 AM  50    1891  63      4       69
  AVERAGE         77                        74      3       79

PRECIPITATION (IN)
  TODAY            0.00          1.53 2005   0.14  -0.14     0.00
  MONTH TO DATE    5.01                      3.44   1.57     2.90
  SINCE JUN 1     11.74                      7.78   3.96     6.60
  SINCE JAN 1     22.22                     18.85   3.37    19.19

SNOWFALL (IN)
  TODAY            0.0           T    2013   0.0    0.0      0.0
  MONTH TO DATE    0.0                       0.0    0.0      0.0
  SINCE JUL 1      0.0                       0.0    0.0      0.0
  SNOW DEPTH       0

DEGREE DAYS
 HEATING
  TODAY            0                         0      0        0
  MONTH TO DATE    0                         0      0        3
  SINCE JUL 1      0                         0      0        3

 COOLING
  TODAY           12                         9      3       14
  MONTH TO DATE  264                       224     40      182
  SINCE JAN 1    562                       438    124      414
..................................................................


WIND (MPH)
  HIGHEST WIND SPEED    14   HIGHEST WIND DIRECTION    NW (300)
  HIGHEST GUST SPEED    19   HIGHEST GUST DIRECTION    NW (310)
  AVERAGE WIND SPEED     4.5


SKY COVER
  POSSIBLE SUNSHINE  MM
  AVERAGE SKY COVER 0.0


WEATHER CONDITIONS
 THE FOLLOWING WEATHER WAS RECORDED TODAY.
  NO SIGNIFICANT WEATHER WAS OBSERVED.


RELATIVE HUMIDITY (PERCENT)
 HIGHEST    87           500 AM
 LOWEST     48           100 PM
 AVERAGE    68

..........................................................


THE LA CROSSE WI CLIMATE NORMALS FOR TOMORROW
                         NORMAL    RECORD    YEAR
 MAXIMUM TEMPERATURE (F)   84       101      1955
 MINIMUM TEMPERATURE (F)   63        48      1911


SUNRISE AND SUNSET
JULY 25 2016..........SUNRISE   547 AM CDT   SUNSET   836 PM CDT
JULY 26 2016..........SUNRISE   548 AM CDT   SUNSET   835 PM CDT


-  INDICATES NEGATIVE NUMBERS.
R  INDICATES RECORD WAS SET OR TIED.
MM INDICATES DATA IS MISSING.
T  INDICATES TRACE AMOUNT.




$$
