000
CDUS43 KARX 070702
CLILSE


CLIMATE REPORT
NATIONAL WEATHER SERVICE LA CROSSE WI
100 AM CST WED DEC 7 2016


...................................

...THE LA CROSSE WI CLIMATE SUMMARY FOR DECEMBER 6 2016...

CLIMATE NORMAL PERIOD 1981 TO 2010
CLIMATE RECORD PERIOD 1873 TO 2016


WEATHER ITEM   OBSERVED TIME   RECORD YEAR NORMAL DEPARTURE LAST
                VALUE   (LST)  VALUE       VALUE  FROM      YEAR
                                                  NORMAL
..................................................................
TEMPERATURE (F)
 YESTERDAY
  MAXIMUM         37        MM  55    1939  32      5       44
  MINIMUM         23        MM -16    1972  18      5       39
  AVERAGE         30                        25      5       42

PRECIPITATION (IN)
  YESTERDAY        0.05          0.78 1875   0.06  -0.01     0.00
  MONTH TO DATE    0.36                      0.33   0.03     0.07
  SINCE DEC 1      0.36                      0.33   0.03     0.07
  SINCE JAN 1     42.93                     32.03  10.90    29.62

SNOWFALL (IN)
  YESTERDAY        0.6           2.2  1996   0.4    0.2      0.0
                                      1950
  MONTH TO DATE    2.9                       2.2    0.7      0.5
  SINCE JUL 1      2.9                       6.5   -3.6      1.4
  SNOW DEPTH       T

DEGREE DAYS
 HEATING
  YESTERDAY       35                        40     -5       23
  MONTH TO DATE  179                       234    -55      166
  SINCE JUL 1   1038                      1734   -696     1252

 COOLING
  YESTERDAY        0                         0      0        0
  MONTH TO DATE    0                         0      0        0
  SINCE JAN 1   1033                       782    251      887
..................................................................


WIND (MPH)
  HIGHEST WIND SPEED    18   HIGHEST WIND DIRECTION     W (270)
  HIGHEST GUST SPEED    31   HIGHEST GUST DIRECTION     W (280)
  AVERAGE WIND SPEED    12.8


SKY COVER
  POSSIBLE SUNSHINE  MM
  AVERAGE SKY COVER 1.0


WEATHER CONDITIONS
 THE FOLLOWING WEATHER WAS RECORDED YESTERDAY.
  LIGHT RAIN
  LIGHT SNOW
  FOG


RELATIVE HUMIDITY (PERCENT)
 HIGHEST    96           800 AM
 LOWEST     60          1100 PM
 AVERAGE    78

..........................................................


THE LA CROSSE WI CLIMATE NORMALS FOR TODAY
                         NORMAL    RECORD    YEAR
 MAXIMUM TEMPERATURE (F)   32        57      1916
 MINIMUM TEMPERATURE (F)   17       -20      1882


SUNRISE AND SUNSET
DECEMBER  7 2016......SUNRISE   726 AM CST   SUNSET   427 PM CST
DECEMBER  8 2016......SUNRISE   727 AM CST   SUNSET   427 PM CST


-  INDICATES NEGATIVE NUMBERS.
R  INDICATES RECORD WAS SET OR TIED.
MM INDICATES DATA IS MISSING.
T  INDICATES TRACE AMOUNT.




$$
