715
CDUS43 KARX 180646
CLILSE


CLIMATE REPORT
NATIONAL WEATHER SERVICE LA CROSSE WI
146 AM CDT WED OCT 18 2017


...................................

...THE LA CROSSE WI CLIMATE SUMMARY FOR OCTOBER 17 2017...

CLIMATE NORMAL PERIOD 1981 TO 2010
CLIMATE RECORD PERIOD 1873 TO 2017


WEATHER ITEM   OBSERVED TIME   RECORD YEAR NORMAL DEPARTURE LAST
                VALUE   (LST)  VALUE       VALUE  FROM      YEAR
                                                  NORMAL
..................................................................
TEMPERATURE (F)
 YESTERDAY
  MAXIMUM         72    346 PM  84    1910  60     12       77
  MINIMUM         48    626 AM  23    1952  40      8       65
  AVERAGE         60                        50     10       71

PRECIPITATION (IN)
  YESTERDAY        0.00          2.28 1998   0.07  -0.07     0.03
  MONTH TO DATE    4.89                      1.28   3.61     0.42
  SINCE SEP 1      5.84                      4.84   1.00    10.88
  SINCE JAN 1     37.60                     28.80   8.80    39.60

SNOWFALL (IN)
  YESTERDAY        0.0           T    2002   0.0    0.0      0.0
                                      1930
  MONTH TO DATE    0.0                       0.0    0.0      0.0
  SINCE JUL 1      0.0                       0.0    0.0      0.0
  SNOW DEPTH       0

DEGREE DAYS
 HEATING
  YESTERDAY        5                        15    -10        0
  MONTH TO DATE  117                       214    -97       97
  SINCE JUL 1    165                       374   -209      117

 COOLING
  YESTERDAY        0                         0      0        6
  MONTH TO DATE   11                         7      4       13
  SINCE JAN 1    998                       781    217     1033
..................................................................


WIND (MPH)
  HIGHEST WIND SPEED    15   HIGHEST WIND DIRECTION     S (180)
  HIGHEST GUST SPEED    18   HIGHEST GUST DIRECTION     S (170)
  AVERAGE WIND SPEED     8.1


SKY COVER
  POSSIBLE SUNSHINE  MM
  AVERAGE SKY COVER 0.0


WEATHER CONDITIONS
 THE FOLLOWING WEATHER WAS RECORDED YESTERDAY.
  NO SIGNIFICANT WEATHER WAS OBSERVED.


RELATIVE HUMIDITY (PERCENT)
 HIGHEST    74           600 AM
 LOWEST     41           300 PM
 AVERAGE    58

..........................................................


THE LA CROSSE WI CLIMATE NORMALS FOR TODAY
                         NORMAL    RECORD    YEAR
 MAXIMUM TEMPERATURE (F)   59        87      1950
 MINIMUM TEMPERATURE (F)   40        18      1972


SUNRISE AND SUNSET
OCTOBER 18 2017.......SUNRISE   724 AM CDT   SUNSET   616 PM CDT
OCTOBER 19 2017.......SUNRISE   725 AM CDT   SUNSET   614 PM CDT


-  INDICATES NEGATIVE NUMBERS.
R  INDICATES RECORD WAS SET OR TIED.
MM INDICATES DATA IS MISSING.
T  INDICATES TRACE AMOUNT.




$$
