000
CDUS46 KMTR 260836
CLILVK


CLIMATE REPORT
NATIONAL WEATHER SERVICE SAN FRANCISCO BAY AREA
136 AM PDT THU MAR 26 2015


...................................

...THE LIVERMORE AIRPORT CLIMATE SUMMARY FOR MARCH 25 2015...

CLIMATE NORMAL PERIOD 1981 TO 2010
CLIMATE RECORD PERIOD 1930 TO 2015


WEATHER ITEM   OBSERVED TIME   RECORD YEAR NORMAL DEPARTURE LAST
                VALUE   (LST)  VALUE       VALUE  FROM      YEAR
                                                  NORMAL
..................................................................
TEMPERATURE (F)
 YESTERDAY
  MAXIMUM         78    442 PM  82    1997  65     13       65
  MINIMUM         46    621 AM  28    1964  43      3       43
  AVERAGE         62                        54      8       54

PRECIPITATION (IN)
  YESTERDAY        0.00          0.90 2012   0.06  -0.06     0.10
  MONTH TO DATE    0.19                      1.81  -1.62     0.33
  SINCE OCT 1     12.11                     13.43  -1.32     4.87
  SINCE JAN 1      2.49                      7.85  -5.36     2.96

DEGREE DAYS
 HEATING
  YESTERDAY        3                        11     -8       11
  MONTH TO DATE  145                       289   -144      150
  SINCE MAR 1    145                       289   -144      150
  SINCE JUL 1   1331                      2296   -965     1664

 COOLING
  YESTERDAY        0                         0      0        0
  MONTH TO DATE    5                         0      5        0
  SINCE MAR 1      5                         0      5        0
  SINCE JAN 1      5                         0      5        0
..................................................................


WIND (MPH)
  RESULTANT WIND SPEED   0   RESULTANT WIND DIRECTION  NW (300)
  HIGHEST WIND SPEED    13   HIGHEST WIND DIRECTION     W (280)
  HIGHEST GUST SPEED    16   HIGHEST GUST DIRECTION    NE (50)
  AVERAGE WIND SPEED     2.6


SKY COVER
  POSSIBLE SUNSHINE  MM
  AVERAGE SKY COVER 0.0


WEATHER CONDITIONS
 THE FOLLOWING WEATHER WAS RECORDED YESTERDAY.
  NO SIGNIFICANT WEATHER WAS OBSERVED.


RELATIVE HUMIDITY (PERCENT)
 HIGHEST    93           300 AM
 LOWEST     29           400 PM
 AVERAGE    61

..........................................................


THE LIVERMORE AIRPORT CLIMATE NORMALS FOR TODAY
                         NORMAL    RECORD    YEAR
 MAXIMUM TEMPERATURE (F)   65        88      1988
 MINIMUM TEMPERATURE (F)   43        30      1972


SUNRISE AND SUNSET
MARCH 26 2015.........SUNRISE   702 AM PDT   SUNSET   725 PM PDT
MARCH 27 2015.........SUNRISE   700 AM PDT   SUNSET   725 PM PDT


-  INDICATES NEGATIVE NUMBERS.
R  INDICATES RECORD WAS SET OR TIED.
MM INDICATES DATA IS MISSING.
T  INDICATES TRACE AMOUNT.




$$
