000
CDUS46 KMTR 310028
CLILVK


CLIMATE REPORT
NATIONAL WEATHER SERVICE SAN FRANCISCO BAY AREA
527 PM PDT SAT JUL 30 2016


...................................

...THE LIVERMORE AIRPORT CLIMATE SUMMARY FOR JULY 30 2016...
VALID TODAY AS OF 0500 PM LOCAL TIME.

CLIMATE NORMAL PERIOD 1981 TO 2010
CLIMATE RECORD PERIOD 1930 TO 2016


WEATHER ITEM   OBSERVED TIME   RECORD YEAR NORMAL DEPARTURE LAST
                VALUE   (LST)  VALUE       VALUE  FROM      YEAR
                                                  NORMAL
..................................................................
TEMPERATURE (F)
 TODAY
  MAXIMUM         97    143 PM 107    1979  88      9       97
  MINIMUM         61    451 AM  46    1975  57      4       64
  AVERAGE         79                        73      6       81

PRECIPITATION (IN)
  TODAY            0.00          0.03 1966   0.00   0.00     0.00
  MONTH TO DATE    0.00                      0.00   0.00      T
  SINCE OCT 1     15.38                     15.48  -0.10    13.78
  SINCE JAN 1     10.38                      9.90   0.48     4.16

DEGREE DAYS
 HEATING
  TODAY            0                         0      0        0
  MONTH TO DATE    0                         0      0        0
  SINCE JUN 1      8                        32    -24        0
  SINCE JUL 1      0                         0      0        0

 COOLING
  TODAY           14                         8      6       16
  MONTH TO DATE  257                       226     31      325
  SINCE JUN 1    465                       336    129      586
  SINCE JAN 1    537                       389    148      624
..................................................................


WIND (MPH)
  RESULTANT WIND SPEED   5   RESULTANT WIND DIRECTION   W (270)
  HIGHEST WIND SPEED    15   HIGHEST WIND DIRECTION     W (290)
  HIGHEST GUST SPEED    22   HIGHEST GUST DIRECTION     W (260)
  AVERAGE WIND SPEED     7.2


SKY COVER
  POSSIBLE SUNSHINE  MM
  AVERAGE SKY COVER 0.0


WEATHER CONDITIONS
 THE FOLLOWING WEATHER WAS RECORDED TODAY.
  NO SIGNIFICANT WEATHER WAS OBSERVED.


RELATIVE HUMIDITY (PERCENT)
 HIGHEST    72           600 AM
 LOWEST     22           200 PM
 AVERAGE    47

..........................................................


THE LIVERMORE AIRPORT CLIMATE NORMALS FOR TOMORROW
                         NORMAL    RECORD    YEAR
 MAXIMUM TEMPERATURE (F)   88       106      1977
 MINIMUM TEMPERATURE (F)   57        46      1969


SUNRISE AND SUNSET
JULY 30 2016..........SUNRISE   610 AM PDT   SUNSET   817 PM PDT
JULY 31 2016..........SUNRISE   611 AM PDT   SUNSET   816 PM PDT


-  INDICATES NEGATIVE NUMBERS.
R  INDICATES RECORD WAS SET OR TIED.
MM INDICATES DATA IS MISSING.
T  INDICATES TRACE AMOUNT.




$$
