000
CDUS46 KMTR 020026
CLILVK


CLIMATE REPORT
NATIONAL WEATHER SERVICE SAN FRANCISCO BAY AREA
526 PM PDT TUE SEP 1 2015


...................................

...THE LIVERMORE AIRPORT CLIMATE SUMMARY FOR SEPTEMBER 1 2015...
VALID TODAY AS OF 0500 PM LOCAL TIME.

CLIMATE NORMAL PERIOD 1981 TO 2010
CLIMATE RECORD PERIOD 1930 TO 2015


WEATHER ITEM   OBSERVED TIME   RECORD YEAR NORMAL DEPARTURE LAST
                VALUE   (LST)  VALUE       VALUE  FROM      YEAR
                                                  NORMAL
..................................................................
TEMPERATURE (F)
 TODAY
  MAXIMUM         88    312 PM 109    1952  87      1       99
  MINIMUM         59    611 AM  41    1960  57      2       57
  AVERAGE         74                        72      2       78

PRECIPITATION (IN)
  TODAY            0.00          0.14 2000   0.00   0.00     0.00
  MONTH TO DATE    0.00                      0.00   0.00     0.00
  SINCE OCT 1     13.78                     15.49  -1.71     6.79
  SINCE JAN 1      4.16                      9.91  -5.75     4.88

DEGREE DAYS
 HEATING
  TODAY            0                         0      0        0
  MONTH TO DATE    0                         0      0        0
  SINCE SEP 1      0                         0      0        0
  SINCE JUL 1      0                         7     -7        0

 COOLING
  TODAY            9                         7      2       13
  MONTH TO DATE    9                         7      2       13
  SINCE SEP 1      9                         7      2       13
  SINCE JAN 1    988                       632    356      927
..................................................................


WIND (MPH)
  RESULTANT WIND SPEED   4   RESULTANT WIND DIRECTION   W (290)
  HIGHEST WIND SPEED    17   HIGHEST WIND DIRECTION     W (290)
  HIGHEST GUST SPEED    22   HIGHEST GUST DIRECTION     W (280)
  AVERAGE WIND SPEED     5.2


SKY COVER
  POSSIBLE SUNSHINE  MM
  AVERAGE SKY COVER 0.0


WEATHER CONDITIONS
 THE FOLLOWING WEATHER WAS RECORDED TODAY.
  NO SIGNIFICANT WEATHER WAS OBSERVED.


RELATIVE HUMIDITY (PERCENT)
 HIGHEST    84           400 AM
 LOWEST     31           100 PM
 AVERAGE    58

..........................................................


THE LIVERMORE AIRPORT CLIMATE NORMALS FOR TOMORROW
                         NORMAL    RECORD    YEAR
 MAXIMUM TEMPERATURE (F)   87       111      1952
 MINIMUM TEMPERATURE (F)   57        45      1970


SUNRISE AND SUNSET
SEPTEMBER  1 2015.....SUNRISE   637 AM PDT   SUNSET   737 PM PDT
SEPTEMBER  2 2015.....SUNRISE   638 AM PDT   SUNSET   735 PM PDT


-  INDICATES NEGATIVE NUMBERS.
R  INDICATES RECORD WAS SET OR TIED.
MM INDICATES DATA IS MISSING.
T  INDICATES TRACE AMOUNT.




$$
