000
CDUS46 KMTR 240844
CLILVK


CLIMATE REPORT
NATIONAL WEATHER SERVICE SAN FRANCISCO BAY AREA
144 AM PDT WED MAY 24 2017


...................................

...THE LIVERMORE AIRPORT CLIMATE SUMMARY FOR MAY 23 2017...

CLIMATE NORMAL PERIOD 1981 TO 2010
CLIMATE RECORD PERIOD 1930 TO 2017


WEATHER ITEM   OBSERVED TIME   RECORD YEAR NORMAL DEPARTURE LAST
                VALUE   (LST)  VALUE       VALUE  FROM      YEAR
                                                  NORMAL
..................................................................
TEMPERATURE (F)
 YESTERDAY
  MAXIMUM         92    112 PM 101    1943  76     16       70
  MINIMUM         59   1113 PM  38    2010  50      9       50
  AVERAGE         76                        63     13       60

PRECIPITATION (IN)
  YESTERDAY        0.00          0.56 1958   0.01  -0.01     0.00
  MONTH TO DATE    0.00                      0.54  -0.54     0.20
  SINCE OCT 1     25.35                     15.36   9.99    15.38
  SINCE JAN 1     18.89                      9.78   9.11    10.38

DEGREE DAYS
 HEATING
  YESTERDAY        0                         4     -4        5
  MONTH TO DATE   69                       104    -35       56
  SINCE MAR 1    562                       719   -157      476
  SINCE JUL 1   2421                      2726   -305     2181

 COOLING
  YESTERDAY       11                         2      9        0
  MONTH TO DATE   74                        32     42       25
  SINCE MAR 1     74                        41     33       33
  SINCE JAN 1     74                        41     33       33
..................................................................


WIND (MPH)
  RESULTANT WIND SPEED   6   RESULTANT WIND DIRECTION   W (280)
  HIGHEST WIND SPEED    18   HIGHEST WIND DIRECTION     W (290)
  HIGHEST GUST SPEED    22   HIGHEST GUST DIRECTION     W (290)
  AVERAGE WIND SPEED     7.4


SKY COVER
  POSSIBLE SUNSHINE  MM
  AVERAGE SKY COVER 0.0


WEATHER CONDITIONS
 THE FOLLOWING WEATHER WAS RECORDED YESTERDAY.
  NO SIGNIFICANT WEATHER WAS OBSERVED.


RELATIVE HUMIDITY (PERCENT)
 HIGHEST    78           600 AM
 LOWEST     33           400 PM
 AVERAGE    56

..........................................................


THE LIVERMORE AIRPORT CLIMATE NORMALS FOR TODAY
                         NORMAL    RECORD    YEAR
 MAXIMUM TEMPERATURE (F)   76        98      1982
 MINIMUM TEMPERATURE (F)   51        40      1980


SUNRISE AND SUNSET
MAY 24 2017...........SUNRISE   551 AM PDT   SUNSET   818 PM PDT
MAY 25 2017...........SUNRISE   550 AM PDT   SUNSET   819 PM PDT


-  INDICATES NEGATIVE NUMBERS.
R  INDICATES RECORD WAS SET OR TIED.
MM INDICATES DATA IS MISSING.
T  INDICATES TRACE AMOUNT.




$$
