677
CDUS45 KBYZ 230723
CLILVM


CLIMATE REPORT
NATIONAL WEATHER SERVICE BILLINGS MT
123 AM MDT FRI JUN 23 2017


...................................

...THE LIVINGSTON MT CLIMATE SUMMARY FOR JUNE 22 2017...

CLIMATE NORMAL PERIOD 1981 TO 2010
CLIMATE RECORD PERIOD 1948 TO 2017


WEATHER ITEM   OBSERVED TIME   RECORD YEAR NORMAL DEPARTURE LAST
                VALUE   (LST)  VALUE       VALUE  FROM      YEAR
                                                  NORMAL
..................................................................
TEMPERATURE (F)
 YESTERDAY
  MAXIMUM         73    315 PM  94    1954  76     -3       86
  MINIMUM         39   1143 PM  36    1989  45     -6       37
  AVERAGE         56                        61     -5       62

PRECIPITATION (IN)
  YESTERDAY        0.00          0.56 1987   0.08  -0.08     0.00
  MONTH TO DATE    1.54                      1.90  -0.36     0.55
  SINCE OCT 1     13.57                     10.53   3.04     9.32
  SINCE JAN 1      9.64                      8.16   1.48     5.62

DEGREE DAYS
 HEATING
  YESTERDAY        9                         5      4        3
  MONTH TO DATE  116                       174    -58       68
  SINCE JUN 1    116                       174    -58       68
  SINCE JUL 1   7106                      7570   -464     6388

 COOLING
  YESTERDAY        0                         1     -1        0
  MONTH TO DATE   17                         6     11       35
  SINCE JUN 1     17                         6     11       35
  SINCE JAN 1     17                         7     10       35
..................................................................


WIND (MPH)
  HIGHEST WIND SPEED    26   HIGHEST WIND DIRECTION     W (280)
  HIGHEST GUST SPEED    35   HIGHEST GUST DIRECTION     W (280)
  AVERAGE WIND SPEED    14.8


SKY COVER
  POSSIBLE SUNSHINE  MM
  AVERAGE SKY COVER 0.3


WEATHER CONDITIONS
 THE FOLLOWING WEATHER WAS RECORDED YESTERDAY.
  NO SIGNIFICANT WEATHER WAS OBSERVED.


RELATIVE HUMIDITY (PERCENT)
 HIGHEST    65          1100 PM
 LOWEST     19           100 PM
 AVERAGE    42

..........................................................


THE LIVINGSTON MT CLIMATE NORMALS FOR TODAY
                         NORMAL    RECORD    YEAR
 MAXIMUM TEMPERATURE (F)   76        96      2016
 MINIMUM TEMPERATURE (F)   46        31      2003


SUNRISE AND SUNSET
JUNE 23 2017..........SUNRISE   533 AM MDT   SUNSET   915 PM MDT
JUNE 24 2017..........SUNRISE   533 AM MDT   SUNSET   915 PM MDT


-  INDICATES NEGATIVE NUMBERS.
R  INDICATES RECORD WAS SET OR TIED.
MM INDICATES DATA IS MISSING.
T  INDICATES TRACE AMOUNT.




$$
