000
CDUS45 KBYZ 252227
CLILVM


CLIMATE REPORT
NATIONAL WEATHER SERVICE BILLINGS MT
426 PM MDT SAT OCT 25 2014


...................................

...THE LIVINGSTON MT CLIMATE SUMMARY FOR OCTOBER 25 2014...
VALID TODAY AS OF 0400 PM LOCAL TIME.

CLIMATE NORMAL PERIOD 1981 TO 2010
CLIMATE RECORD PERIOD 1948 TO 2014


WEATHER ITEM   OBSERVED TIME   RECORD YEAR NORMAL DEPARTURE LAST
                VALUE   (LST)  VALUE       VALUE  FROM      YEAR
                                                  NORMAL
..................................................................
TEMPERATURE (F)
 TODAY
  MAXIMUM         74    259 PM  77    1966  55     19       68
  MINIMUM         25    639 AM  12    1997  30     -5       31
  AVERAGE         50                        42      8       50

PRECIPITATION (IN)
  TODAY            0.00          0.29 1989   0.03  -0.03     0.00
  MONTH TO DATE    0.23                      1.08  -0.85     1.14
  SINCE OCT 1      0.23                      1.08  -0.85     1.14
  SINCE JAN 1     13.90                     13.52   0.38    10.93

DEGREE DAYS
 HEATING
  TODAY           15                        23     -8       15
  MONTH TO DATE  287                       474   -187      525
  SINCE SEP 1    531                       765   -234      698
  SINCE JUL 1    600                       883   -283      698

 COOLING
  TODAY            0                         0      0        0
  MONTH TO DATE    0                         0      0        0
  SINCE SEP 1     18                        14      4       56
  SINCE JAN 1    321                       229     92      495
..................................................................


WIND (MPH)
  HIGHEST WIND SPEED    16   HIGHEST WIND DIRECTION    SW (230)
  HIGHEST GUST SPEED    23   HIGHEST GUST DIRECTION    SW (230)
  AVERAGE WIND SPEED     3.6


SKY COVER
  POSSIBLE SUNSHINE  MM
  AVERAGE SKY COVER 0.1


WEATHER CONDITIONS
 THE FOLLOWING WEATHER WAS RECORDED TODAY.
  FOG
  FOG W/VISIBILITY <= 1/4 MILE


RELATIVE HUMIDITY (PERCENT)
 HIGHEST    92           500 AM
 LOWEST     20           300 PM
 AVERAGE    56

..........................................................


THE LIVINGSTON MT CLIMATE NORMALS FOR TOMORROW
                         NORMAL    RECORD    YEAR
 MAXIMUM TEMPERATURE (F)   54        79      1999
 MINIMUM TEMPERATURE (F)   30        11      1951


SUNRISE AND SUNSET
OCTOBER 25 2014.......SUNRISE   752 AM MDT   SUNSET   619 PM MDT
OCTOBER 26 2014.......SUNRISE   753 AM MDT   SUNSET   617 PM MDT


-  INDICATES NEGATIVE NUMBERS.
R  INDICATES RECORD WAS SET OR TIED.
MM INDICATES DATA IS MISSING.
T  INDICATES TRACE AMOUNT.





&&

THIS IS AN AUTOMATED...UNATTENDED WEATHER STATION AND MAY
UNDERESTIMATE WINTER PRECIPITATION.

$$
