000
CDUS45 KBYZ 180938
CLILVM


CLIMATE REPORT
NATIONAL WEATHER SERVICE BILLINGS MT
336 AM MDT THU SEP 18 2014


...................................

...THE LIVINGSTON MT CLIMATE SUMMARY FOR SEPTEMBER 17 2014...

CLIMATE NORMAL PERIOD 1981 TO 2010
CLIMATE RECORD PERIOD 1948 TO 2014


WEATHER ITEM   OBSERVED TIME   RECORD YEAR NORMAL DEPARTURE LAST
                VALUE   (LST)  VALUE       VALUE  FROM      YEAR
                                                  NORMAL
..................................................................
TEMPERATURE (F)
 YESTERDAY
  MAXIMUM         87    300 PM  92    1981  71     16       67
  MINIMUM         50    604 AM  21    1965  39     11       51
  AVERAGE         69                        55     14       59

PRECIPITATION (IN)
  YESTERDAY        0.02          0.89 1975   0.04  -0.02     0.29
  MONTH TO DATE    0.43                      0.64  -0.21     1.35
  SINCE OCT 1     14.66                     14.24   0.42    11.13
  SINCE JAN 1     12.37                     11.87   0.50     8.83

DEGREE DAYS
 HEATING
  YESTERDAY        0                        10    -10        6
  MONTH TO DATE  172                       126     46       19
  SINCE SEP 1    172                       126     46       19
  SINCE JUL 1    241                       244     -3       19

 COOLING
  YESTERDAY        4                         0      4        0
  MONTH TO DATE    4                        13     -9       56
  SINCE SEP 1      4                        13     -9       56
  SINCE JAN 1    307                       228     79      495
..................................................................


WIND (MPH)
  HIGHEST WIND SPEED    26   HIGHEST WIND DIRECTION     W (270)
  HIGHEST GUST SPEED    35   HIGHEST GUST DIRECTION    SW (210)
  AVERAGE WIND SPEED     6.3


SKY COVER
  POSSIBLE SUNSHINE  MM
  AVERAGE SKY COVER 0.1


WEATHER CONDITIONS
 THE FOLLOWING WEATHER WAS RECORDED YESTERDAY.
  THUNDERSTORM
  RAIN
  LIGHT RAIN


RELATIVE HUMIDITY (PERCENT)
 HIGHEST    74           600 AM
 LOWEST     21           300 PM
 AVERAGE    48

..........................................................


THE LIVINGSTON MT CLIMATE NORMALS FOR TODAY
                         NORMAL    RECORD    YEAR
 MAXIMUM TEMPERATURE (F)   71        94      1981
 MINIMUM TEMPERATURE (F)   39        21      1965


SUNRISE AND SUNSET
SEPTEMBER 18 2014.....SUNRISE   704 AM MDT   SUNSET   727 PM MDT
SEPTEMBER 19 2014.....SUNRISE   705 AM MDT   SUNSET   725 PM MDT


-  INDICATES NEGATIVE NUMBERS.
R  INDICATES RECORD WAS SET OR TIED.
MM INDICATES DATA IS MISSING.
T  INDICATES TRACE AMOUNT.





&&

THIS IS AN AUTOMATED...UNATTENDED WEATHER STATION AND MAY
UNDERESTIMATE WINTER PRECIPITATION.

$$
