000
CDUS45 KBYZ 202323
CLILVM


CLIMATE REPORT
NATIONAL WEATHER SERVICE BILLINGS MT
421 PM MST THU NOV 20 2014


...................................

...THE LIVINGSTON MT CLIMATE SUMMARY FOR NOVEMBER 20 2014...
VALID TODAY AS OF 0400 PM LOCAL TIME.

CLIMATE NORMAL PERIOD 1981 TO 2010
CLIMATE RECORD PERIOD 1948 TO 2014


WEATHER ITEM   OBSERVED TIME   RECORD YEAR NORMAL DEPARTURE LAST
                VALUE   (LST)  VALUE       VALUE  FROM      YEAR
                                                  NORMAL
..................................................................
TEMPERATURE (F)
 TODAY
  MAXIMUM         48    328 PM  72    2002  42      6       49
  MINIMUM         25    404 AM -10    1977  23      2       -3
  AVERAGE         37                        32      5       23

PRECIPITATION (IN)
  TODAY            0.00          0.41        0.02  -0.02     0.12
  MONTH TO DATE    0.35                      0.39  -0.04     0.36
  SINCE OCT 1      0.64                      1.65  -1.01     1.51
  SINCE JAN 1     14.31                     14.09   0.22    11.30

DEGREE DAYS
 HEATING
  TODAY           28                        33     -5       42
  MONTH TO DATE  732                       581    151      508
  SINCE SEP 1   1381                      1491   -110     1360
  SINCE JUL 1   1450                      1609   -159     1360

 COOLING
  TODAY            0                         0      0        0
  MONTH TO DATE    0                         0      0        0
  SINCE SEP 1     18                        15      3       56
  SINCE JAN 1    321                       230     91      495
..................................................................


WIND (MPH)
  HIGHEST WIND SPEED    38   HIGHEST WIND DIRECTION    SW (230)
  HIGHEST GUST SPEED    50   HIGHEST GUST DIRECTION    SW (230)
  AVERAGE WIND SPEED    26.0


SKY COVER
  POSSIBLE SUNSHINE  MM
  AVERAGE SKY COVER 0.2


WEATHER CONDITIONS
 THE FOLLOWING WEATHER WAS RECORDED TODAY.
  NO SIGNIFICANT WEATHER WAS OBSERVED.


RELATIVE HUMIDITY (PERCENT)
 HIGHEST    58           400 AM
 LOWEST     34           300 PM
 AVERAGE    46

..........................................................


THE LIVINGSTON MT CLIMATE NORMALS FOR TOMORROW
                         NORMAL    RECORD    YEAR
 MAXIMUM TEMPERATURE (F)   41        73      2002
 MINIMUM TEMPERATURE (F)   22       -12      2013
                                             2010
                                             1977


SUNRISE AND SUNSET
NOVEMBER 20 2014......SUNRISE   728 AM MST   SUNSET   446 PM MST
NOVEMBER 21 2014......SUNRISE   730 AM MST   SUNSET   445 PM MST


-  INDICATES NEGATIVE NUMBERS.
R  INDICATES RECORD WAS SET OR TIED.
MM INDICATES DATA IS MISSING.
T  INDICATES TRACE AMOUNT.





&&

THIS IS AN AUTOMATED...UNATTENDED WEATHER STATION AND MAY
UNDERESTIMATE WINTER PRECIPITATION.

$$
