000
CDUS45 KBYZ 271033
CLILVM


CLIMATE REPORT
NATIONAL WEATHER SERVICE BILLINGS MT
332 AM MST FRI FEB 27 2015


...................................

...THE LIVINGSTON MT CLIMATE SUMMARY FOR FEBRUARY 26 2015...

CLIMATE NORMAL PERIOD 1981 TO 2010
CLIMATE RECORD PERIOD 1948 TO 2015


WEATHER ITEM   OBSERVED TIME   RECORD YEAR NORMAL DEPARTURE LAST
                VALUE   (LST)  VALUE       VALUE  FROM      YEAR
                                                  NORMAL
..................................................................
TEMPERATURE (F)
 YESTERDAY
  MAXIMUM         15    302 PM  64    1950  43    -28       26
  MINIMUM          7    813 AM -19    1962  20    -13       -1
  AVERAGE         11                        31    -20       13

PRECIPITATION (IN)
  YESTERDAY        T             0.12        0.02  -0.02     0.00
  MONTH TO DATE    0.65                      0.46   0.19     0.63
  SINCE OCT 1      2.98                      3.32  -0.34     3.33
  SINCE JAN 1      1.19                      0.95   0.24     1.04

DEGREE DAYS
 HEATING
  YESTERDAY       54                        34     20       52
  MONTH TO DATE  738                       938   -200     1204
  SINCE DEC 1   2781                      3320   -539     3442
  SINCE JUL 1   4519                      5279   -760     5149

 COOLING
  YESTERDAY        0                         0      0        0
  MONTH TO DATE    0                         0      0        0
  SINCE DEC 1      0                         0      0        0
  SINCE JAN 1      0                         0      0        0
..................................................................


WIND (MPH)
  HIGHEST WIND SPEED    20   HIGHEST WIND DIRECTION     E (80)
  HIGHEST GUST SPEED    23   HIGHEST GUST DIRECTION     E (80)
  AVERAGE WIND SPEED    13.2


SKY COVER
  POSSIBLE SUNSHINE  MM
  AVERAGE SKY COVER 0.9


WEATHER CONDITIONS
 THE FOLLOWING WEATHER WAS RECORDED YESTERDAY.
  LIGHT SNOW
  FOG
  HAZE


RELATIVE HUMIDITY (PERCENT)
 HIGHEST    84          1200 AM
 LOWEST     59           300 PM
 AVERAGE    72

..........................................................


THE LIVINGSTON MT CLIMATE NORMALS FOR TODAY
                         NORMAL    RECORD    YEAR
 MAXIMUM TEMPERATURE (F)   43        63      1992
 MINIMUM TEMPERATURE (F)   20       -21      1960


SUNRISE AND SUNSET
FEBRUARY 27 2015......SUNRISE   704 AM MST   SUNSET   606 PM MST
FEBRUARY 28 2015......SUNRISE   702 AM MST   SUNSET   607 PM MST


-  INDICATES NEGATIVE NUMBERS.
R  INDICATES RECORD WAS SET OR TIED.
MM INDICATES DATA IS MISSING.
T  INDICATES TRACE AMOUNT.





&&

THIS IS AN AUTOMATED...UNATTENDED WEATHER STATION AND MAY
UNDERESTIMATE WINTER PRECIPITATION.

$$
