000
CDUS41 KRNK 182126
CLILWB


CLIMATE REPORT
NATIONAL WEATHER SERVICE BLACKSBURG VA
525 PM EDT THU SEP 18 2014


...................................

...THE LEWISBURG WV CLIMATE SUMMARY FOR SEPTEMBER 18 2014...
VALID TODAY AS OF 0500 PM LOCAL TIME.

CLIMATE NORMAL PERIOD 1981 TO 2010
CLIMATE RECORD PERIOD 1973 TO 2014


WEATHER ITEM   OBSERVED TIME   RECORD YEAR NORMAL DEPARTURE
                VALUE   (LST)  VALUE       VALUE  FROM
                                                  NORMAL
...............................................................
TEMPERATURE (F)
 TODAY
  MAXIMUM         72    100 PM  87    1991  74     -2
  MINIMUM         51        MM  34    1999  49      2
  AVERAGE         62                        61      1

PRECIPITATION (IN)
  TODAY            0.00          0.45 2012   0.12  -0.12
  MONTH TO DATE    0.96                      1.97  -1.01
  SINCE SEP 1      0.96                      1.97  -1.01
  SINCE JAN 1     19.65                     30.07 -10.42

SNOWFALL (IN)
  TODAY            0.0
  MONTH TO DATE    0.0
  SINCE SEP 1      0.0
  SINCE JUL 1      0.0
  SNOW DEPTH       0

DEGREE DAYS
 HEATING
  TODAY            3                               -2
  MONTH TO DATE   31                              -18
  SINCE SEP 1     31                              -18
  SINCE JUL 1     53                              -24

 COOLING
  TODAY            0                               -1
  MONTH TO DATE   89                               55
  SINCE SEP 1     89                               55
  SINCE JAN 1    606                              122
...............................................................


WIND (MPH)
  HIGHEST WIND SPEED     5   HIGHEST WIND DIRECTION    SW (220)
  HIGHEST GUST SPEED    MM   HIGHEST GUST DIRECTION    MM
  AVERAGE WIND SPEED     0.5




RELATIVE HUMIDITY (PERCENT)
 HIGHEST    93
 LOWEST     44
 AVERAGE    69

..........................................................


THE LEWISBURG WV CLIMATE NORMALS FOR TOMORROW
                         NORMAL    RECORD    YEAR
 MAXIMUM TEMPERATURE (F)   73        88      2010
 MINIMUM TEMPERATURE (F)   48        36      2004


SUNRISE AND SUNSET
SEPTEMBER 18 2014.....SUNRISE   706 AM EDT   SUNSET   725 PM EDT
SEPTEMBER 19 2014.....SUNRISE   707 AM EDT   SUNSET   723 PM EDT


-  INDICATES NEGATIVE NUMBERS.
R  INDICATES RECORD WAS SET OR TIED.
MM INDICATES DATA IS MISSING.
T  INDICATES TRACE AMOUNT.

REMARKS

DUE TO MISSING PRECIPITATION DATA ON JANUARY 25...THE ANNUAL
TOTAL AND DEPARTURE FROM NORMAL FOR PRECIPITATION WILL BE
CALCULATED WITHOUT DATA FROM THAT DATE.

$$

MBS
