000
CDUS43 KTOP 270638
CLILWC


CLIMATE REPORT
NATIONAL WEATHER SERVICE TOPEKA KS
1238 AM CST MON FEB 27 2017


...................................

...THE LAWRENCE KS CLIMATE SUMMARY FOR FEBRUARY 26 2017...

CLIMATE NORMAL PERIOD 1981 TO 2010
CLIMATE RECORD PERIOD 9999 TO 9999


WEATHER ITEM   OBSERVED NORMAL DEPARTURE LAST
                VALUE   VALUE  FROM      YEAR
                               NORMAL
...............................................
TEMPERATURE (F)
 YESTERDAY
  MAXIMUM         54     49      5       58
  MINIMUM         27     26      1       15
  AVERAGE         41     38      3       37

PRECIPITATION (IN)
  YESTERDAY        0.01   0.05  -0.04     0.00
  MONTH TO DATE    0.03   1.21  -1.18     0.44
  SINCE DEC 1      2.01   3.69  -1.68     4.33
  SINCE JAN 1      1.01   2.22  -1.21     1.12

DEGREE DAYS
 HEATING
  YESTERDAY       24     27     -3       28
  MONTH TO DATE  564    810   -246      717
  SINCE DEC 1   2609   2953   -344     2628
  SINCE JUL 1   3253   3961   -708     3451

 COOLING
  YESTERDAY        0      0      0        0
  MONTH TO DATE    0      0      0        0
  SINCE DEC 1      0      0      0        0
  SINCE JAN 1      0      0      0        0
...............................................


WIND (MPH)
  HIGHEST WIND SPEED    17   HIGHEST WIND DIRECTION     S (170)
  HIGHEST GUST SPEED    23   HIGHEST GUST DIRECTION     S (180)
  AVERAGE WIND SPEED     6.8


SKY COVER
  AVERAGE SKY COVER 0.5


WEATHER CONDITIONS
 THE FOLLOWING WEATHER WAS RECORDED YESTERDAY.
  LIGHT SNOW
  FOG
  HAZE


RELATIVE HUMIDITY (PERCENT)
 HIGHEST    96
 LOWEST     32
 AVERAGE    64

..........................................................


THE LAWRENCE KS CLIMATE NORMALS FOR TODAY
                         NORMAL
 MAXIMUM TEMPERATURE (F)   50
 MINIMUM TEMPERATURE (F)   26


SUNRISE AND SUNSET
FEBRUARY 27 2017......SUNRISE   656 AM CST   SUNSET   612 PM CST
FEBRUARY 28 2017......SUNRISE   654 AM CST   SUNSET   613 PM CST


-  INDICATES NEGATIVE NUMBERS.
R  INDICATES RECORD WAS SET OR TIED.
MM INDICATES DATA IS MISSING.
T  INDICATES TRACE AMOUNT.




$$
