866
CDUS43 KTOP 132231
CLILWC


CLIMATE REPORT
NATIONAL WEATHER SERVICE TOPEKA KS
430 PM CST WED DEC 13 2017


...................................

...THE LAWRENCE KS CLIMATE SUMMARY FOR DECEMBER 13 2017...
VALID TODAY AS OF 0400 PM LOCAL TIME.

CLIMATE NORMAL PERIOD 1981 TO 2010
CLIMATE RECORD PERIOD 9999 TO 9999


WEATHER ITEM   OBSERVED NORMAL DEPARTURE LAST
                VALUE   VALUE  FROM      YEAR
                               NORMAL
...............................................
TEMPERATURE (F)
 TODAY
  MAXIMUM         62     42     20       29
  MINIMUM         29     22      7       10
  AVERAGE         46     32     14       20

PRECIPITATION (IN)
  TODAY            0.00   0.05  -0.05     0.00
  MONTH TO DATE    T      0.57  -0.57     0.66
  SINCE DEC 1      T      0.57  -0.57     0.66
  SINCE JAN 1     34.13  37.65  -3.52    32.25

DEGREE DAYS
 HEATING
  TODAY           19     33    -14       45
  MONTH TO DATE  348    405    -57      476
  SINCE DEC 1    348    405    -57      476
  SINCE JUL 1   1238   1413   -175     1120

 COOLING
  TODAY            0      0      0        0
  MONTH TO DATE    0      0      0        0
  SINCE DEC 1      0      0      0        0
  SINCE JAN 1   1327   1371    -44     1599
...............................................


WIND (MPH)
  HIGHEST WIND SPEED    37   HIGHEST WIND DIRECTION    NW (310)
  HIGHEST GUST SPEED    43   HIGHEST GUST DIRECTION    NW (310)
  AVERAGE WIND SPEED    11.2



WEATHER CONDITIONS
 THE FOLLOWING WEATHER WAS RECORDED TODAY.
  NO SIGNIFICANT WEATHER WAS OBSERVED.


RELATIVE HUMIDITY (PERCENT)
 HIGHEST    78
 LOWEST     25
 AVERAGE    52

..........................................................


THE LAWRENCE KS CLIMATE NORMALS FOR TOMORROW
                         NORMAL
 MAXIMUM TEMPERATURE (F)   42
 MINIMUM TEMPERATURE (F)   21


SUNRISE AND SUNSET
DECEMBER 13 2017......SUNRISE   731 AM CST   SUNSET   459 PM CST
DECEMBER 14 2017......SUNRISE   732 AM CST   SUNSET   459 PM CST


-  INDICATES NEGATIVE NUMBERS.
R  INDICATES RECORD WAS SET OR TIED.
MM INDICATES DATA IS MISSING.
T  INDICATES TRACE AMOUNT.




$$
