000
CDUS43 KTOP 010634
CLILWC


CLIMATE REPORT
NATIONAL WEATHER SERVICE TOPEKA KS
133 AM CDT SAT OCT 1 2016


...................................

...THE LAWRENCE KS CLIMATE SUMMARY FOR SEPTEMBER 30 2016...

CLIMATE NORMAL PERIOD 1981 TO 2010
CLIMATE RECORD PERIOD 9999 TO 9999


WEATHER ITEM   OBSERVED NORMAL DEPARTURE LAST
                VALUE   VALUE  FROM      YEAR
                               NORMAL
...............................................
TEMPERATURE (F)
 YESTERDAY
  MAXIMUM         76     75      1       73
  MINIMUM         44     49     -5       50
  AVERAGE         60     62     -2       62

PRECIPITATION (IN)
  YESTERDAY        0.00   0.11  -0.11     0.00
  MONTH TO DATE    6.12   4.16   1.96     3.21
  SINCE SEP 1      6.12   4.16   1.96     3.21
  SINCE JAN 1     29.71  32.02  -2.31    33.13

DEGREE DAYS
 HEATING
  YESTERDAY        5      5      0        3
  MONTH TO DATE   28     59    -31       19
  SINCE SEP 1     28     60    -32       19
  SINCE JUL 1     28     63    -35       21

 COOLING
  YESTERDAY        0      2     -2        0
  MONTH TO DATE  221    153     68      249
  SINCE SEP 1    221    153     68      249
  SINCE JAN 1   1538   1344    194     1378
...............................................


WIND (MPH)
  HIGHEST WIND SPEED    14   HIGHEST WIND DIRECTION     N (360)
  HIGHEST GUST SPEED    18   HIGHEST GUST DIRECTION     N (10)
  AVERAGE WIND SPEED     5.1


SKY COVER
  AVERAGE SKY COVER 0.0


WEATHER CONDITIONS
 THE FOLLOWING WEATHER WAS RECORDED YESTERDAY.
  NO SIGNIFICANT WEATHER WAS OBSERVED.


RELATIVE HUMIDITY (PERCENT)
 HIGHEST   100
 LOWEST     38
 AVERAGE    69

..........................................................


THE LAWRENCE KS CLIMATE NORMALS FOR TODAY
                         NORMAL
 MAXIMUM TEMPERATURE (F)   75
 MINIMUM TEMPERATURE (F)   49


SUNRISE AND SUNSET
OCTOBER  1 2016.......SUNRISE   717 AM CDT   SUNSET   703 PM CDT
OCTOBER  2 2016.......SUNRISE   718 AM CDT   SUNSET   701 PM CDT


-  INDICATES NEGATIVE NUMBERS.
R  INDICATES RECORD WAS SET OR TIED.
MM INDICATES DATA IS MISSING.
T  INDICATES TRACE AMOUNT.




$$
