000
CDUS43 KTOP 190632
CLILWC


CLIMATE REPORT
NATIONAL WEATHER SERVICE TOPEKA KS
131 AM CDT THU OCT 19 2017


...................................

...THE LAWRENCE KS CLIMATE SUMMARY FOR OCTOBER 18 2017...

CLIMATE NORMAL PERIOD 1981 TO 2010
CLIMATE RECORD PERIOD 9999 TO 9999


WEATHER ITEM   OBSERVED NORMAL DEPARTURE LAST
                VALUE   VALUE  FROM      YEAR
                               NORMAL
...............................................
TEMPERATURE (F)
 YESTERDAY
  MAXIMUM         76     68      8       76
  MINIMUM         47     43      4       51
  AVERAGE         62     55      7       64

PRECIPITATION (IN)
  YESTERDAY        0.00   0.09  -0.09     0.00
  MONTH TO DATE    1.08   1.93  -0.85     1.52
  SINCE SEP 1      4.55   6.09  -1.54     7.64
  SINCE JAN 1     31.69  33.95  -2.26    31.23

DEGREE DAYS
 HEATING
  YESTERDAY        3     10     -7        1
  MONTH TO DATE   79    139    -60       84
  SINCE SEP 1     98    199   -101      112
  SINCE JUL 1    101    202   -101      112

 COOLING
  YESTERDAY        0      1     -1        0
  MONTH TO DATE   45     24     21       37
  SINCE SEP 1    248    177     71      258
  SINCE JAN 1   1327   1368    -41     1575
...............................................


WIND (MPH)
  HIGHEST WIND SPEED    20   HIGHEST WIND DIRECTION     S (180)
  HIGHEST GUST SPEED    25   HIGHEST GUST DIRECTION     S (180)
  AVERAGE WIND SPEED     8.0


SKY COVER
  AVERAGE SKY COVER 0.0


WEATHER CONDITIONS
 THE FOLLOWING WEATHER WAS RECORDED YESTERDAY.
  HAZE


RELATIVE HUMIDITY (PERCENT)
 HIGHEST    96
 LOWEST     43
 AVERAGE    70

..........................................................


THE LAWRENCE KS CLIMATE NORMALS FOR TODAY
                         NORMAL
 MAXIMUM TEMPERATURE (F)   68
 MINIMUM TEMPERATURE (F)   42


SUNRISE AND SUNSET
OCTOBER 19 2017.......SUNRISE   735 AM CDT   SUNSET   636 PM CDT
OCTOBER 20 2017.......SUNRISE   736 AM CDT   SUNSET   635 PM CDT


-  INDICATES NEGATIVE NUMBERS.
R  INDICATES RECORD WAS SET OR TIED.
MM INDICATES DATA IS MISSING.
T  INDICATES TRACE AMOUNT.




$$
