000
CDUS43 KTOP 222233
CLILWC


CLIMATE REPORT
NATIONAL WEATHER SERVICE TOPEKA KS
432 PM CST MON DEC 22 2014


...................................

...THE LAWRENCE KS CLIMATE SUMMARY FOR DECEMBER 22 2014...
VALID TODAY AS OF 430 PM LOCAL TIME.

CLIMATE NORMAL PERIOD 1981 TO 2010
CLIMATE RECORD PERIOD 9999 TO 9999


WEATHER ITEM   OBSERVED NORMAL DEPARTURE LAST
                VALUE   VALUE  FROM      YEAR
                               NORMAL
...............................................
TEMPERATURE (F)
 TODAY
  MAXIMUM         49     40      9       27
  MINIMUM         42     20     22       -3
  AVERAGE         46     30     16       12

PRECIPITATION (IN)
  TODAY            0.10   0.06   0.04     0.02
  MONTH TO DATE    1.79   1.02   0.77     0.46
  SINCE DEC 1      1.79   1.02   0.77     0.46
  SINCE JAN 1     36.80  38.10  -1.30    28.41

DEGREE DAYS
 HEATING
  TODAY           19     35    -16       53
  MONTH TO DATE  607    714   -107      780
  SINCE DEC 1    607    714   -107      780
  SINCE JUL 1   1787   1722     65     1810

 COOLING
  TODAY            0      0      0        0
  MONTH TO DATE    0      0      0        0
  SINCE DEC 1      0      0      0        0
  SINCE JAN 1   1426   1371     55     1492
...............................................


WIND (MPH)
  HIGHEST WIND SPEED    18   HIGHEST WIND DIRECTION     W (290)
  HIGHEST GUST SPEED    24   HIGHEST GUST DIRECTION     W (290)
  AVERAGE WIND SPEED    10.0



WEATHER CONDITIONS
 THE FOLLOWING WEATHER WAS RECORDED TODAY.
  LIGHT RAIN
  FOG


RELATIVE HUMIDITY (PERCENT)
 HIGHEST    96
 LOWEST     82
 AVERAGE    89

..........................................................


THE LAWRENCE KS CLIMATE NORMALS FOR TOMORROW
                         NORMAL
 MAXIMUM TEMPERATURE (F)   40
 MINIMUM TEMPERATURE (F)   20


SUNRISE AND SUNSET
DECEMBER 22 2014......SUNRISE   737 AM CST   SUNSET   502 PM CST
DECEMBER 23 2014......SUNRISE   737 AM CST   SUNSET   503 PM CST


-  INDICATES NEGATIVE NUMBERS.
R  INDICATES RECORD WAS SET OR TIED.
MM INDICATES DATA IS MISSING.
T  INDICATES TRACE AMOUNT.




$$
