000
CDUS43 KTOP 310642
CLILWC


CLIMATE REPORT
NATIONAL WEATHER SERVICE TOPEKA KS
1241 AM CST SAT JAN 31 2015


...................................

...THE LAWRENCE KS CLIMATE SUMMARY FOR JANUARY 30 2015...

CLIMATE NORMAL PERIOD 1981 TO 2010
CLIMATE RECORD PERIOD 9999 TO 9999


WEATHER ITEM   OBSERVED NORMAL DEPARTURE LAST
                VALUE   VALUE  FROM      YEAR
                               NORMAL
...............................................
TEMPERATURE (F)
 YESTERDAY
  MAXIMUM         41     42     -1       49
  MINIMUM         13     20     -7       30
  AVERAGE         27     30     -3       40

PRECIPITATION (IN)
  YESTERDAY        0.00   0.04  -0.04     0.00
  MONTH TO DATE    0.05   0.96  -0.91     0.07
  SINCE DEC 1      1.91   2.43  -0.52     0.53
  SINCE JAN 1      0.05   0.96  -0.91     0.07

DEGREE DAYS
 HEATING
  YESTERDAY       38     34      4       25
  MONTH TO DATE 1056   1070    -14     1153
  SINCE DEC 1   1990   2105   -115     2274
  SINCE JUL 1   3170   3113     57     3304

 COOLING
  YESTERDAY        0      0      0        0
  MONTH TO DATE    0      0      0        0
  SINCE DEC 1      0      0      0        0
  SINCE JAN 1      0      0      0        0
...............................................


WIND (MPH)
  HIGHEST WIND SPEED     8   HIGHEST WIND DIRECTION     S (160)
  HIGHEST GUST SPEED    10   HIGHEST GUST DIRECTION     S (170)
  AVERAGE WIND SPEED     3.7


SKY COVER
  AVERAGE SKY COVER 0.0


WEATHER CONDITIONS
 THE FOLLOWING WEATHER WAS RECORDED YESTERDAY.
  FOG


RELATIVE HUMIDITY (PERCENT)
 HIGHEST    92
 LOWEST     45
 AVERAGE    69

..........................................................


THE LAWRENCE KS CLIMATE NORMALS FOR TODAY
                         NORMAL
 MAXIMUM TEMPERATURE (F)   42
 MINIMUM TEMPERATURE (F)   20


SUNRISE AND SUNSET
JANUARY 31 2015.......SUNRISE   728 AM CST   SUNSET   541 PM CST
FEBRUARY  1 2015......SUNRISE   727 AM CST   SUNSET   542 PM CST


-  INDICATES NEGATIVE NUMBERS.
R  INDICATES RECORD WAS SET OR TIED.
MM INDICATES DATA IS MISSING.
T  INDICATES TRACE AMOUNT.




$$
