000
CDUS43 KTOP 230635
CLILWC


CLIMATE REPORT
NATIONAL WEATHER SERVICE TOPEKA KS
135 AM CDT SAT MAY 23 2015


...................................

...THE LAWRENCE KS CLIMATE SUMMARY FOR MAY 22 2015...

CLIMATE NORMAL PERIOD 1981 TO 2010
CLIMATE RECORD PERIOD 9999 TO 9999


WEATHER ITEM   OBSERVED NORMAL DEPARTURE LAST
                VALUE   VALUE  FROM      YEAR
                               NORMAL
...............................................
TEMPERATURE (F)
 YESTERDAY
  MAXIMUM         65     78    -13       83
  MINIMUM         44     55    -11       62
  AVERAGE         55     67    -12       73

PRECIPITATION (IN)
  YESTERDAY        0.00   0.19  -0.19     0.08
  MONTH TO DATE    5.27   3.53   1.74     1.17
  SINCE MAR 1      8.79   9.92  -1.13     5.71
  SINCE JAN 1     10.48  12.23  -1.75     6.76

DEGREE DAYS
 HEATING
  YESTERDAY       10      2      8        0
  MONTH TO DATE   86     92     -6      114
  SINCE MAR 1    929   1056   -127     1209
  SINCE JUL 1   5218   5071    147     5635

 COOLING
  YESTERDAY        0      4     -4        8
  MONTH TO DATE   48     52     -4       95
  SINCE MAR 1     53     75    -22      105
  SINCE JAN 1     53     75    -22      105
...............................................


WIND (MPH)
  HIGHEST WIND SPEED    14   HIGHEST WIND DIRECTION    SE (140)
  HIGHEST GUST SPEED    17   HIGHEST GUST DIRECTION    SE (140)
  AVERAGE WIND SPEED     5.2


SKY COVER
  AVERAGE SKY COVER 0.5


WEATHER CONDITIONS
 THE FOLLOWING WEATHER WAS RECORDED YESTERDAY.
  FOG


RELATIVE HUMIDITY (PERCENT)
 HIGHEST    93
 LOWEST     52
 AVERAGE    73

..........................................................


THE LAWRENCE KS CLIMATE NORMALS FOR TODAY
                         NORMAL
 MAXIMUM TEMPERATURE (F)   79
 MINIMUM TEMPERATURE (F)   56


SUNRISE AND SUNSET
MAY 23 2015...........SUNRISE   602 AM CDT   SUNSET   834 PM CDT
MAY 24 2015...........SUNRISE   601 AM CDT   SUNSET   834 PM CDT


-  INDICATES NEGATIVE NUMBERS.
R  INDICATES RECORD WAS SET OR TIED.
MM INDICATES DATA IS MISSING.
T  INDICATES TRACE AMOUNT.




$$
