000
CDUS43 KTOP 250638
CLILWC


CLIMATE REPORT
NATIONAL WEATHER SERVICE TOPEKA KS
135 AM CDT THU AUG 25 2016


...................................

...THE LAWRENCE KS CLIMATE SUMMARY FOR AUGUST 24 2016...

CLIMATE NORMAL PERIOD 1981 TO 2010
CLIMATE RECORD PERIOD 9999 TO 9999


WEATHER ITEM   OBSERVED NORMAL DEPARTURE LAST
                VALUE   VALUE  FROM      YEAR
                               NORMAL
...............................................
TEMPERATURE (F)
 YESTERDAY
  MAXIMUM         89     89      0       81
  MINIMUM         67     64      3       47
  AVERAGE         78     76      2       64

PRECIPITATION (IN)
  YESTERDAY        0.56   0.17   0.39     0.00
  MONTH TO DATE    2.51   3.33  -0.82     2.85
  SINCE JUN 1      8.46  12.97  -4.51    15.57
  SINCE JAN 1     23.10  26.86  -3.76    29.85

DEGREE DAYS
 HEATING
  YESTERDAY        0      0      0        1
  MONTH TO DATE    0      0      0        1
  SINCE JUN 1      0      9     -9        5
  SINCE JUL 1      0      1     -1        2

 COOLING
  YESTERDAY       13     11      2        0
  MONTH TO DATE  298    312    -14      247
  SINCE JUN 1   1152   1001    151     1005
  SINCE JAN 1   1232   1120    112     1081
...............................................


WIND (MPH)
  HIGHEST WIND SPEED    MM   HIGHEST WIND DIRECTION    SW (210)
  HIGHEST GUST SPEED    MM   HIGHEST GUST DIRECTION    SW (210)
  AVERAGE WIND SPEED    10.2


SKY COVER
  AVERAGE SKY COVER 0.6


WEATHER CONDITIONS
 THE FOLLOWING WEATHER WAS RECORDED YESTERDAY.
  THUNDERSTORM
  HEAVY RAIN
  RAIN
  LIGHT RAIN
  FOG
  HAZE


RELATIVE HUMIDITY (PERCENT)
 HIGHEST    93
 LOWEST     56
 AVERAGE    75

..........................................................


THE LAWRENCE KS CLIMATE NORMALS FOR TODAY
                         NORMAL
 MAXIMUM TEMPERATURE (F)   88
 MINIMUM TEMPERATURE (F)   63


SUNRISE AND SUNSET
AUGUST 25 2016........SUNRISE   644 AM CDT   SUNSET   801 PM CDT
AUGUST 26 2016........SUNRISE   645 AM CDT   SUNSET   800 PM CDT


-  INDICATES NEGATIVE NUMBERS.
R  INDICATES RECORD WAS SET OR TIED.
MM INDICATES DATA IS MISSING.
T  INDICATES TRACE AMOUNT.




$$
