000
CDUS46 KOTX 302334
CLILWS


CLIMATE REPORT
NATIONAL WEATHER SERVICE SPOKANE, WA
434 PM PDT SAT AUG 30 2014


...................................

...THE LEWISTON ID AIRPORT CLIMATE SUMMARY FOR AUGUST 30 2014...
VALID AS OF 0400 PM LOCAL TIME.

CLIMATE NORMAL PERIOD 1981 TO 2010
CLIMATE RECORD PERIOD 1881 TO 2014


WEATHER ITEM   OBSERVED TIME   RECORD YEAR NORMAL DEPARTURE LAST
                VALUE   (LST)  VALUE       VALUE  FROM      YEAR
                                                  NORMAL
..................................................................
TEMPERATURE (F)
 TODAY
  MAXIMUM         81    259 PM 104    1929  85     -4       87
  MINIMUM         64    557 AM  42    1965  56      8       64
                                      1941
                                      1912
  AVERAGE         73                        70      3       76

PRECIPITATION (IN)
  TODAY            T             0.89 1977   0.02  -0.02     0.00
  MONTH TO DATE    1.17                      0.66   0.51     0.50
  SINCE OCT 1      9.20                     11.61  -2.41    10.55
  SINCE JAN 1      7.67                      8.50  -0.83     6.39

SNOWFALL (IN)
  TODAY            0.0           T    1954   0.0    0.0      0.0
  MONTH TO DATE    0.0                       0.0    0.0      0.0
  SINCE JUN 1      0.0                       0.0    0.0      0.0
  SINCE JUL 1      0.0                       0.0    0.0      0.0
  SNOW DEPTH       0

DEGREE DAYS
 HEATING
  TODAY            0                         1     -1        0
  MONTH TO DATE    0                         4     -4        0
  SINCE JUN 1     41                        81    -40       44
  SINCE JUL 1      0                        11    -11        0

 COOLING
  TODAY            8                         6      2       11
  MONTH TO DATE  365                       280     85      374
  SINCE JUN 1    938                       678    260      925
  SINCE JAN 1    966                       710    256      982
..................................................................


WIND (MPH)
  HIGHEST WIND SPEED    17   HIGHEST WIND DIRECTION    NW (330)
  HIGHEST GUST SPEED    22   HIGHEST GUST DIRECTION    NW (310)
  AVERAGE WIND SPEED     4.5


SKY COVER
  POSSIBLE SUNSHINE  MM
  AVERAGE SKY COVER 0.2


WEATHER CONDITIONS
 THE FOLLOWING WEATHER WAS RECORDED TODAY.
  NO SIGNIFICANT WEATHER WAS OBSERVED.


RELATIVE HUMIDITY (PERCENT)
 HIGHEST    56
 LOWEST     30
 AVERAGE    43

..........................................................


THE LEWISTON ID AIRPORT CLIMATE NORMALS FOR TOMORROW
                         NORMAL    RECORD    YEAR
 MAXIMUM TEMPERATURE (F)   84       106      1967
 MINIMUM TEMPERATURE (F)   56        44      1907


SUNRISE AND SUNSET
AUGUST 30 2014........SUNRISE   606 AM PDT   SUNSET   731 PM PDT
AUGUST 31 2014........SUNRISE   607 AM PDT   SUNSET   729 PM PDT


-  INDICATES NEGATIVE NUMBERS.
R  INDICATES RECORD WAS SET OR TIED.
MM INDICATES DATA IS MISSING.
T  INDICATES TRACE AMOUNT.




$$
