000
CDUS46 KOTX 060840
CLILWS


CLIMATE REPORT
NATIONAL WEATHER SERVICE SPOKANE, WA
137 AM PDT MON JUL 6 2015


...................................

...THE LEWISTON ID AIRPORT CLIMATE SUMMARY FOR JULY 5 2015...

CLIMATE NORMAL PERIOD 1981 TO 2010
CLIMATE RECORD PERIOD 1881 TO 2015


WEATHER ITEM   OBSERVED TIME   RECORD YEAR NORMAL DEPARTURE LAST
                VALUE   (LST)  VALUE       VALUE  FROM      YEAR
                                                  NORMAL
..................................................................
TEMPERATURE (F)
 YESTERDAY
  MAXIMUM         98    416 PM 108    2007  86     12       94
  MINIMUM         70    450 AM  44    1977  58     12       61
  AVERAGE         84                        72     12       78

PRECIPITATION (IN)
  YESTERDAY        0.00          0.81 1895   0.03  -0.03     0.00
  MONTH TO DATE    0.00                      0.14  -0.14      T
  SINCE OCT 1     10.28                     10.43  -0.15     7.77
  SINCE JAN 1      6.09                      7.32  -1.23     6.24

SNOWFALL (IN)
  YESTERDAY        0.0           0.0  1994   0.0    0.0      0.0
  MONTH TO DATE    0.0                       0.0    0.0      0.0
  SINCE JUN 1      0.0                       0.0    0.0      0.0
  SINCE JUL 1      0.0                       0.0    0.0      0.0
  SNOW DEPTH       0

DEGREE DAYS
 HEATING
  YESTERDAY        0                         0      0        0
  MONTH TO DATE    0                         4     -4        0
  SINCE JUN 1      2                        74    -72       41
  SINCE JUL 1      0                         4     -4        0

 COOLING
  YESTERDAY       19                         7     12       13
  MONTH TO DATE  103                        33     70       66
  SINCE JUN 1    418                       131    287      156
  SINCE JAN 1    470                       163    307      184
..................................................................


WIND (MPH)
  HIGHEST WIND SPEED    20   HIGHEST WIND DIRECTION     N (360)
  HIGHEST GUST SPEED    27   HIGHEST GUST DIRECTION     N (350)
  AVERAGE WIND SPEED     7.8


SKY COVER
  POSSIBLE SUNSHINE  MM
  AVERAGE SKY COVER 0.0


WEATHER CONDITIONS
 THE FOLLOWING WEATHER WAS RECORDED YESTERDAY.
  NO SIGNIFICANT WEATHER WAS OBSERVED.


RELATIVE HUMIDITY (PERCENT)
 HIGHEST    41           600 AM
 LOWEST     13          1200 PM
 AVERAGE    27

..........................................................


THE LEWISTON ID AIRPORT CLIMATE NORMALS FOR TODAY
                         NORMAL    RECORD    YEAR
 MAXIMUM TEMPERATURE (F)   86       104      1968
                                             1926
                                             1906
 MINIMUM TEMPERATURE (F)   58        45      1988


SUNRISE AND SUNSET
JULY  6 2015..........SUNRISE   503 AM PDT   SUNSET   842 PM PDT
JULY  7 2015..........SUNRISE   504 AM PDT   SUNSET   842 PM PDT


-  INDICATES NEGATIVE NUMBERS.
R  INDICATES RECORD WAS SET OR TIED.
MM INDICATES DATA IS MISSING.
T  INDICATES TRACE AMOUNT.




$$
