000
CDUS46 KOTX 200831
CLILWS


CLIMATE REPORT
NATIONAL WEATHER SERVICE SPOKANE, WA
1231 AM PST FRI JAN 20 2017


...................................

...THE LEWISTON ID AIRPORT CLIMATE SUMMARY FOR JANUARY 19 2017...

CLIMATE NORMAL PERIOD 1981 TO 2010
CLIMATE RECORD PERIOD 1881 TO 2017


WEATHER ITEM   OBSERVED TIME   RECORD YEAR NORMAL DEPARTURE LAST
                VALUE   (LST)  VALUE       VALUE  FROM      YEAR
                                                  NORMAL
..................................................................
TEMPERATURE (F)
 YESTERDAY
  MAXIMUM         43   1213 PM  60    2005  42      1       48
  MINIMUM         35   1023 PM -14    1883  30      5       38
  AVERAGE         39                        36      3       43

PRECIPITATION (IN)
  YESTERDAY        0.08          0.55 2012   0.03   0.05      T
  MONTH TO DATE    0.70                      0.68   0.02     0.50
  SINCE OCT 1      5.58                      3.79   1.79     3.95
  SINCE JAN 1      0.70                      0.68   0.02     0.50

SNOWFALL (IN)
  YESTERDAY       MM             2.3  1957   0.1   MM        0.0
  MONTH TO DATE    4.1                       1.6    2.5      0.5
  SINCE DEC 1     23.8                       5.1   18.7      6.2
  SINCE JUL 1     23.8                       6.9   16.9      6.2
  SNOW DEPTH      MM

DEGREE DAYS
 HEATING
  YESTERDAY       26                        29     -3       22
  MONTH TO DATE  818                       572    246      576
  SINCE DEC 1   1936                      1540    396     1403
  SINCE JUL 1   2885                      2780    105     2406

 COOLING
  YESTERDAY        0                         0      0        0
  MONTH TO DATE    0                         0      0        0
  SINCE DEC 1      0                         0      0        0
  SINCE JAN 1      0                         0      0        0
..................................................................


WIND (MPH)
  HIGHEST WIND SPEED    16   HIGHEST WIND DIRECTION     E (80)
  HIGHEST GUST SPEED    19   HIGHEST GUST DIRECTION     E (80)
  AVERAGE WIND SPEED     5.6


SKY COVER
  POSSIBLE SUNSHINE  MM
  AVERAGE SKY COVER 0.9


WEATHER CONDITIONS
 THE FOLLOWING WEATHER WAS RECORDED YESTERDAY.
  LIGHT RAIN


RELATIVE HUMIDITY (PERCENT)
 HIGHEST    92           700 PM
 LOWEST     70           300 AM
 AVERAGE    81

..........................................................


THE LEWISTON ID AIRPORT CLIMATE NORMALS FOR TODAY
                         NORMAL    RECORD    YEAR
 MAXIMUM TEMPERATURE (F)   42        60      1934
 MINIMUM TEMPERATURE (F)   30       -15      1937


SUNRISE AND SUNSET
JANUARY 20 2017.......SUNRISE   723 AM PST   SUNSET   435 PM PST
JANUARY 21 2017.......SUNRISE   723 AM PST   SUNSET   437 PM PST


-  INDICATES NEGATIVE NUMBERS.
R  INDICATES RECORD WAS SET OR TIED.
MM INDICATES DATA IS MISSING.
T  INDICATES TRACE AMOUNT.




$$
