000
CDUS46 KOTX 040832
CLILWS


CLIMATE REPORT
NATIONAL WEATHER SERVICE SPOKANE, WA
1232 AM PST WED MAR 4 2015


...................................

...THE LEWISTON ID AIRPORT CLIMATE SUMMARY FOR MARCH 3 2015...

CLIMATE NORMAL PERIOD 1981 TO 2010
CLIMATE RECORD PERIOD 1881 TO 2015


WEATHER ITEM   OBSERVED TIME   RECORD YEAR NORMAL DEPARTURE LAST
                VALUE   (LST)  VALUE       VALUE  FROM      YEAR
                                                  NORMAL
..................................................................
TEMPERATURE (F)
 YESTERDAY
  MAXIMUM         43    237 PM  69    1905  51     -8       49
  MINIMUM         27   1141 PM  19    1989  33     -6       32
                                      1961
                                      1960
  AVERAGE         35                        42     -7       41

PRECIPITATION (IN)
  YESTERDAY        0.00          0.36 1982   0.03  -0.03     0.01
  MONTH TO DATE    0.02                      0.10  -0.08     0.06
  SINCE OCT 1      6.50                      5.07   1.43     4.01
  SINCE JAN 1      2.31                      1.96   0.35     2.48

SNOWFALL (IN)
  YESTERDAY        0.0           1.8  1970   0.1   -0.1      0.0
  MONTH TO DATE    0.0                       0.2   -0.2      0.6
  SINCE MAR 1      0.0                       0.2   -0.2      0.6
  SINCE JUL 1      1.5                      10.0   -8.5     16.5
  SNOW DEPTH       0

DEGREE DAYS
 HEATING
  YESTERDAY       30                        23      7       24
  MONTH TO DATE   86                        70     16       95
  SINCE MAR 1     86                        70     16       95
  SINCE JUL 1   3308                      3925   -617     4256

 COOLING
  YESTERDAY        0                         0      0        0
  MONTH TO DATE    0                         0      0        0
  SINCE MAR 1      0                         0      0        0
  SINCE JAN 1      0                         0      0        0
..................................................................


WIND (MPH)
  HIGHEST WIND SPEED    14   HIGHEST WIND DIRECTION    NW (310)
  HIGHEST GUST SPEED    18   HIGHEST GUST DIRECTION    NW (330)
  AVERAGE WIND SPEED     5.4


SKY COVER
  POSSIBLE SUNSHINE  MM
  AVERAGE SKY COVER 0.3


WEATHER CONDITIONS
 THE FOLLOWING WEATHER WAS RECORDED YESTERDAY.
  NO SIGNIFICANT WEATHER WAS OBSERVED.


RELATIVE HUMIDITY (PERCENT)
 HIGHEST    92          1200 AM
 LOWEST     33           400 PM
 AVERAGE    63

..........................................................


THE LEWISTON ID AIRPORT CLIMATE NORMALS FOR TODAY
                         NORMAL    RECORD    YEAR
 MAXIMUM TEMPERATURE (F)   51        66      1968
                                             1905
 MINIMUM TEMPERATURE (F)   33         6      1955


SUNRISE AND SUNSET
MARCH  4 2015.........SUNRISE   622 AM PST   SUNSET   538 PM PST
MARCH  5 2015.........SUNRISE   620 AM PST   SUNSET   540 PM PST


-  INDICATES NEGATIVE NUMBERS.
R  INDICATES RECORD WAS SET OR TIED.
MM INDICATES DATA IS MISSING.
T  INDICATES TRACE AMOUNT.




$$
