000
CDUS46 KOTX 300830
CLILWS


CLIMATE REPORT
NATIONAL WEATHER SERVICE SPOKANE, WA
130 AM PDT SAT MAY 30 2015


...................................

...THE LEWISTON ID AIRPORT CLIMATE SUMMARY FOR MAY 29 2015...

CLIMATE NORMAL PERIOD 1981 TO 2010
CLIMATE RECORD PERIOD 1881 TO 2015


WEATHER ITEM   OBSERVED TIME   RECORD YEAR NORMAL DEPARTURE LAST
                VALUE   (LST)  VALUE       VALUE  FROM      YEAR
                                                  NORMAL
..................................................................
TEMPERATURE (F)
 YESTERDAY
  MAXIMUM         88    400 PM 100    1983  74     14       72
                                      1897
  MINIMUM         56    430 AM  35    1951  50      6       46
  AVERAGE         72                        62     10       59

PRECIPITATION (IN)
  YESTERDAY        T             0.97 1989   0.06  -0.06     0.00
  MONTH TO DATE    1.02                      1.50  -0.48     0.52
  SINCE OCT 1      8.97                      8.94   0.03     6.82
  SINCE JAN 1      4.78                      5.83  -1.05     5.29

SNOWFALL (IN)
  YESTERDAY        0.0           T    1955   0.0    0.0      0.0
  MONTH TO DATE    0.0                       0.0    0.0      0.0
  SINCE MAR 1      0.0                       0.7   -0.7      0.6
  SINCE JUL 1      1.5                      10.5   -9.0     16.5
  SNOW DEPTH       0

DEGREE DAYS
 HEATING
  YESTERDAY        0                         4     -4        6
  MONTH TO DATE   87                       211   -124      128
  SINCE MAR 1    984                      1236   -252     1128
  SINCE JUL 1   4206                      5091   -885     5289

 COOLING
  YESTERDAY        7                         2      5        0
  MONTH TO DATE   30                        28      2       25
  SINCE MAR 1     31                        30      1       25
  SINCE JAN 1     31                        30      1       25
..................................................................


WIND (MPH)
  HIGHEST WIND SPEED    20   HIGHEST WIND DIRECTION    SW (210)
  HIGHEST GUST SPEED    26   HIGHEST GUST DIRECTION    SW (220)
  AVERAGE WIND SPEED     7.5


SKY COVER
  POSSIBLE SUNSHINE  MM
  AVERAGE SKY COVER 0.1


WEATHER CONDITIONS
 THE FOLLOWING WEATHER WAS RECORDED YESTERDAY.
  LIGHT RAIN
  HAZE


RELATIVE HUMIDITY (PERCENT)
 HIGHEST    80           400 AM
 LOWEST     21           300 PM
 AVERAGE    51

..........................................................


THE LEWISTON ID AIRPORT CLIMATE NORMALS FOR TODAY
                         NORMAL    RECORD    YEAR
 MAXIMUM TEMPERATURE (F)   74        99      1986
 MINIMUM TEMPERATURE (F)   50        32      1951


SUNRISE AND SUNSET
MAY 30 2015...........SUNRISE   501 AM PDT   SUNSET   831 PM PDT
MAY 31 2015...........SUNRISE   500 AM PDT   SUNSET   832 PM PDT


-  INDICATES NEGATIVE NUMBERS.
R  INDICATES RECORD WAS SET OR TIED.
MM INDICATES DATA IS MISSING.
T  INDICATES TRACE AMOUNT.




$$
