000
CDUS46 KOTX 270831
CLILWS


CLIMATE REPORT
NATIONAL WEATHER SERVICE SPOKANE, WA
131 AM PDT MON MAR 27 2017


...................................

...THE LEWISTON ID AIRPORT CLIMATE SUMMARY FOR MARCH 26 2017...

CLIMATE NORMAL PERIOD 1981 TO 2010
CLIMATE RECORD PERIOD 1881 TO 2017


WEATHER ITEM   OBSERVED TIME   RECORD YEAR NORMAL DEPARTURE LAST
                VALUE   (LST)  VALUE       VALUE  FROM      YEAR
                                                  NORMAL
..................................................................
TEMPERATURE (F)
 YESTERDAY
  MAXIMUM         53   1236 PM  71    1974  58     -5       57
                                      1941
  MINIMUM         35    110 AM  19    1955  38     -3       33
  AVERAGE         44                        48     -4       45

PRECIPITATION (IN)
  YESTERDAY        0.07          1.01 1883   0.04   0.03     0.00
  MONTH TO DATE    3.02                      0.96   2.06     2.02
  SINCE OCT 1     10.68                      5.93   4.75     7.05
  SINCE JAN 1      5.80                      2.82   2.98     3.60

SNOWFALL (IN)
  YESTERDAY        0.0           1.1  1965   0.0    0.0      0.0
  MONTH TO DATE    4.8                       0.7    4.1      0.0
  SINCE MAR 1      4.8                       0.7    4.1      0.0
  SINCE JUL 1     39.2                      10.5   28.7      6.4
  SNOW DEPTH       0

DEGREE DAYS
 HEATING
  YESTERDAY       21                        17      4       20
  MONTH TO DATE  510                       529    -19      470
  SINCE MAR 1    510                       529    -19      470
  SINCE JUL 1   4546                      4384    162     3734

 COOLING
  YESTERDAY        0                         0      0        0
  MONTH TO DATE    0                         0      0        0
  SINCE MAR 1      0                         0      0        0
  SINCE JAN 1      0                         0      0        0
..................................................................


WIND (MPH)
  HIGHEST WIND SPEED    17   HIGHEST WIND DIRECTION     W (270)
  HIGHEST GUST SPEED    22   HIGHEST GUST DIRECTION     W (270)
  AVERAGE WIND SPEED     5.0


SKY COVER
  POSSIBLE SUNSHINE  MM
  AVERAGE SKY COVER 0.8


WEATHER CONDITIONS
 THE FOLLOWING WEATHER WAS RECORDED YESTERDAY.
  LIGHT RAIN


RELATIVE HUMIDITY (PERCENT)
 HIGHEST    92          1000 PM
 LOWEST     61          1100 AM
 AVERAGE    77

..........................................................


THE LEWISTON ID AIRPORT CLIMATE NORMALS FOR TODAY
                         NORMAL    RECORD    YEAR
 MAXIMUM TEMPERATURE (F)   58        76      2015
 MINIMUM TEMPERATURE (F)   38        21      1975


SUNRISE AND SUNSET
MARCH 27 2017.........SUNRISE   637 AM PDT   SUNSET   711 PM PDT
MARCH 28 2017.........SUNRISE   635 AM PDT   SUNSET   712 PM PDT


-  INDICATES NEGATIVE NUMBERS.
R  INDICATES RECORD WAS SET OR TIED.
MM INDICATES DATA IS MISSING.
T  INDICATES TRACE AMOUNT.




$$
