000
CDUS45 KTFX 121022
CLILWT


CLIMATE REPORT
NATIONAL WEATHER SERVICE GREAT FALLS MT
422 AM MDT SAT JUL 12 2014


...................................

...THE LEWISTOWN MT CLIMATE SUMMARY FOR JULY 11 2014...

CLIMATE NORMAL PERIOD 1981 TO 2010
CLIMATE RECORD PERIOD 1896 TO 2014


WEATHER ITEM   OBSERVED TIME   RECORD YEAR NORMAL DEPARTURE LAST
                VALUE   (LST)  VALUE       VALUE  FROM      YEAR
                                                  NORMAL
..................................................................
TEMPERATURE (F)
 YESTERDAY
  MAXIMUM         82    351 PM  98    1925  80      2       86
  MINIMUM         59    404 AM  33    1951  50      9       64
  AVERAGE         71                        65      6       75

PRECIPITATION (IN)
  YESTERDAY        0.00          1.02 1948   0.07  -0.07      T
  MONTH TO DATE    0.12                      0.78  -0.66     0.94
  SINCE OCT 1     10.30                     12.62  -2.32    17.64
  SINCE JAN 1      8.22                     10.12  -1.90    15.13

SNOWFALL (IN)
  YESTERDAY       MM
  SNOW DEPTH      MM

DEGREE DAYS
 HEATING
  YESTERDAY        0                         3     -3        0
  MONTH TO DATE    5                        38    -33        6
  SINCE JUN 1    291                       265     26      226
  SINCE JUL 1      5                        38    -33        6

 COOLING
  YESTERDAY        6                         3      3       10
  MONTH TO DATE   51                        23     28       46
  SINCE JUN 1     52                        43      9       62
  SINCE JAN 1     52                        45      7       65
..................................................................


WIND (MPH)
  HIGHEST WIND SPEED    20   HIGHEST WIND DIRECTION    SE (120)
  HIGHEST GUST SPEED    23   HIGHEST GUST DIRECTION     E (100)
  AVERAGE WIND SPEED     9.8


SKY COVER
  AVERAGE SKY COVER 0.6


WEATHER CONDITIONS
 THE FOLLOWING WEATHER WAS RECORDED YESTERDAY.
  NO SIGNIFICANT WEATHER WAS OBSERVED.


RELATIVE HUMIDITY (PERCENT)
 HIGHEST    63          1100 PM
 LOWEST     35           400 PM
 AVERAGE    49

..........................................................


THE LEWISTOWN MT CLIMATE NORMALS FOR TODAY
                         NORMAL    RECORD    YEAR
 MAXIMUM TEMPERATURE (F)   80        99      2002
 MINIMUM TEMPERATURE (F)   50        36      2008


SUNRISE AND SUNSET
JULY 12 2014..........SUNRISE   535 AM MDT   SUNSET   911 PM MDT
JULY 13 2014..........SUNRISE   536 AM MDT   SUNSET   911 PM MDT


-  INDICATES NEGATIVE NUMBERS.
R  INDICATES RECORD WAS SET OR TIED.
MM INDICATES DATA IS MISSING.
T  INDICATES TRACE AMOUNT.




$$
