000
CDUS45 KTFX 230819
CLILWT


CLIMATE REPORT
NATIONAL WEATHER SERVICE GREAT FALLS MT
218 AM MDT SUN JUL 23 2017


...................................

...THE LEWISTOWN MT CLIMATE SUMMARY FOR JULY 22 2017...

CLIMATE NORMAL PERIOD 1981 TO 2010
CLIMATE RECORD PERIOD 1896 TO 2017


WEATHER ITEM   OBSERVED TIME   RECORD YEAR NORMAL DEPARTURE LAST
                VALUE   (LST)  VALUE       VALUE  FROM      YEAR
                                                  NORMAL
..................................................................
TEMPERATURE (F)
 YESTERDAY
  MAXIMUM         85    537 PM  99    1963  82      3       94
  MINIMUM         47    521 AM  37    1914  51     -4       57
  AVERAGE         66                        67     -1       76

PRECIPITATION (IN)
  YESTERDAY        0.00          0.42 1997   0.06  -0.06     0.07
  MONTH TO DATE    0.18                      1.46  -1.28     3.39
  SINCE OCT 1     12.14                     13.30  -1.16    13.92
  SINCE JAN 1      7.74                     10.80  -3.06    11.84

SNOWFALL (IN)
  YESTERDAY       MM
  SNOW DEPTH       0

DEGREE DAYS
 HEATING
  YESTERDAY        0                         2     -2        0
  MONTH TO DATE    0                        61    -61       45
  SINCE JUN 1    168                       288   -120      135
  SINCE JUL 1      0                        61    -61       45

 COOLING
  YESTERDAY        1                         3     -2       11
  MONTH TO DATE  174                        56    118       71
  SINCE JUN 1    199                        76    123      128
  SINCE JAN 1    200                        78    122      128
..................................................................


WIND (MPH)
  HIGHEST WIND SPEED    13   HIGHEST WIND DIRECTION     N (340)
  HIGHEST GUST SPEED    19   HIGHEST GUST DIRECTION    NW (310)
  AVERAGE WIND SPEED     5.5


SKY COVER
  AVERAGE SKY COVER 0.0


WEATHER CONDITIONS
 THE FOLLOWING WEATHER WAS RECORDED YESTERDAY.
  NO SIGNIFICANT WEATHER WAS OBSERVED.


RELATIVE HUMIDITY (PERCENT)
 HIGHEST    56           300 AM
 LOWEST     17           300 PM
 AVERAGE    37

..........................................................


THE LEWISTOWN MT CLIMATE NORMALS FOR TODAY
                         NORMAL    RECORD    YEAR
 MAXIMUM TEMPERATURE (F)   83       104      1931
 MINIMUM TEMPERATURE (F)   51        35      1896


SUNRISE AND SUNSET
JULY 23 2017..........SUNRISE   547 AM MDT   SUNSET   901 PM MDT
JULY 24 2017..........SUNRISE   548 AM MDT   SUNSET   900 PM MDT


-  INDICATES NEGATIVE NUMBERS.
R  INDICATES RECORD WAS SET OR TIED.
MM INDICATES DATA IS MISSING.
T  INDICATES TRACE AMOUNT.




$$
