000
CDUS45 KTFX 222238
CLILWT


CLIMATE REPORT
NATIONAL WEATHER SERVICE GREAT FALLS MT
438 PM MDT TUE JUL 22 2014


...................................

...THE LEWISTOWN MT CLIMATE SUMMARY FOR JULY 22 2014...
VALID TODAY AS OF 0400 PM LOCAL TIME.

CLIMATE NORMAL PERIOD 1981 TO 2010
CLIMATE RECORD PERIOD 1896 TO 2014


WEATHER ITEM   OBSERVED TIME   RECORD YEAR NORMAL DEPARTURE LAST
                VALUE   (LST)  VALUE       VALUE  FROM      YEAR
                                                  NORMAL
..................................................................
TEMPERATURE (F)
 TODAY
  MAXIMUM         82    242 PM  99    1963  82      0       86
  MINIMUM         56   1251 AM  37    1914  51      5       51
  AVERAGE         69                        67      2       69

PRECIPITATION (IN)
  TODAY            0.11          0.42 1997   0.06   0.05     0.00
  MONTH TO DATE    0.70                      1.46  -0.76     1.28
  SINCE OCT 1     10.88                     13.30  -2.42    17.98
  SINCE JAN 1      8.80                     10.80  -2.00    15.47

SNOWFALL (IN)
  TODAY           MM
  SNOW DEPTH       0

DEGREE DAYS
 HEATING
  TODAY            0                         2     -2        0
  MONTH TO DATE    6                        61    -55       10
  SINCE JUN 1    292                       288      4      230
  SINCE JUL 1      6                        61    -55       10

 COOLING
  TODAY            4                         3      1        4
  MONTH TO DATE   98                        56     42       89
  SINCE JUN 1     99                        76     23      105
  SINCE JAN 1     99                        78     21      108
..................................................................


WIND (MPH)
  HIGHEST WIND SPEED    14   HIGHEST WIND DIRECTION    SW (240)
  HIGHEST GUST SPEED    18   HIGHEST GUST DIRECTION     E (90)
  AVERAGE WIND SPEED     5.8


SKY COVER
  AVERAGE SKY COVER 0.7


WEATHER CONDITIONS
 THE FOLLOWING WEATHER WAS RECORDED TODAY.
  RAIN
  LIGHT RAIN


RELATIVE HUMIDITY (PERCENT)
 HIGHEST    86
 LOWEST     42
 AVERAGE    64

..........................................................


THE LEWISTOWN MT CLIMATE NORMALS FOR TOMORROW
                         NORMAL    RECORD    YEAR
 MAXIMUM TEMPERATURE (F)   83       104      1931
 MINIMUM TEMPERATURE (F)   51        35      1896


SUNRISE AND SUNSET
JULY 22 2014..........SUNRISE   545 AM MDT   SUNSET   903 PM MDT
JULY 23 2014..........SUNRISE   546 AM MDT   SUNSET   902 PM MDT


-  INDICATES NEGATIVE NUMBERS.
R  INDICATES RECORD WAS SET OR TIED.
MM INDICATES DATA IS MISSING.
T  INDICATES TRACE AMOUNT.




$$
