000
CDUS45 KTFX 221213
CLILWT


CLIMATE REPORT
NATIONAL WEATHER SERVICE GREAT FALLS MT
512 AM MST WED FEB 22 2017


...................................

...THE LEWISTOWN MT CLIMATE SUMMARY FOR FEBRUARY 21 2017...

CLIMATE NORMAL PERIOD 1981 TO 2010
CLIMATE RECORD PERIOD 1896 TO 2017


WEATHER ITEM   OBSERVED TIME   RECORD YEAR NORMAL DEPARTURE LAST
                VALUE   (LST)  VALUE       VALUE  FROM      YEAR
                                                  NORMAL
..................................................................
TEMPERATURE (F)
 YESTERDAY
  MAXIMUM         51   1120 AM  62    1982  37     14       45
  MINIMUM         30    330 AM -22    1957  16     14       18
  AVERAGE         41                        26     15       32

PRECIPITATION (IN)
  YESTERDAY        T             0.38 1967   0.02  -0.02     0.00
  MONTH TO DATE    0.26                      0.33  -0.07     0.53
  SINCE OCT 1      5.01                      3.40   1.61     3.28
  SINCE JAN 1      0.61                      0.90  -0.29     1.20

SNOWFALL (IN)
  YESTERDAY       MM
  SNOW DEPTH       0

DEGREE DAYS
 HEATING
  YESTERDAY       24                        38    -14       33
  MONTH TO DATE  761                       835    -74      620
  SINCE DEC 1   3779                      3412    367     2984
  SINCE JUL 1   5505                      5540    -35     4741

 COOLING
  YESTERDAY        0                         0      0        0
  MONTH TO DATE    0                         0      0        0
  SINCE DEC 1      0                         0      0        0
  SINCE JAN 1      0                         0      0        0
..................................................................


WIND (MPH)
  HIGHEST WIND SPEED    43   HIGHEST WIND DIRECTION    SW (240)
  HIGHEST GUST SPEED    51   HIGHEST GUST DIRECTION    SW (240)
  AVERAGE WIND SPEED    10.9


SKY COVER
  AVERAGE SKY COVER 0.6


WEATHER CONDITIONS
 THE FOLLOWING WEATHER WAS RECORDED YESTERDAY.
  LIGHT RAIN


RELATIVE HUMIDITY (PERCENT)
 HIGHEST    89           600 PM
 LOWEST     53          1200 PM
 AVERAGE    71

..........................................................


THE LEWISTOWN MT CLIMATE NORMALS FOR TODAY
                         NORMAL    RECORD    YEAR
 MAXIMUM TEMPERATURE (F)   38        59      1907
 MINIMUM TEMPERATURE (F)   16       -36      1910


SUNRISE AND SUNSET
FEBRUARY 22 2017......SUNRISE   710 AM MST   SUNSET   553 PM MST
FEBRUARY 23 2017......SUNRISE   708 AM MST   SUNSET   555 PM MST


-  INDICATES NEGATIVE NUMBERS.
R  INDICATES RECORD WAS SET OR TIED.
MM INDICATES DATA IS MISSING.
T  INDICATES TRACE AMOUNT.




$$
