000
CDUS45 KTFX 040944
CLILWT


CLIMATE REPORT
NATIONAL WEATHER SERVICE GREAT FALLS MT
343 AM MDT FRI SEP 4 2015


...................................

...THE LEWISTOWN MT CLIMATE SUMMARY FOR SEPTEMBER 3 2015...

CLIMATE NORMAL PERIOD 1981 TO 2010
CLIMATE RECORD PERIOD 1896 TO 2015


WEATHER ITEM   OBSERVED TIME   RECORD YEAR NORMAL DEPARTURE LAST
                VALUE   (LST)  VALUE       VALUE  FROM      YEAR
                                                  NORMAL
..................................................................
TEMPERATURE (F)
 YESTERDAY
  MAXIMUM         76    330 PM  93    2001  75      1       64
                                      1945
  MINIMUM         47   1149 PM  29    1929  45      2       45
  AVERAGE         62                        60      2       55

PRECIPITATION (IN)
  YESTERDAY        T             0.85 1909   0.05  -0.05     0.00
  MONTH TO DATE    T                         0.14  -0.14     0.00
  SINCE OCT 1     13.62                     15.64  -2.02    17.16
  SINCE JAN 1     11.31                     13.14  -1.83    15.08

SNOWFALL (IN)
  YESTERDAY       MM
  SNOW DEPTH       0

DEGREE DAYS
 HEATING
  YESTERDAY        3                         6     -3       10
  MONTH TO DATE    3                        18    -15       22
  SINCE SEP 1      3                        18    -15       22
  SINCE JUL 1    105                       176    -71      103

 COOLING
  YESTERDAY        0                         1     -1        0
  MONTH TO DATE    7                         3      4        0
  SINCE SEP 1      7                         3      4        0
  SINCE JAN 1    321                       199    122      281
..................................................................


WIND (MPH)
  HIGHEST WIND SPEED    18   HIGHEST WIND DIRECTION    NW (300)
  HIGHEST GUST SPEED    24   HIGHEST GUST DIRECTION     W (290)
  AVERAGE WIND SPEED     8.3


SKY COVER
  AVERAGE SKY COVER 0.0


WEATHER CONDITIONS
 THE FOLLOWING WEATHER WAS RECORDED YESTERDAY.
  LIGHT RAIN


RELATIVE HUMIDITY (PERCENT)
 HIGHEST    86          1100 PM
 LOWEST     27           200 PM
 AVERAGE    57

..........................................................


THE LEWISTOWN MT CLIMATE NORMALS FOR TODAY
                         NORMAL    RECORD    YEAR
 MAXIMUM TEMPERATURE (F)   74        93      2007
                                             1924
 MINIMUM TEMPERATURE (F)   45        20      1929


SUNRISE AND SUNSET
SEPTEMBER  4 2015.....SUNRISE   641 AM MDT   SUNSET   752 PM MDT
SEPTEMBER  5 2015.....SUNRISE   642 AM MDT   SUNSET   750 PM MDT


-  INDICATES NEGATIVE NUMBERS.
R  INDICATES RECORD WAS SET OR TIED.
MM INDICATES DATA IS MISSING.
T  INDICATES TRACE AMOUNT.




$$
