734
CDUS45 KTFX 022330
CLILWT


CLIMATE REPORT
NATIONAL WEATHER SERVICE GREAT FALLS MT
430 PM MST FRI DEC 2 2016


...................................

...THE LEWISTOWN MT CLIMATE SUMMARY FOR DECEMBER 2 2016...
VALID TODAY AS OF 0400 PM LOCAL TIME.

CLIMATE NORMAL PERIOD 1981 TO 2010
CLIMATE RECORD PERIOD 1896 TO 2016


WEATHER ITEM   OBSERVED TIME   RECORD YEAR NORMAL DEPARTURE LAST
                VALUE   (LST)  VALUE       VALUE  FROM      YEAR
                                                  NORMAL
..................................................................
TEMPERATURE (F)
 TODAY
  MAXIMUM         35    114 PM  62    1907  36     -1       43
  MINIMUM         17    819 AM -27    1919  15      2       20
  AVERAGE         26                        26      0       32

PRECIPITATION (IN)
  TODAY            0.01          0.43 1930   0.02  -0.01      T
  MONTH TO DATE    0.05                      0.04   0.01      T
  SINCE OCT 1      4.12                      1.88   2.24     1.41
  SINCE JAN 1     20.15                     16.23   3.92    13.49

DEGREE DAYS
 HEATING
  TODAY           39                        39      0       33
  MONTH TO DATE   74                        78     -4       72
  SINCE DEC 1     74                        78     -4       72
  SINCE JUL 1   1800                      2206   -406     1829

 COOLING
  TODAY            0                         0      0        0
  MONTH TO DATE    0                         0      0        0
  SINCE DEC 1      0                         0      0        0
  SINCE JAN 1    259                       210     49      343
..................................................................


WIND (MPH)
  HIGHEST WIND SPEED    24   HIGHEST WIND DIRECTION    SW (230)
  HIGHEST GUST SPEED    29   HIGHEST GUST DIRECTION    SW (230)
  AVERAGE WIND SPEED     9.1


SKY COVER
  AVERAGE SKY COVER 0.5


WEATHER CONDITIONS
 THE FOLLOWING WEATHER WAS RECORDED TODAY.
  LIGHT SNOW
  FOG


RELATIVE HUMIDITY (PERCENT)
 HIGHEST   100
 LOWEST     56
 AVERAGE    78

..........................................................


THE LEWISTOWN MT CLIMATE NORMALS FOR TOMORROW
                         NORMAL    RECORD    YEAR
 MAXIMUM TEMPERATURE (F)   36        66      1907
 MINIMUM TEMPERATURE (F)   15       -22      1972


SUNRISE AND SUNSET
DECEMBER  2 2016......SUNRISE   745 AM MST   SUNSET   430 PM MST
DECEMBER  3 2016......SUNRISE   746 AM MST   SUNSET   430 PM MST


-  INDICATES NEGATIVE NUMBERS.
R  INDICATES RECORD WAS SET OR TIED.
MM INDICATES DATA IS MISSING.
T  INDICATES TRACE AMOUNT.




$$
