000
CDUS45 KTFX 301009
CLILWT


CLIMATE REPORT
NATIONAL WEATHER SERVICE GREAT FALLS MT
407 AM MDT SAT MAY 30 2015


...................................

...THE LEWISTOWN MT CLIMATE SUMMARY FOR MAY 29 2015...

CLIMATE NORMAL PERIOD 1981 TO 2010
CLIMATE RECORD PERIOD 1896 TO 2015


WEATHER ITEM   OBSERVED TIME   RECORD YEAR NORMAL DEPARTURE LAST
                VALUE   (LST)  VALUE       VALUE  FROM      YEAR
                                                  NORMAL
..................................................................
TEMPERATURE (F)
 YESTERDAY
  MAXIMUM         64    546 PM  92    1936  66     -2       66
  MINIMUM         45    541 AM  27    1951  42      3       40
  AVERAGE         55                        54      1       53

PRECIPITATION (IN)
  YESTERDAY        0.00          2.62 1953   0.11  -0.11     0.00
  MONTH TO DATE    2.51                      2.61  -0.10     1.70
  SINCE OCT 1      8.87                      8.52   0.35     7.54
  SINCE JAN 1      6.56                      6.02   0.54     5.46

SNOWFALL (IN)
  YESTERDAY       MM
  SNOW DEPTH       0

DEGREE DAYS
 HEATING
  YESTERDAY       10                        11     -1       12
  MONTH TO DATE  448                       444      4      439
  SINCE MAR 1   1775                      2147   -372     2273
  SINCE JUL 1   6973                      7951   -978     8329

 COOLING
  YESTERDAY        0                         0      0        0
  MONTH TO DATE    0                         0      0        0
  SINCE MAR 1      0                         0      0        0
  SINCE JAN 1      0                         0      0        0
..................................................................


WIND (MPH)
  HIGHEST WIND SPEED    18   HIGHEST WIND DIRECTION     E (90)
  HIGHEST GUST SPEED    24   HIGHEST GUST DIRECTION     E (90)
  AVERAGE WIND SPEED     9.6


SKY COVER
  AVERAGE SKY COVER 0.6


WEATHER CONDITIONS
 THE FOLLOWING WEATHER WAS RECORDED YESTERDAY.
  FOG


RELATIVE HUMIDITY (PERCENT)
 HIGHEST    93          1200 AM
 LOWEST     52           400 PM
 AVERAGE    73

..........................................................


THE LEWISTOWN MT CLIMATE NORMALS FOR TODAY
                         NORMAL    RECORD    YEAR
 MAXIMUM TEMPERATURE (F)   66        92      1936
 MINIMUM TEMPERATURE (F)   42        30      2001
                                             1982


SUNRISE AND SUNSET
MAY 30 2015...........SUNRISE   528 AM MDT   SUNSET   903 PM MDT
MAY 31 2015...........SUNRISE   527 AM MDT   SUNSET   904 PM MDT


-  INDICATES NEGATIVE NUMBERS.
R  INDICATES RECORD WAS SET OR TIED.
MM INDICATES DATA IS MISSING.
T  INDICATES TRACE AMOUNT.




$$
