000
CDUS43 KILX 050628
CLILWV


CLIMATE REPORT
NATIONAL WEATHER SERVICE LINCOLN IL
128 AM CDT WED AUG 5 2015


...................................

...THE LAWRENCEVILLE IL AIRPORT CLIMATE SUMMARY FOR AUGUST 4 2015...

CLIMATE NORMAL PERIOD 1981 TO 2010
CLIMATE RECORD PERIOD 9999 TO 9999


WEATHER ITEM   OBSERVED TIME   RECORD YEAR NORMAL DEPARTURE LAST
                VALUE   (LST)  VALUE       VALUE  FROM      YEAR
                                                  NORMAL
..................................................................
TEMPERATURE (F)
 YESTERDAY
  MAXIMUM         87    239 PM  MM      MM  88     -1       87
  MINIMUM         69    415 AM  MM      MM  67      2       60
  AVERAGE         78                        77      1       74

PRECIPITATION (IN)
  YESTERDAY        0.03         MM      MM   0.11  -0.08     0.00
  MONTH TO DATE    0.03                      0.42  -0.39      T
  SINCE JUN 1     12.81                      8.82   3.99     8.43
  SINCE JAN 1     29.77                     26.38   3.39    24.04

DEGREE DAYS
 HEATING
  YESTERDAY        0                         0      0        0
  MONTH TO DATE    0                         0      0        0
  SINCE JUN 1      8                         7      1        0
  SINCE JUL 1      0                         0      0        0

 COOLING
  YESTERDAY       13                        12      1        9
  MONTH TO DATE   55                        48      7       34
  SINCE JUN 1    723                       736    -13      581
  SINCE JAN 1    878                       875      3      772
..................................................................


WIND (MPH)
  HIGHEST WIND SPEED    17   HIGHEST WIND DIRECTION     N (350)
  HIGHEST GUST SPEED    22   HIGHEST GUST DIRECTION     N (350)
  AVERAGE WIND SPEED     4.1


SKY COVER
  POSSIBLE SUNSHINE  MM
  AVERAGE SKY COVER 0.4


WEATHER CONDITIONS
 THE FOLLOWING WEATHER WAS RECORDED YESTERDAY.
  LIGHT RAIN
  HAZE


RELATIVE HUMIDITY (PERCENT)
 HIGHEST    93          1100 PM
 LOWEST     58          1200 PM
 AVERAGE    76

..........................................................


THE LAWRENCEVILLE IL AIRPORT CLIMATE NORMALS FOR TODAY
                         NORMAL    RECORD    YEAR
 MAXIMUM TEMPERATURE (F)   88        MM        MM
 MINIMUM TEMPERATURE (F)   67        MM        MM


SUNRISE AND SUNSET
AUGUST  5 2015........SUNRISE   555 AM CDT   SUNSET   757 PM CDT
AUGUST  6 2015........SUNRISE   556 AM CDT   SUNSET   756 PM CDT


-  INDICATES NEGATIVE NUMBERS.
R  INDICATES RECORD WAS SET OR TIED.
MM INDICATES DATA IS MISSING.
T  INDICATES TRACE AMOUNT.




$$
