194
CDUS43 KILX 060636
CLILWV


CLIMATE REPORT
NATIONAL WEATHER SERVICE LINCOLN IL
1236 AM CST SAT FEB 6 2016


...................................

...THE LAWRENCEVILLE IL AIRPORT CLIMATE SUMMARY FOR FEBRUARY 5 2016...

CLIMATE NORMAL PERIOD 1981 TO 2010
CLIMATE RECORD PERIOD 9999 TO 9999


WEATHER ITEM   OBSERVED TIME   RECORD YEAR NORMAL DEPARTURE LAST
                VALUE   (LST)  VALUE       VALUE  FROM      YEAR
                                                  NORMAL
..................................................................
TEMPERATURE (F)
 YESTERDAY
  MAXIMUM         41    247 PM  MM      MM  41      0       26
  MINIMUM         22    715 AM  MM      MM  25     -3        9
  AVERAGE         32                        33     -1       18

PRECIPITATION (IN)
  YESTERDAY        0.00         MM      MM   0.08  -0.08     0.00
  MONTH TO DATE    0.10                      0.37  -0.27     0.54
  SINCE DEC 1      6.10                      6.14  -0.04     5.74
  SINCE JAN 1      1.16                      2.75  -1.59     2.50

DEGREE DAYS
 HEATING
  YESTERDAY       33                        32      1       47
  MONTH TO DATE  123                       162    -39      185
  SINCE DEC 1   1833                      2155   -322     2135
  SINCE JUL 1   2530                      3013   -483     3270

 COOLING
  YESTERDAY        0                         0      0        0
  MONTH TO DATE    0                         0      0        0
  SINCE DEC 1      0                         0      0        0
  SINCE JAN 1      0                         0      0        0
..................................................................


WIND (MPH)
  HIGHEST WIND SPEED    14   HIGHEST WIND DIRECTION    NW (300)
  HIGHEST GUST SPEED    17   HIGHEST GUST DIRECTION     W (290)
  AVERAGE WIND SPEED     6.1


SKY COVER
  POSSIBLE SUNSHINE  MM
  AVERAGE SKY COVER 0.0


WEATHER CONDITIONS
 THE FOLLOWING WEATHER WAS RECORDED YESTERDAY.
  NO SIGNIFICANT WEATHER WAS OBSERVED.


RELATIVE HUMIDITY (PERCENT)
 HIGHEST    92           200 AM
 LOWEST     51           100 PM
 AVERAGE    72

..........................................................


THE LAWRENCEVILLE IL AIRPORT CLIMATE NORMALS FOR TODAY
                         NORMAL    RECORD    YEAR
 MAXIMUM TEMPERATURE (F)   42        MM        MM
 MINIMUM TEMPERATURE (F)   25        MM        MM


SUNRISE AND SUNSET
FEBRUARY  6 2016......SUNRISE   652 AM CST   SUNSET   517 PM CST
FEBRUARY  7 2016......SUNRISE   651 AM CST   SUNSET   518 PM CST


-  INDICATES NEGATIVE NUMBERS.
R  INDICATES RECORD WAS SET OR TIED.
MM INDICATES DATA IS MISSING.
T  INDICATES TRACE AMOUNT.




$$
