000
CDUS43 KILX 230645
CLILWV


CLIMATE REPORT
NATIONAL WEATHER SERVICE LINCOLN IL
145 AM CDT THU OCT 23 2014


...................................

...THE LAWRENCEVILLE IL AIRPORT CLIMATE SUMMARY FOR OCTOBER 22 2014...

CLIMATE NORMAL PERIOD 1981 TO 2010
CLIMATE RECORD PERIOD 9999 TO 9999


WEATHER ITEM   OBSERVED TIME   RECORD YEAR NORMAL DEPARTURE LAST
                VALUE   (LST)  VALUE       VALUE  FROM      YEAR
                                                  NORMAL
..................................................................
TEMPERATURE (F)
 YESTERDAY
  MAXIMUM         62    325 PM  MM      MM  67     -5       55
  MINIMUM         40    625 AM  MM      MM  44     -4       31
  AVERAGE         51                        56     -5       43

PRECIPITATION (IN)
  YESTERDAY        0.00         MM      MM   0.13  -0.13      T
  MONTH TO DATE    3.93                      3.00   0.93     3.26
  SINCE SEP 1      6.86                      6.19   0.67     4.22
  SINCE JAN 1     35.66                     35.54   0.12    45.86

DEGREE DAYS
 HEATING
  YESTERDAY       14                        10      4       22
  MONTH TO DATE  174                       156     18      141
  SINCE SEP 1    234                       194     40      152
  SINCE JUL 1    234                       195     39      157

 COOLING
  YESTERDAY        0                         0      0        0
  MONTH TO DATE   22                        31     -9       45
  SINCE SEP 1    140                       202    -62      232
  SINCE JAN 1   1213                      1385   -172     1287
..................................................................


WIND (MPH)
  HIGHEST WIND SPEED    12   HIGHEST WIND DIRECTION     N (20)
  HIGHEST GUST SPEED    19   HIGHEST GUST DIRECTION    NE (60)
  AVERAGE WIND SPEED     5.3


SKY COVER
  POSSIBLE SUNSHINE  MM
  AVERAGE SKY COVER 0.0


WEATHER CONDITIONS
 THE FOLLOWING WEATHER WAS RECORDED YESTERDAY.
  FOG


RELATIVE HUMIDITY (PERCENT)
 HIGHEST    96           200 AM
 LOWEST     46           100 PM
 AVERAGE    71

..........................................................


THE LAWRENCEVILLE IL AIRPORT CLIMATE NORMALS FOR TODAY
                         NORMAL    RECORD    YEAR
 MAXIMUM TEMPERATURE (F)   67        MM        MM
 MINIMUM TEMPERATURE (F)   44        MM        MM


SUNRISE AND SUNSET
OCTOBER 23 2014.......SUNRISE   708 AM CDT   SUNSET   601 PM CDT
OCTOBER 24 2014.......SUNRISE   709 AM CDT   SUNSET   600 PM CDT


-  INDICATES NEGATIVE NUMBERS.
R  INDICATES RECORD WAS SET OR TIED.
MM INDICATES DATA IS MISSING.
T  INDICATES TRACE AMOUNT.




$$
