000
CDUS43 KILX 300642
CLILWV


CLIMATE REPORT
NATIONAL WEATHER SERVICE LINCOLN IL
141 AM CDT MON MAY 30 2016


...................................

...THE LAWRENCEVILLE IL AIRPORT CLIMATE SUMMARY FOR MAY 29 2016...

CLIMATE NORMAL PERIOD 1981 TO 2010
CLIMATE RECORD PERIOD 9999 TO 9999


WEATHER ITEM   OBSERVED TIME   RECORD YEAR NORMAL DEPARTURE LAST
                VALUE   (LST)  VALUE       VALUE  FROM      YEAR
                                                  NORMAL
..................................................................
TEMPERATURE (F)
 YESTERDAY
  MAXIMUM         88    255 PM  MM      MM  81      7       87
  MINIMUM         67    346 AM  MM      MM  59      8       65
  AVERAGE         78                        70      8       76

PRECIPITATION (IN)
  YESTERDAY        0.00         MM      MM   0.13  -0.13     0.00
  MONTH TO DATE    4.17                      5.32  -1.15     2.30
  SINCE MAR 1     13.43                     12.91   0.52    13.37
  SINCE JAN 1     17.67                     17.30   0.37    15.87

DEGREE DAYS
 HEATING
  YESTERDAY        0                         1     -1        0
  MONTH TO DATE  115                        80     35       61
  SINCE MAR 1    842                       996   -154     1041
  SINCE JUL 1   4069                      4671   -602     5315

 COOLING
  YESTERDAY       13                         6      7       11
  MONTH TO DATE   76                       100    -24      139
  SINCE MAR 1     97                       126    -29      146
  SINCE JAN 1     97                       126    -29      146
..................................................................


WIND (MPH)
  HIGHEST WIND SPEED    18   HIGHEST WIND DIRECTION     W (290)
  HIGHEST GUST SPEED    25   HIGHEST GUST DIRECTION     W (280)
  AVERAGE WIND SPEED     7.0


SKY COVER
  POSSIBLE SUNSHINE  MM
  AVERAGE SKY COVER 0.1


WEATHER CONDITIONS
 THE FOLLOWING WEATHER WAS RECORDED YESTERDAY.
  FOG


RELATIVE HUMIDITY (PERCENT)
 HIGHEST    97          1200 AM
 LOWEST     36           400 PM
 AVERAGE    67

..........................................................


THE LAWRENCEVILLE IL AIRPORT CLIMATE NORMALS FOR TODAY
                         NORMAL    RECORD    YEAR
 MAXIMUM TEMPERATURE (F)   81        MM        MM
 MINIMUM TEMPERATURE (F)   59        MM        MM


SUNRISE AND SUNSET
MAY 30 2016...........SUNRISE   528 AM CDT   SUNSET   808 PM CDT
MAY 31 2016...........SUNRISE   528 AM CDT   SUNSET   809 PM CDT


-  INDICATES NEGATIVE NUMBERS.
R  INDICATES RECORD WAS SET OR TIED.
MM INDICATES DATA IS MISSING.
T  INDICATES TRACE AMOUNT.




$$
