000
CDUS41 KRNK 270649
CLILYH


CLIMATE REPORT
NATIONAL WEATHER SERVICE BLACKSBURG VA
247 AM EDT WED MAY 27 2015


...................................

...THE LYNCHBURG VA CLIMATE SUMMARY FOR MAY 26 2015...

CLIMATE NORMAL PERIOD 1981 TO 2010
CLIMATE RECORD PERIOD 1893 TO 2015


WEATHER ITEM   OBSERVED TIME   RECORD YEAR NORMAL DEPARTURE LAST
                VALUE   (LST)  VALUE       VALUE  FROM      YEAR
                                                  NORMAL
..................................................................
TEMPERATURE (F)
 YESTERDAY
  MAXIMUM         84    333 PM  93    1933  78      6       86
  MINIMUM         58    210 AM  38    1988  54      4       54
  AVERAGE         71                        66      5       70

PRECIPITATION (IN)
  YESTERDAY        0.00          2.91 1921   0.14  -0.14     0.00
  MONTH TO DATE    1.56                      3.07  -1.51     3.57
  SINCE MAR 1      8.90                      9.96  -1.06    12.12
  SINCE JAN 1     13.28                     16.03  -2.75    19.20

SNOWFALL (IN)
  YESTERDAY        0.0                                       0.0
  MONTH TO DATE    0.0                                       0.0
  SINCE MAR 1      2.5                                       9.4
  SINCE JUL 1     22.9                                      21.4
  SNOW DEPTH       0

DEGREE DAYS
 HEATING
  YESTERDAY        0                         2     -2        0
  MONTH TO DATE   59                       112    -53       65
  SINCE MAR 1    938                      1011    -73      926
  SINCE JUL 1   4627                      4435    192     4440

 COOLING
  YESTERDAY        6                         3      3        5
  MONTH TO DATE   94                        46     48       70
  SINCE MAR 1    102                        64     38       89
  SINCE JAN 1    102                        64     38       89
..................................................................


WIND (MPH)
  HIGHEST WIND SPEED    17   HIGHEST WIND DIRECTION     S (180)
  HIGHEST GUST SPEED    22   HIGHEST GUST DIRECTION     S (190)
  AVERAGE WIND SPEED     7.3


SKY COVER
  AVERAGE SKY COVER 0.2


WEATHER CONDITIONS
 THE FOLLOWING WEATHER WAS RECORDED YESTERDAY.
  NO SIGNIFICANT WEATHER WAS OBSERVED.


RELATIVE HUMIDITY (PERCENT)
 HIGHEST    93           400 AM
 LOWEST     55           300 PM
 AVERAGE    74

..........................................................


THE LYNCHBURG VA CLIMATE NORMALS FOR TODAY
                         NORMAL    RECORD    YEAR
 MAXIMUM TEMPERATURE (F)   78        95      1936
                                             1914
 MINIMUM TEMPERATURE (F)   54        40      1925


SUNRISE AND SUNSET
MAY 27 2015...........SUNRISE   600 AM EDT   SUNSET   828 PM EDT
MAY 28 2015...........SUNRISE   600 AM EDT   SUNSET   829 PM EDT


-  INDICATES NEGATIVE NUMBERS.
R  INDICATES RECORD WAS SET OR TIED.
MM INDICATES DATA IS MISSING.
T  INDICATES TRACE AMOUNT.




$$
