000
CDUS41 KRNK 040634
CLILYH


CLIMATE REPORT
NATIONAL WEATHER SERVICE BLACKSBURG VA
231 AM EDT SAT JUL 4 2015


...................................

...THE LYNCHBURG VA CLIMATE SUMMARY FOR JULY 3 2015...

CLIMATE NORMAL PERIOD 1981 TO 2010
CLIMATE RECORD PERIOD 1893 TO 2015


WEATHER ITEM   OBSERVED TIME   RECORD YEAR NORMAL DEPARTURE LAST
                VALUE   (LST)  VALUE       VALUE  FROM      YEAR
                                                  NORMAL
..................................................................
TEMPERATURE (F)
 YESTERDAY
  MAXIMUM         75    250 PM  97    2012  86    -11       87
                                      1970
                                      1911
  MINIMUM         62    108 AM  52    1918  64     -2       69
  AVERAGE         69                        75     -6       78

PRECIPITATION (IN)
  YESTERDAY        0.35          1.34 2012   0.12   0.23     0.61
  MONTH TO DATE    0.35                      0.36  -0.01     0.65
  SINCE JUN 1      5.94                      3.98   1.96     3.05
  SINCE JAN 1     19.32                     20.67  -1.35    24.07

SNOWFALL (IN)
  YESTERDAY        0.0                                       0.0
  MONTH TO DATE    0.0                                       0.0
  SINCE JUN 1      0.0                                       0.0
  SINCE JUL 1      0.0                                       0.0
  SNOW DEPTH       0

DEGREE DAYS
 HEATING
  YESTERDAY        0                         0      0        0
  MONTH TO DATE    0                         0      0        0
  SINCE JUN 1     13                        14     -1        1
  SINCE JUL 1      0                         0      0        0

 COOLING
  YESTERDAY        4                        10     -6       13
  MONTH TO DATE   17                        30    -13       46
  SINCE JUN 1    295                       244     51      301
  SINCE JAN 1    443                       326    117      415
..................................................................


WIND (MPH)
  HIGHEST WIND SPEED    10   HIGHEST WIND DIRECTION    NE (50)
  HIGHEST GUST SPEED    13   HIGHEST GUST DIRECTION    NE (40)
  AVERAGE WIND SPEED     3.6


SKY COVER
  AVERAGE SKY COVER 0.9


WEATHER CONDITIONS
 THE FOLLOWING WEATHER WAS RECORDED YESTERDAY.
  RAIN
  LIGHT RAIN
  FOG


RELATIVE HUMIDITY (PERCENT)
 HIGHEST   100          1200 AM
 LOWEST     73           200 PM
 AVERAGE    87

..........................................................


THE LYNCHBURG VA CLIMATE NORMALS FOR TODAY
                         NORMAL    RECORD    YEAR
 MAXIMUM TEMPERATURE (F)   87        98      1966
 MINIMUM TEMPERATURE (F)   64        51      1933


SUNRISE AND SUNSET
JULY  4 2015..........SUNRISE   601 AM EDT   SUNSET   841 PM EDT
JULY  5 2015..........SUNRISE   602 AM EDT   SUNSET   841 PM EDT


-  INDICATES NEGATIVE NUMBERS.
R  INDICATES RECORD WAS SET OR TIED.
MM INDICATES DATA IS MISSING.
T  INDICATES TRACE AMOUNT.

$$

RAB
