000
CDUS44 KLZK 232117
CLILZK


CLIMATE REPORT
NATIONAL WEATHER SERVICE LITTLE ROCK AR
417 PM CDT SAT JUL 23 2016


...................................

...THE NORTH LITTLE ROCK CLIMATE SUMMARY FOR JULY 23 2016...
VALID TODAY AS OF 0400 PM LOCAL TIME.

CLIMATE NORMAL PERIOD 1981 TO 2010
CLIMATE RECORD PERIOD 1975 TO 2016


WEATHER ITEM   OBSERVED TIME   RECORD YEAR NORMAL DEPARTURE LAST
                VALUE   (LST)  VALUE       VALUE  FROM      YEAR
                                                  NORMAL
..................................................................
TEMPERATURE (F)
 TODAY
  MAXIMUM         97    100 PM 100    2011  93      4       92
  MINIMUM         77    500 AM  65    2007  73      4       77
  AVERAGE         87                        83      4       85

PRECIPITATION (IN)
  TODAY            0.00          0.67 2014   0.13  -0.13     0.08
  MONTH TO DATE    4.63                      2.85   1.78     2.11
  SINCE JUN 1      6.55                      6.16   0.39     4.52
  SINCE JAN 1     34.78                     27.76   7.02    35.58

SNOWFALL (IN)
  TODAY            0.0          MM      MM   0.0    0.0      0.0
  MONTH TO DATE    0.0                       0.0    0.0      0.0
  SINCE JUN 1      0.0                       0.0    0.0      0.0
  SINCE JUL 1      0.0                       0.0    0.0      0.0
  SNOW DEPTH      MM

DEGREE DAYS
 HEATING
  TODAY            0                         0      0        0
  MONTH TO DATE    0                         0      0        0
  SINCE JUN 1      0                         1     -1        0
  SINCE JUL 1      0                         0      0        0

 COOLING
  TODAY           22                        18      4       20
  MONTH TO DATE  441                       400     41      418
  SINCE JUN 1    924                       813    111      868
  SINCE JAN 1   1152                      1109     43     1151
..................................................................


WIND (MPH)
  HIGHEST WIND SPEED     5   HIGHEST WIND DIRECTION    SW (220)
  HIGHEST GUST SPEED    MM   HIGHEST GUST DIRECTION    MM
  AVERAGE WIND SPEED     0.7


SKY COVER
  POSSIBLE SUNSHINE  MM
  AVERAGE SKY COVER 0.0


WEATHER CONDITIONS
 THE FOLLOWING WEATHER WAS RECORDED TODAY.
  THUNDERSTORM


RELATIVE HUMIDITY (PERCENT)
 HIGHEST    94           500 AM
 LOWEST     55           100 PM
 AVERAGE    75

..........................................................


THE NORTH LITTLE ROCK CLIMATE NORMALS FOR TOMORROW
                         NORMAL    RECORD    YEAR
 MAXIMUM TEMPERATURE (F)   93       100      1993
 MINIMUM TEMPERATURE (F)   73        66      2007
                                             2000


SUNRISE AND SUNSET
JULY 23 2016..........SUNRISE   613 AM CDT   SUNSET   818 PM CDT
JULY 24 2016..........SUNRISE   613 AM CDT   SUNSET   817 PM CDT


-  INDICATES NEGATIVE NUMBERS.
R  INDICATES RECORD WAS SET OR TIED.
MM INDICATES DATA IS MISSING.
T  INDICATES TRACE AMOUNT.




$$
