000
CDUS44 KLZK 020644
CLILZK


CLIMATE REPORT
NATIONAL WEATHER SERVICE LITTLE ROCK AR
1244 AM CST FRI DEC 2 2016


...................................

...THE NORTH LITTLE ROCK CLIMATE SUMMARY FOR DECEMBER 1 2016...

CLIMATE NORMAL PERIOD 1981 TO 2010
CLIMATE RECORD PERIOD 1975 TO 2016


WEATHER ITEM   OBSERVED TIME   RECORD YEAR NORMAL DEPARTURE LAST
                VALUE   (LST)  VALUE       VALUE  FROM      YEAR
                                                  NORMAL
..................................................................
TEMPERATURE (F)
 YESTERDAY
  MAXIMUM         61        MM  74    2012  55      6       49
  MINIMUM         37        MM  23    1985  38     -1       40
  AVERAGE         49                        47      2       45

PRECIPITATION (IN)
  YESTERDAY        0.00          0.26 1991   0.18  -0.18     0.00
                                      1985
  MONTH TO DATE    0.00                      0.18  -0.18     0.00
  SINCE DEC 1      0.00                      0.18  -0.18     0.00
  SINCE JAN 1     49.27                     45.20   4.07    56.98

SNOWFALL (IN)
  YESTERDAY        0.0          MM      MM   0.0    0.0      0.0
  MONTH TO DATE    0.0                       0.0    0.0      0.0
  SINCE DEC 1      0.0                       0.0    0.0      0.0
  SINCE JUL 1      T                         T      0.0      0.0
  SNOW DEPTH       0

DEGREE DAYS
 HEATING
  YESTERDAY       16                        18     -2       20
  MONTH TO DATE   16                        18     -2       20
  SINCE DEC 1     16                        18     -2       20
  SINCE JUL 1    310                       530   -220      373

 COOLING
  YESTERDAY        0                         0      0        0
  MONTH TO DATE    0                         0      0        0
  SINCE DEC 1      0                         0      0        0
  SINCE JAN 1   2374                      2169    205     2315
..................................................................


WIND (MPH)
  HIGHEST WIND SPEED     5   HIGHEST WIND DIRECTION     N (340)
  HIGHEST GUST SPEED    MM   HIGHEST GUST DIRECTION    MM
  AVERAGE WIND SPEED     1.9


SKY COVER
  POSSIBLE SUNSHINE  MM
  AVERAGE SKY COVER 0.0


WEATHER CONDITIONS
 THE FOLLOWING WEATHER WAS RECORDED YESTERDAY.
  NO SIGNIFICANT WEATHER WAS OBSERVED.


RELATIVE HUMIDITY (PERCENT)
 HIGHEST    70
 LOWEST     28
 AVERAGE    49

..........................................................


THE NORTH LITTLE ROCK CLIMATE NORMALS FOR TODAY
                         NORMAL    RECORD    YEAR
 MAXIMUM TEMPERATURE (F)   55        78      1982
 MINIMUM TEMPERATURE (F)   38        19      1985


SUNRISE AND SUNSET
DECEMBER  2 2016......SUNRISE   700 AM CST   SUNSET   458 PM CST
DECEMBER  3 2016......SUNRISE   700 AM CST   SUNSET   458 PM CST


-  INDICATES NEGATIVE NUMBERS.
R  INDICATES RECORD WAS SET OR TIED.
MM INDICATES DATA IS MISSING.
T  INDICATES TRACE AMOUNT.




$$
