000
CDUS44 KLZK 282057
CLILZK


CLIMATE REPORT
NATIONAL WEATHER SERVICE LITTLE ROCK AR
356 PM CDT SAT MAY 28 2016


...................................

...THE NORTH LITTLE ROCK CLIMATE SUMMARY FOR MAY 28 2016...
VALID TODAY AS OF 0300 PM LOCAL TIME.

CLIMATE NORMAL PERIOD 1981 TO 2010
CLIMATE RECORD PERIOD 1975 TO 2016


WEATHER ITEM   OBSERVED TIME   RECORD YEAR NORMAL DEPARTURE LAST
                VALUE   (LST)  VALUE       VALUE  FROM      YEAR
                                                  NORMAL
..................................................................
TEMPERATURE (F)
 TODAY
  MAXIMUM         83        MM  93    2012  84     -1       83
  MINIMUM         64        MM  49    1992  65     -1       66
  AVERAGE         74                        74      0       75

PRECIPITATION (IN)
  TODAY            0.00          1.83 2014   0.14  -0.14     0.01
  MONTH TO DATE    1.82                      4.55  -2.73     9.47
  SINCE MAR 1     22.27                     14.11   8.16    23.08
  SINCE JAN 1     27.33                     21.19   6.14    29.26

SNOWFALL (IN)
  TODAY            0.0          MM      MM   0.0    0.0      0.0
  MONTH TO DATE    0.0                       0.0    0.0      0.0
  SINCE MAR 1      T                         0.4   -0.4      6.4
  SINCE JUL 1      7.2                       4.4    2.8     10.6
  SNOW DEPTH       0

DEGREE DAYS
 HEATING
  TODAY            0                         0      0        0
  MONTH TO DATE   33                        21     12       18
  SINCE MAR 1    360                       517   -157      515
  SINCE JUL 1   2321                      3003   -682     3312

 COOLING
  TODAY            9                         9      0       10
  MONTH TO DATE  118                       178    -60      184
  SINCE MAR 1    195                       265    -70      259
  SINCE JAN 1    198                       267    -69      259
..................................................................


WIND (MPH)
  HIGHEST WIND SPEED     6   HIGHEST WIND DIRECTION    SW (220)
  HIGHEST GUST SPEED    MM   HIGHEST GUST DIRECTION    MM
  AVERAGE WIND SPEED     4.3


SKY COVER
  POSSIBLE SUNSHINE  MM
  AVERAGE SKY COVER 0.0


WEATHER CONDITIONS
 THE FOLLOWING WEATHER WAS RECORDED TODAY.
  NO SIGNIFICANT WEATHER WAS OBSERVED.


RELATIVE HUMIDITY (PERCENT)
 HIGHEST    93           500 AM
 LOWEST     62          1200 PM
 AVERAGE    78

..........................................................


THE NORTH LITTLE ROCK CLIMATE NORMALS FOR TOMORROW
                         NORMAL    RECORD    YEAR
 MAXIMUM TEMPERATURE (F)   84        96      2012
 MINIMUM TEMPERATURE (F)   65        49      1984


SUNRISE AND SUNSET
MAY 28 2016...........SUNRISE   558 AM CDT   SUNSET   815 PM CDT
MAY 29 2016...........SUNRISE   558 AM CDT   SUNSET   816 PM CDT


-  INDICATES NEGATIVE NUMBERS.
R  INDICATES RECORD WAS SET OR TIED.
MM INDICATES DATA IS MISSING.
T  INDICATES TRACE AMOUNT.




$$
