000
CDUS44 KLZK 220638
CLILZK


CLIMATE REPORT
NATIONAL WEATHER SERVICE LITTLE ROCK AR
1237 AM CST SUN JAN 22 2017


...................................

...THE NORTH LITTLE ROCK CLIMATE SUMMARY FOR JANUARY 21 2017...

CLIMATE NORMAL PERIOD 1981 TO 2010
CLIMATE RECORD PERIOD 1975 TO 2017


WEATHER ITEM   OBSERVED TIME   RECORD YEAR NORMAL DEPARTURE LAST
                VALUE   (LST)  VALUE       VALUE  FROM      YEAR
                                                  NORMAL
..................................................................
TEMPERATURE (F)
 YESTERDAY
  MAXIMUM         68        MM  72    1999  50     18       32
                                      1986
  MINIMUM         53        MM   4    1985  33     20       30
  AVERAGE         61                        41     20       31

PRECIPITATION (IN)
  YESTERDAY        0.23          2.35 1999   0.10   0.13     0.69
  MONTH TO DATE    2.00                      2.34  -0.34     2.62
  SINCE DEC 1      5.17                      7.35  -2.18    12.70
  SINCE JAN 1      2.00                      2.34  -0.34     2.62

SNOWFALL (IN)
  YESTERDAY        0.0           1.0  1983   0.1   -0.1      0.3
  MONTH TO DATE    0.8                       1.1   -0.3      0.3
  SINCE DEC 1      0.8                       1.6   -0.8      0.3
  SINCE JUL 1      0.8                       1.6   -0.8      0.3
  SNOW DEPTH       0

DEGREE DAYS
 HEATING
  YESTERDAY        4                        24    -20       34
  MONTH TO DATE  409                       504    -95      541
  SINCE DEC 1   1055                      1184   -129      952
  SINCE JUL 1   1349                      1696   -347     1305

 COOLING
  YESTERDAY        0                         0      0        0
  MONTH TO DATE    1                         0      1        0
  SINCE DEC 1      2                         1      1        7
  SINCE JAN 1      1                         0      1        0
..................................................................


WIND (MPH)
  HIGHEST WIND SPEED     9   HIGHEST WIND DIRECTION    SE (140)
  HIGHEST GUST SPEED    MM   HIGHEST GUST DIRECTION    MM
  AVERAGE WIND SPEED     4.5


SKY COVER
  POSSIBLE SUNSHINE  MM
  AVERAGE SKY COVER 0.0


WEATHER CONDITIONS
 THE FOLLOWING WEATHER WAS RECORDED YESTERDAY.
  NO SIGNIFICANT WEATHER WAS OBSERVED.


RELATIVE HUMIDITY (PERCENT)
 HIGHEST    93           800 AM
 LOWEST     73           100 PM
 AVERAGE    83

..........................................................


THE NORTH LITTLE ROCK CLIMATE NORMALS FOR TODAY
                         NORMAL    RECORD    YEAR
 MAXIMUM TEMPERATURE (F)   50        68      1997
                                             1982
 MINIMUM TEMPERATURE (F)   33        17      1984


SUNRISE AND SUNSET
JANUARY 22 2017.......SUNRISE   713 AM CST   SUNSET   528 PM CST
JANUARY 23 2017.......SUNRISE   713 AM CST   SUNSET   529 PM CST


-  INDICATES NEGATIVE NUMBERS.
R  INDICATES RECORD WAS SET OR TIED.
MM INDICATES DATA IS MISSING.
T  INDICATES TRACE AMOUNT.




$$
