000
CDUS44 KLZK 120634
CLILZK


CLIMATE REPORT
NATIONAL WEATHER SERVICE LITTLE ROCK AR
1233 AM CST TUE DEC 12 2017


...................................

...THE NORTH LITTLE ROCK CLIMATE SUMMARY FOR DECEMBER 11 2017...

CLIMATE NORMAL PERIOD 1981 TO 2010
CLIMATE RECORD PERIOD 1975 TO 2017


WEATHER ITEM   OBSERVED TIME   RECORD YEAR NORMAL DEPARTURE LAST
                VALUE   (LST)  VALUE       VALUE  FROM      YEAR
                                                  NORMAL
..................................................................
TEMPERATURE (F)
 YESTERDAY
  MAXIMUM         73        MM  76    1996  52     21       58
  MINIMUM         43        MM  19    2000  36      7       41
  AVERAGE         58                        44     14       50

PRECIPITATION (IN)
  YESTERDAY        0.00          1.28 1985   0.17  -0.17     0.40
  MONTH TO DATE    0.87                      1.94  -1.07     1.10
  SINCE DEC 1      0.87                      1.94  -1.07     1.10
  SINCE JAN 1     45.52                     46.96  -1.44    50.40

SNOWFALL (IN)
  YESTERDAY        0.0           T    1997   0.0    0.0      0.0
                                      1989
                                      1988
  MONTH TO DATE    0.0                       0.1   -0.1       T
  SINCE DEC 1      0.0                       0.1   -0.1       T
  SINCE JUL 1      T                         0.1   -0.1       T
  SNOW DEPTH       0

DEGREE DAYS
 HEATING
  YESTERDAY        7                        21    -14       15
  MONTH TO DATE  173                       219    -46      246
  SINCE DEC 1    173                       219    -46      246
  SINCE JUL 1    579                       731   -152      540

 COOLING
  YESTERDAY        0                         0      0        0
  MONTH TO DATE    0                         0      0        0
  SINCE DEC 1      0                         0      0        0
  SINCE JAN 1   2083                      2169    -86     2374
..................................................................


WIND (MPH)
  HIGHEST WIND SPEED    10   HIGHEST WIND DIRECTION     W (250)
  HIGHEST GUST SPEED    22   HIGHEST GUST DIRECTION     W (250)
  AVERAGE WIND SPEED     4.1


SKY COVER
  POSSIBLE SUNSHINE  MM
  AVERAGE SKY COVER 0.0


WEATHER CONDITIONS
 THE FOLLOWING WEATHER WAS RECORDED YESTERDAY.
  NO SIGNIFICANT WEATHER WAS OBSERVED.


RELATIVE HUMIDITY (PERCENT)
 HIGHEST    49           700 AM
 LOWEST     16           300 PM
 AVERAGE    33

..........................................................


THE NORTH LITTLE ROCK CLIMATE NORMALS FOR TODAY
                         NORMAL    RECORD    YEAR
 MAXIMUM TEMPERATURE (F)   52        73      2015
 MINIMUM TEMPERATURE (F)   35        16      2000


SUNRISE AND SUNSET
DECEMBER 12 2017......SUNRISE   707 AM CST   SUNSET   458 PM CST
DECEMBER 13 2017......SUNRISE   708 AM CST   SUNSET   459 PM CST


-  INDICATES NEGATIVE NUMBERS.
R  INDICATES RECORD WAS SET OR TIED.
MM INDICATES DATA IS MISSING.
T  INDICATES TRACE AMOUNT.




$$
