000
CDUS44 KLZK 090639
CLILZK


CLIMATE REPORT
NATIONAL WEATHER SERVICE LITTLE ROCK AR
1238 AM CST TUE FEB 9 2016


...................................

...THE NORTH LITTLE ROCK CLIMATE SUMMARY FOR FEBRUARY 8 2016...

CLIMATE NORMAL PERIOD 1981 TO 2010
CLIMATE RECORD PERIOD 1975 TO 2016


WEATHER ITEM   OBSERVED TIME   RECORD YEAR NORMAL DEPARTURE LAST
                VALUE   (LST)  VALUE       VALUE  FROM      YEAR
                                                  NORMAL
..................................................................
TEMPERATURE (F)
 YESTERDAY
  MAXIMUM         48        MM  75    1999  53     -5       67
                                      1994
  MINIMUM         35        MM  14    1979  35      0       52
  AVERAGE         42                        44     -2       60

PRECIPITATION (IN)
  YESTERDAY        0.00          1.89 2010   0.11  -0.11      T
  MONTH TO DATE    T                         0.96  -0.96     0.61
  SINCE DEC 1     13.31                      9.39   3.92     6.52
  SINCE JAN 1      3.23                      4.38  -1.15     3.53

SNOWFALL (IN)
  YESTERDAY        0.0           5.0  2010   0.1   -0.1      0.0
  MONTH TO DATE    0.0                       0.6   -0.6      0.0
  SINCE DEC 1      7.2                       2.8    4.4       T
  SINCE JUL 1      7.2                       2.8    4.4      0.6
  SNOW DEPTH       0

DEGREE DAYS
 HEATING
  YESTERDAY       23                        21      2        5
  MONTH TO DATE  140                       177    -37      178
  SINCE DEC 1   1275                      1598   -323     1571
  SINCE JUL 1   1628                      2110   -482     2186

 COOLING
  YESTERDAY        0                         0      0        0
  MONTH TO DATE    0                         0      0        0
  SINCE DEC 1      8                         2      6        0
  SINCE JAN 1      1                         1      0        0
..................................................................


WIND (MPH)
  HIGHEST WIND SPEED    MM   HIGHEST WIND DIRECTION    MM
  HIGHEST GUST SPEED    MM   HIGHEST GUST DIRECTION    MM
  AVERAGE WIND SPEED    MM


SKY COVER
  POSSIBLE SUNSHINE  MM
  AVERAGE SKY COVER  MM


WEATHER CONDITIONS
 THE FOLLOWING WEATHER WAS RECORDED YESTERDAY.
  NO SIGNIFICANT WEATHER WAS OBSERVED.


RELATIVE HUMIDITY (PERCENT)
 HIGHEST    MM
 LOWEST     MM
 AVERAGE    MM

..........................................................


THE NORTH LITTLE ROCK CLIMATE NORMALS FOR TODAY
                         NORMAL    RECORD    YEAR
 MAXIMUM TEMPERATURE (F)   53        74      1999
 MINIMUM TEMPERATURE (F)   35         5      1979


SUNRISE AND SUNSET
FEBRUARY  9 2016......SUNRISE   701 AM CST   SUNSET   546 PM CST
FEBRUARY 10 2016......SUNRISE   700 AM CST   SUNSET   547 PM CST


-  INDICATES NEGATIVE NUMBERS.
R  INDICATES RECORD WAS SET OR TIED.
MM INDICATES DATA IS MISSING.
T  INDICATES TRACE AMOUNT.




$$
