000
CDUS46 KHNX 060024
CLIMAE


CLIMATE REPORT
NATIONAL WEATHER SERVICE SAN JOAQUIN VALLEY, CA
523 PM PDT THU MAY 5 2016


...................................

...THE MADERA CA CLIMATE SUMMARY FOR MAY 5 2016...
VALID AS OF 0400 PM LOCAL TIME.

CLIMATE NORMAL PERIOD 1981 TO 2010
CLIMATE RECORD PERIOD 1998 TO 2016


WEATHER ITEM   OBSERVED TIME   RECORD YEAR NORMAL DEPARTURE LAST
                VALUE   (LST)  VALUE       VALUE  FROM      YEAR
                                                  NORMAL
..................................................................
TEMPERATURE (F)
 TODAY
  MAXIMUM         74    309 PM  95    2011  81     -7       81
  MINIMUM         56    502 AM  41    1999  49      7       49
  AVERAGE         65                        65      0       65

PRECIPITATION (IN)
  TODAY            0.00          1.42 2005   0.03  -0.03     0.00
  MONTH TO DATE    T                         0.13  -0.13     0.00
  SINCE OCT 1     12.96                     11.19   1.77     5.26
  SINCE JAN 1      8.40                      7.46   0.94     1.58

SNOWFALL (IN)
  TODAY            0.0
  MONTH TO DATE    0.0
  SINCE MAR 1      0.0
  SINCE JUL 1      0.0
  SNOW DEPTH       0

DEGREE DAYS
 HEATING
  TODAY            0                                         0
  MONTH TO DATE    0                                         0
  SINCE MAR 1    309                                       249
  SINCE JUL 1   2053                                      1699

 COOLING
  TODAY            0                                         0
  MONTH TO DATE   22                                        27
  SINCE MAR 1     54                                       103
  SINCE JAN 1     54                                       105
..................................................................


WIND (MPH)
  HIGHEST WIND SPEED    16   HIGHEST WIND DIRECTION    NW (300)
  HIGHEST GUST SPEED    22   HIGHEST GUST DIRECTION    NW (300)
  AVERAGE WIND SPEED     6.5




RELATIVE HUMIDITY (PERCENT)
 HIGHEST    83
 LOWEST     44
 AVERAGE    64

..........................................................


THE MADERA CA CLIMATE NORMALS FOR TOMORROW
                         NORMAL    RECORD    YEAR
 MAXIMUM TEMPERATURE (F)   81        92      2001
 MINIMUM TEMPERATURE (F)   49        42      2010


SUNRISE AND SUNSET
MAY  5 2016...........SUNRISE   601 AM PDT   SUNSET   754 PM PDT
MAY  6 2016...........SUNRISE   600 AM PDT   SUNSET   754 PM PDT


-  INDICATES NEGATIVE NUMBERS.
R  INDICATES RECORD WAS SET OR TIED.
MM INDICATES DATA IS MISSING.
T  INDICATES TRACE AMOUNT.




$$
