000
CDUS46 KHNX 050024
CLIMAE


CLIMATE REPORT
NATIONAL WEATHER SERVICE SAN JOAQUIN VALLEY, CA
522 PM PDT TUE AUG 4 2015


...................................

...THE MADERA CA CLIMATE SUMMARY FOR AUGUST 4 2015...
VALID AS OF 0500 PM LOCAL TIME.

CLIMATE NORMAL PERIOD 1981 TO 2010
CLIMATE RECORD PERIOD 1998 TO 2015


WEATHER ITEM   OBSERVED TIME   RECORD YEAR NORMAL DEPARTURE LAST
                VALUE   (LST)  VALUE       VALUE  FROM      YEAR
                                                  NORMAL
..................................................................
TEMPERATURE (F)
 TODAY
  MAXIMUM         82    359 PM 106    2007  97    -15       83
  MINIMUM         60    521 AM  55    2002  60      0       67
  AVERAGE         71                        78     -7       75

PRECIPITATION (IN)
  TODAY            0.00          T    2014   0.00   0.00      T
  MONTH TO DATE    0.00                      0.00   0.00      T
  SINCE OCT 1      5.82                     11.75  -5.93     4.30
  SINCE JAN 1      2.14                      8.02  -5.88     3.61

SNOWFALL (IN)
  TODAY            0.0
  MONTH TO DATE    0.0
  SINCE JUN 1      0.0
  SINCE JUL 1      0.0
  SNOW DEPTH       0

DEGREE DAYS
 HEATING
  TODAY            0                                         0
  MONTH TO DATE    0                                         0
  SINCE JUN 1      0                                         0
  SINCE JUL 1      0                                         0

 COOLING
  TODAY            6                                        10
  MONTH TO DATE   54                                        68
  SINCE JUN 1    970                                       949
  SINCE JAN 1   1151                                      1191
..................................................................


WIND (MPH)
  HIGHEST WIND SPEED    15   HIGHEST WIND DIRECTION    NW (330)
  HIGHEST GUST SPEED    18   HIGHEST GUST DIRECTION    NW (310)
  AVERAGE WIND SPEED     8.8




RELATIVE HUMIDITY (PERCENT)
 HIGHEST    78
 LOWEST     40
 AVERAGE    59

..........................................................


THE MADERA CA CLIMATE NORMALS FOR TOMORROW
                         NORMAL    RECORD    YEAR
 MAXIMUM TEMPERATURE (F)   96       103      2005
 MINIMUM TEMPERATURE (F)   60        52      2002


SUNRISE AND SUNSET
AUGUST  4 2015........SUNRISE   608 AM PDT   SUNSET   805 PM PDT
AUGUST  5 2015........SUNRISE   609 AM PDT   SUNSET   803 PM PDT


-  INDICATES NEGATIVE NUMBERS.
R  INDICATES RECORD WAS SET OR TIED.
MM INDICATES DATA IS MISSING.
T  INDICATES TRACE AMOUNT.




$$
