000
CDUS46 KHNX 210826
CLIMAE


CLIMATE REPORT
NATIONAL WEATHER SERVICE SAN JOAQUIN VALLEY, CA
126 AM PDT MON APR 21 2014


...................................

...THE MADERA CA AIRPORT CLIMATE SUMMARY FOR APRIL 20 2014...

CLIMATE NORMAL PERIOD 1981 TO 2010
CLIMATE RECORD PERIOD 1998 TO 2014


WEATHER ITEM   OBSERVED TIME   RECORD YEAR NORMAL DEPARTURE
                VALUE   (LST)  VALUE       VALUE  FROM
                                                  NORMAL
...............................................................
TEMPERATURE (F)
 YESTERDAY
  MAXIMUM         84    329 PM  96    2009  76      8
  MINIMUM         47    516 AM  36    2008  46      1
  AVERAGE         66                        61      5

PRECIPITATION (IN)
  YESTERDAY        0.00          0.49 2010   0.03  -0.03
  MONTH TO DATE    0.02                      0.64  -0.62
  SINCE JUL 1      4.04                     11.04  -7.00
  SINCE JAN 1      3.07                      7.02  -3.95

SNOWFALL (IN)
  YESTERDAY        0.0
  MONTH TO DATE    0.0
  SINCE MAR 1      0.0
  SINCE JUL 1      0.0
  SNOW DEPTH       0

DEGREE DAYS
 HEATING
  YESTERDAY        0
  MONTH TO DATE   66
  SINCE MAR 1    256
  SINCE JUL 1   2083

 COOLING
  YESTERDAY        1
  MONTH TO DATE   45
  SINCE MAR 1     45
  SINCE JAN 1     45
...............................................................


WIND (MPH)
  HIGHEST WIND SPEED    MM   HIGHEST WIND DIRECTION    MM
  HIGHEST GUST SPEED    MM   HIGHEST GUST DIRECTION    MM
  AVERAGE WIND SPEED    MM




RELATIVE HUMIDITY (PERCENT)
 HIGHEST    93
 LOWEST     22
 AVERAGE    58

..........................................................


THE MADERA CA AIRPORT CLIMATE NORMALS FOR TODAY
                         NORMAL    RECORD    YEAR
 MAXIMUM TEMPERATURE (F)   76        98      2009
 MINIMUM TEMPERATURE (F)   46        35      2008


SUNRISE AND SUNSET
APRIL 21 2014.........SUNRISE   618 AM PDT   SUNSET   741 PM PDT
APRIL 22 2014.........SUNRISE   617 AM PDT   SUNSET   742 PM PDT


-  INDICATES NEGATIVE NUMBERS.
R  INDICATES RECORD WAS SET OR TIED.
MM INDICATES DATA IS MISSING.
T  INDICATES TRACE AMOUNT.




$$
