000
CDUS46 KHNX 280826
CLIMAE


CLIMATE REPORT
NATIONAL WEATHER SERVICE SAN JOAQUIN VALLEY, CA
124 AM PDT SAT MAY 28 2016


...................................

...THE MADERA CA AIRPORT CLIMATE SUMMARY FOR MAY 27 2016...

CLIMATE NORMAL PERIOD 1981 TO 2010
CLIMATE RECORD PERIOD 1998 TO 2016


WEATHER ITEM   OBSERVED TIME   RECORD YEAR NORMAL DEPARTURE
                VALUE   (LST)  VALUE       VALUE  FROM
                                                  NORMAL
...............................................................
TEMPERATURE (F)
 YESTERDAY
  MAXIMUM         89    422 PM  97    2009  86      3
  MINIMUM         54    511 AM  46    2011  53      1
  AVERAGE         72                        70      2

PRECIPITATION (IN)
  YESTERDAY        0.00          T    2008   0.01  -0.01
  MONTH TO DATE    T                         0.46  -0.46
  SINCE OCT 1     12.96                     11.52   1.44
  SINCE JAN 1      8.40                      7.79   0.61

SNOWFALL (IN)
  YESTERDAY        0.0
  MONTH TO DATE    0.0
  SINCE MAR 1      0.0
  SINCE JUL 1      0.0
  SNOW DEPTH       0

DEGREE DAYS
 HEATING
  YESTERDAY        0
  MONTH TO DATE   19
  SINCE MAR 1    328
  SINCE JUL 1   2072

 COOLING
  YESTERDAY        7
  MONTH TO DATE  115
  SINCE MAR 1    147
  SINCE JAN 1    147
...............................................................


WIND (MPH)
  HIGHEST WIND SPEED    16   HIGHEST WIND DIRECTION    NW (310)
  HIGHEST GUST SPEED    20   HIGHEST GUST DIRECTION    NW (300)
  AVERAGE WIND SPEED     6.6




RELATIVE HUMIDITY (PERCENT)
 HIGHEST    86
 LOWEST     22
 AVERAGE    54

..........................................................


THE MADERA CA AIRPORT CLIMATE NORMALS FOR TODAY
                         NORMAL    RECORD    YEAR
 MAXIMUM TEMPERATURE (F)   86       103      2003
 MINIMUM TEMPERATURE (F)   54        44      2010


SUNRISE AND SUNSET
MAY 28 2016...........SUNRISE   544 AM PDT   SUNSET   812 PM PDT
MAY 29 2016...........SUNRISE   543 AM PDT   SUNSET   813 PM PDT


-  INDICATES NEGATIVE NUMBERS.
R  INDICATES RECORD WAS SET OR TIED.
MM INDICATES DATA IS MISSING.
T  INDICATES TRACE AMOUNT.




$$
