000
CDUS46 KHNX 270021
CLIMAE


CLIMATE REPORT
NATIONAL WEATHER SERVICE SAN JOAQUIN VALLEY, CA
420 PM PST WED NOV 26 2014


...................................

...THE MADERA CA CLIMATE SUMMARY FOR NOVEMBER 26 2014...
VALID AS OF 0400 PM LOCAL TIME.

CLIMATE NORMAL PERIOD 1981 TO 2010
CLIMATE RECORD PERIOD 1998 TO 2014


WEATHER ITEM   OBSERVED TIME   RECORD YEAR NORMAL DEPARTURE LAST
                VALUE   (LST)  VALUE       VALUE  FROM      YEAR
                                                  NORMAL
..................................................................
TEMPERATURE (F)
 TODAY
  MAXIMUM         70    305 PM  71    2009  60     10       65
  MINIMUM         38    659 AM  29    2010  38      0       35
  AVERAGE         54                        49      5       50

PRECIPITATION (IN)
  TODAY            0.00          0.58 2008   0.03  -0.03     0.00
  MONTH TO DATE    0.42                      1.03  -0.61     0.39
  SINCE JUL 1      0.83                      2.20  -1.37     0.70
  SINCE JAN 1      4.44                     10.20  -5.76     4.22

SNOWFALL (IN)
  TODAY            0.0
  MONTH TO DATE    0.0
  SINCE SEP 1      0.0
  SINCE JUL 1      0.0
  SNOW DEPTH       0

DEGREE DAYS
 HEATING
  TODAY           11                                        15
  MONTH TO DATE  248                                       266
  SINCE SEP 1    280                                       373
  SINCE JUL 1    280                                       373

 COOLING
  TODAY            0                                         0
  MONTH TO DATE    0                                         0
  SINCE SEP 1    466                                       246
  SINCE JAN 1   2952                                      1688
..................................................................


WIND (MPH)
  HIGHEST WIND SPEED     6   HIGHEST WIND DIRECTION    SW (210)
  HIGHEST GUST SPEED     8   HIGHEST GUST DIRECTION    SE (150)
  AVERAGE WIND SPEED     0.6




RELATIVE HUMIDITY (PERCENT)
 HIGHEST    89
 LOWEST     36
 AVERAGE    63

..........................................................


THE MADERA CA CLIMATE NORMALS FOR TOMORROW
                         NORMAL    RECORD    YEAR
 MAXIMUM TEMPERATURE (F)   60        72      2013
 MINIMUM TEMPERATURE (F)   38        26      2005


SUNRISE AND SUNSET
NOVEMBER 26 2014......SUNRISE   650 AM PST   SUNSET   445 PM PST
NOVEMBER 27 2014......SUNRISE   651 AM PST   SUNSET   445 PM PST


-  INDICATES NEGATIVE NUMBERS.
R  INDICATES RECORD WAS SET OR TIED.
MM INDICATES DATA IS MISSING.
T  INDICATES TRACE AMOUNT.




$$
