000
CDUS46 KHNX 310833
CLIMAE


CLIMATE REPORT
NATIONAL WEATHER SERVICE SAN JOAQUIN VALLEY, CA
1232 AM PST SAT JAN 31 2015


...................................

...THE MADERA CA AIRPORT CLIMATE SUMMARY FOR JANUARY 30 2015...

CLIMATE NORMAL PERIOD 1981 TO 2010
CLIMATE RECORD PERIOD 1998 TO 2015


WEATHER ITEM   OBSERVED TIME   RECORD YEAR NORMAL DEPARTURE
                VALUE   (LST)  VALUE       VALUE  FROM
                                                  NORMAL
...............................................................
TEMPERATURE (F)
 YESTERDAY
  MAXIMUM         64R   332 PM  63    2009  57      7
  MINIMUM         41    340 AM  26    2002  38      3
  AVERAGE         53                        48      5

PRECIPITATION (IN)
  YESTERDAY        0.00          0.33 2014   0.05  -0.05
  MONTH TO DATE    0.03                      2.40  -2.37
  SINCE OCT 1      3.71                      6.13  -2.42
  SINCE JAN 1      0.03                      2.40  -2.37

SNOWFALL (IN)
  YESTERDAY        0.0
  MONTH TO DATE    0.0
  SINCE DEC 1      0.0
  SINCE JUL 1      0.0
  SNOW DEPTH       0

DEGREE DAYS
 HEATING
  YESTERDAY       12
  MONTH TO DATE  476
  SINCE DEC 1    864
  SINCE JUL 1   1180

 COOLING
  YESTERDAY        0
  MONTH TO DATE    0
  SINCE DEC 1      1
  SINCE JAN 1      0
...............................................................


WIND (MPH)
  HIGHEST WIND SPEED    17   HIGHEST WIND DIRECTION    SE (120)
  HIGHEST GUST SPEED    22   HIGHEST GUST DIRECTION    SE (150)
  AVERAGE WIND SPEED     2.4




RELATIVE HUMIDITY (PERCENT)
 HIGHEST   100
 LOWEST     60
 AVERAGE    80

..........................................................


THE MADERA CA AIRPORT CLIMATE NORMALS FOR TODAY
                         NORMAL    RECORD    YEAR
 MAXIMUM TEMPERATURE (F)   57        65      2013
 MINIMUM TEMPERATURE (F)   38        27      2002


SUNRISE AND SUNSET
JANUARY 31 2015.......SUNRISE   704 AM PST   SUNSET   524 PM PST
FEBRUARY  1 2015......SUNRISE   703 AM PST   SUNSET   526 PM PST


-  INDICATES NEGATIVE NUMBERS.
R  INDICATES RECORD WAS SET OR TIED.
MM INDICATES DATA IS MISSING.
T  INDICATES TRACE AMOUNT.




$$
