000
CDUS46 KHNX 180838
CLIMAE


CLIMATE REPORT
NATIONAL WEATHER SERVICE SAN JOAQUIN VALLEY, CA
1237 AM PST SAT NOV 18 2017


...................................

...THE MADERA CA AIRPORT CLIMATE SUMMARY FOR NOVEMBER 17 2017...

CLIMATE NORMAL PERIOD 1981 TO 2010
CLIMATE RECORD PERIOD 1998 TO 2017


WEATHER ITEM   OBSERVED TIME   RECORD YEAR NORMAL DEPARTURE
                VALUE   (LST)  VALUE       VALUE  FROM
                                                  NORMAL
...............................................................
TEMPERATURE (F)
 YESTERDAY
  MAXIMUM         64    220 PM  80    2008  64      0
  MINIMUM         42   1159 PM  29    2000  40      2
  AVERAGE         53                        52      1

PRECIPITATION (IN)
  YESTERDAY        0.12          0.48 2012   0.03   0.09
  MONTH TO DATE    0.13                      0.69  -0.56
  SINCE OCT 1      0.21                      1.57  -1.36
  SINCE JAN 1     10.40                      9.86   0.54

SNOWFALL (IN)
  YESTERDAY       MM
  MONTH TO DATE    0.0
  SINCE SEP 1      0.0
  SINCE JUL 1      0.0
  SNOW DEPTH       0

DEGREE DAYS
 HEATING
  YESTERDAY       12
  MONTH TO DATE  123
  SINCE SEP 1    207
  SINCE JUL 1    207

 COOLING
  YESTERDAY        0
  MONTH TO DATE    2
  SINCE SEP 1    354
  SINCE JAN 1   2025
...............................................................


WIND (MPH)
  HIGHEST WIND SPEED    25   HIGHEST WIND DIRECTION     N (340)
  HIGHEST GUST SPEED    30   HIGHEST GUST DIRECTION     N (340)
  AVERAGE WIND SPEED    10.1




RELATIVE HUMIDITY (PERCENT)
 HIGHEST    96
 LOWEST     48
 AVERAGE    72

..........................................................


THE MADERA CA AIRPORT CLIMATE NORMALS FOR TODAY
                         NORMAL    RECORD    YEAR
 MAXIMUM TEMPERATURE (F)   63        78      2008
 MINIMUM TEMPERATURE (F)   40        33      2000


SUNRISE AND SUNSET
NOVEMBER 18 2017......SUNRISE   642 AM PST   SUNSET   449 PM PST
NOVEMBER 19 2017......SUNRISE   643 AM PST   SUNSET   448 PM PST


-  INDICATES NEGATIVE NUMBERS.
R  INDICATES RECORD WAS SET OR TIED.
MM INDICATES DATA IS MISSING.
T  INDICATES TRACE AMOUNT.




$$
