000
CDUS46 KHNX 010829
CLIMAE


CLIMATE REPORT
NATIONAL WEATHER SERVICE SAN JOAQUIN VALLEY, CA
128 AM PDT FRI AUG 1 2014


...................................

...THE MADERA CA AIRPORT CLIMATE SUMMARY FOR JULY 31 2014...

CLIMATE NORMAL PERIOD 1981 TO 2010
CLIMATE RECORD PERIOD 1998 TO 2014


WEATHER ITEM   OBSERVED TIME   RECORD YEAR NORMAL DEPARTURE
                VALUE   (LST)  VALUE       VALUE  FROM
                                                  NORMAL
...............................................................
TEMPERATURE (F)
 YESTERDAY
  MAXIMUM        105R   319 PM 103    2005  97      8
  MINIMUM         68    457 AM  54    2001  60      8
  AVERAGE         87                        78      9

PRECIPITATION (IN)
  YESTERDAY        0.00          T    2003   0.00   0.00
  MONTH TO DATE    T                         0.02  -0.02
  SINCE JUL 1      T                         0.02  -0.02
  SINCE JAN 1      3.61                      8.02  -4.41

SNOWFALL (IN)
  YESTERDAY        0.0
  MONTH TO DATE    0.0
  SINCE JUN 1      0.0
  SINCE JUL 1      0.0
  SNOW DEPTH       0

DEGREE DAYS
 HEATING
  YESTERDAY        0
  MONTH TO DATE    0
  SINCE JUN 1      0
  SINCE JUL 1      0

 COOLING
  YESTERDAY       22
  MONTH TO DATE  542
  SINCE JUN 1    881
  SINCE JAN 1   1123
...............................................................


WIND (MPH)
  HIGHEST WIND SPEED    13   HIGHEST WIND DIRECTION    NW (310)
  HIGHEST GUST SPEED    22   HIGHEST GUST DIRECTION     N (10)
  AVERAGE WIND SPEED     6.4




RELATIVE HUMIDITY (PERCENT)
 HIGHEST    68
 LOWEST     13
 AVERAGE    41

..........................................................


THE MADERA CA AIRPORT CLIMATE NORMALS FOR TODAY
                         NORMAL    RECORD    YEAR
 MAXIMUM TEMPERATURE (F)   97       105      2000
 MINIMUM TEMPERATURE (F)   60        54      1999


SUNRISE AND SUNSET
AUGUST  1 2014........SUNRISE   606 AM PDT   SUNSET   807 PM PDT
AUGUST  2 2014........SUNRISE   607 AM PDT   SUNSET   806 PM PDT


-  INDICATES NEGATIVE NUMBERS.
R  INDICATES RECORD WAS SET OR TIED.
MM INDICATES DATA IS MISSING.
T  INDICATES TRACE AMOUNT.




$$
