000
CDUS46 KHNX 310025
CLIMAE


CLIMATE REPORT
NATIONAL WEATHER SERVICE SAN JOAQUIN VALLEY, CA
523 PM PDT SAT AUG 30 2014


...................................

...THE MADERA CA CLIMATE SUMMARY FOR AUGUST 30 2014...
VALID AS OF 0500 PM LOCAL TIME.

CLIMATE NORMAL PERIOD 1981 TO 2010
CLIMATE RECORD PERIOD 1998 TO 2014


WEATHER ITEM   OBSERVED TIME   RECORD YEAR NORMAL DEPARTURE LAST
                VALUE   (LST)  VALUE       VALUE  FROM      YEAR
                                                  NORMAL
..................................................................
TEMPERATURE (F)
 TODAY
  MAXIMUM        100    239 PM 104    2008  93      7       99
  MINIMUM         64    526 AM  53    2010  59      5       62
  AVERAGE         82                        76      6       81

PRECIPITATION (IN)
  TODAY            0.00          0.01 2007   0.00   0.00     0.00
  MONTH TO DATE    T                         0.02  -0.02     0.01
  SINCE JUL 1      T                         0.04  -0.04     0.01
  SINCE JAN 1      3.61                      8.04  -4.43     3.53

SNOWFALL (IN)
  TODAY            0.0
  MONTH TO DATE    0.0
  SINCE JUN 1      0.0
  SINCE JUL 1      0.0
  SNOW DEPTH       0

DEGREE DAYS
 HEATING
  TODAY            0                                         0
  MONTH TO DATE    0                                         0
  SINCE JUN 1      0                                         0
  SINCE JUL 1      0                                         0

 COOLING
  TODAY           17                                        16
  MONTH TO DATE 1350                                       392
  SINCE JUN 1   2231                                      1248
  SINCE JAN 1   2473                                      1425
..................................................................


WIND (MPH)
  HIGHEST WIND SPEED    MM   HIGHEST WIND DIRECTION    MM
  HIGHEST GUST SPEED    MM   HIGHEST GUST DIRECTION    MM
  AVERAGE WIND SPEED    MM




RELATIVE HUMIDITY (PERCENT)
 HIGHEST    68
 LOWEST     11
 AVERAGE    40

..........................................................


THE MADERA CA CLIMATE NORMALS FOR TOMORROW
                         NORMAL    RECORD    YEAR
 MAXIMUM TEMPERATURE (F)   93       107      2007
 MINIMUM TEMPERATURE (F)   58        49      1999


SUNRISE AND SUNSET
AUGUST 30 2014........SUNRISE   630 AM PDT   SUNSET   732 PM PDT
AUGUST 31 2014........SUNRISE   631 AM PDT   SUNSET   730 PM PDT


-  INDICATES NEGATIVE NUMBERS.
R  INDICATES RECORD WAS SET OR TIED.
MM INDICATES DATA IS MISSING.
T  INDICATES TRACE AMOUNT.




$$
