000
CDUS46 KHNX 120030
CLIMAE


CLIMATE REPORT
NATIONAL WEATHER SERVICE SAN JOAQUIN VALLEY, CA
428 PM PST THU FEB 11 2016


...................................

...THE MADERA CA CLIMATE SUMMARY FOR FEBRUARY 11 2016...
VALID TODAY AS OF 0400 PM LOCAL TIME.

CLIMATE NORMAL PERIOD 1981 TO 2010
CLIMATE RECORD PERIOD 1998 TO 2016


WEATHER ITEM   OBSERVED TIME   RECORD YEAR NORMAL DEPARTURE LAST
                VALUE   (LST)  VALUE       VALUE  FROM      YEAR
                                                  NORMAL
..................................................................
TEMPERATURE (F)
 TODAY
  MAXIMUM         73R   224 PM  69    2006  60     13       68
  MINIMUM         43    443 AM  30    1999  40      3       38
  AVERAGE         58                        50      8       53

PRECIPITATION (IN)
  TODAY            0.00          0.41 2001   0.07  -0.07     0.00
  MONTH TO DATE    T                         0.71  -0.71     0.45
  SINCE OCT 1      8.19                      6.89   1.30     4.16
  SINCE JAN 1      3.63                      3.16   0.47     0.48

SNOWFALL (IN)
  TODAY            0.0
  MONTH TO DATE    0.0
  SINCE DEC 1      0.0
  SINCE JUL 1      0.0
  SNOW DEPTH       0

DEGREE DAYS
 HEATING
  TODAY            7                                        12
  MONTH TO DATE  150                                        75
  SINCE DEC 1   1178                                       952
  SINCE JUL 1   1589                                      1268

 COOLING
  TODAY            0                                         0
  MONTH TO DATE    0                                         2
  SINCE DEC 1      0                                         3
  SINCE JAN 1      0                                         2
..................................................................


WIND (MPH)
  HIGHEST WIND SPEED    10   HIGHEST WIND DIRECTION     E (110)
  HIGHEST GUST SPEED    12   HIGHEST GUST DIRECTION    SE (120)
  AVERAGE WIND SPEED     2.2




RELATIVE HUMIDITY (PERCENT)
 HIGHEST    93
 LOWEST     44
 AVERAGE    69

..........................................................


THE MADERA CA CLIMATE NORMALS FOR TOMORROW
                         NORMAL    RECORD    YEAR
 MAXIMUM TEMPERATURE (F)   61        74      2011
 MINIMUM TEMPERATURE (F)   40        30        MM


SUNRISE AND SUNSET
FEBRUARY 11 2016......SUNRISE   654 AM PST   SUNSET   536 PM PST
FEBRUARY 12 2016......SUNRISE   653 AM PST   SUNSET   537 PM PST


-  INDICATES NEGATIVE NUMBERS.
R  INDICATES RECORD WAS SET OR TIED.
MM INDICATES DATA IS MISSING.
T  INDICATES TRACE AMOUNT.




$$
