000
CDUS46 KHNX 040020
CLIMAE


CLIMATE REPORT
NATIONAL WEATHER SERVICE SAN JOAQUIN VALLEY, CA
420 PM PST TUE MAR 3 2015


...................................

...THE MADERA CA CLIMATE SUMMARY FOR MARCH 3 2015...
VALID AS OF 0400 PM LOCAL TIME.

CLIMATE NORMAL PERIOD 1981 TO 2010
CLIMATE RECORD PERIOD 1998 TO 2015


WEATHER ITEM   OBSERVED TIME   RECORD YEAR NORMAL DEPARTURE LAST
                VALUE   (LST)  VALUE       VALUE  FROM      YEAR
                                                  NORMAL
..................................................................
TEMPERATURE (F)
 TODAY
  MAXIMUM         66    310 PM  70    2013  65      1       65
                                      2012
  MINIMUM         34R   557 AM  34    2006  42     -8       45
  AVERAGE         50                        53     -3       55

PRECIPITATION (IN)
  TODAY            0.00          0.76 2006   0.10  -0.10     0.01
  MONTH TO DATE    0.01                      0.30  -0.29     0.04
  SINCE OCT 1      4.26                      8.61  -4.35     3.12
  SINCE JAN 1      0.58                      4.88  -4.30     2.43

SNOWFALL (IN)
  TODAY            0.0
  MONTH TO DATE    0.0
  SINCE MAR 1      0.0
  SINCE JUL 1      0.0
  SNOW DEPTH       0

DEGREE DAYS
 HEATING
  TODAY           15                                        10
  MONTH TO DATE   43                                        25
  SINCE MAR 1     43                                        25
  SINCE JUL 1   1493                                      1852

 COOLING
  TODAY            0                                         0
  MONTH TO DATE    0                                         0
  SINCE MAR 1      0                                         0
  SINCE JAN 1      2                                         0
..................................................................


WIND (MPH)
  HIGHEST WIND SPEED    15   HIGHEST WIND DIRECTION    NW (310)
  HIGHEST GUST SPEED    22   HIGHEST GUST DIRECTION    NW (310)
  AVERAGE WIND SPEED     5.0




RELATIVE HUMIDITY (PERCENT)
 HIGHEST    96
 LOWEST     43
 AVERAGE    70

..........................................................


THE MADERA CA CLIMATE NORMALS FOR TOMORROW
                         NORMAL    RECORD    YEAR
 MAXIMUM TEMPERATURE (F)   65        76      2012
 MINIMUM TEMPERATURE (F)   42        32      2006


SUNRISE AND SUNSET
MARCH  3 2015.........SUNRISE   629 AM PST   SUNSET   557 PM PST
MARCH  4 2015.........SUNRISE   627 AM PST   SUNSET   557 PM PST


-  INDICATES NEGATIVE NUMBERS.
R  INDICATES RECORD WAS SET OR TIED.
MM INDICATES DATA IS MISSING.
T  INDICATES TRACE AMOUNT.




$$
