000
CDUS46 KHNX 290025
CLIMAE


CLIMATE REPORT
NATIONAL WEATHER SERVICE SAN JOAQUIN VALLEY, CA
524 PM PDT SUN MAY 28 2017


...................................

...THE MADERA CA CLIMATE SUMMARY FOR MAY 28 2017...
VALID AS OF 0400 PM LOCAL TIME.

CLIMATE NORMAL PERIOD 1981 TO 2010
CLIMATE RECORD PERIOD 1998 TO 2017


WEATHER ITEM   OBSERVED TIME   RECORD YEAR NORMAL DEPARTURE LAST
                VALUE   (LST)  VALUE       VALUE  FROM      YEAR
                                                  NORMAL
..................................................................
TEMPERATURE (F)
 TODAY
  MAXIMUM         89        MM 103    2003  86      3       91
  MINIMUM         54        MM  44    2010  54      0       57
  AVERAGE         72                        70      2       74

PRECIPITATION (IN)
  TODAY            0.00          0.05 2011   0.01  -0.01     0.00
  MONTH TO DATE    T                         0.47  -0.47      T
  SINCE OCT 1     14.17                     11.53   2.64    12.96
  SINCE JAN 1     10.10                      7.80   2.30     8.40

SNOWFALL (IN)
  TODAY            0.0
  MONTH TO DATE    0.0
  SINCE MAR 1      0.0
  SINCE JUL 1      0.0
  SNOW DEPTH       0

DEGREE DAYS
 HEATING
  TODAY            0                                         0
  MONTH TO DATE   25                                        19
  SINCE MAR 1    389                                       328
  SINCE JUL 1   2068                                      2072

 COOLING
  TODAY            7                                         9
  MONTH TO DATE  149                                       124
  SINCE MAR 1    162                                       156
  SINCE JAN 1    162                                       156
..................................................................


WIND (MPH)
  HIGHEST WIND SPEED    10   HIGHEST WIND DIRECTION    NW (300)
  HIGHEST GUST SPEED    MM   HIGHEST GUST DIRECTION    MM
  AVERAGE WIND SPEED     7.6




RELATIVE HUMIDITY (PERCENT)
 HIGHEST    93
 LOWEST     29
 AVERAGE    61

..........................................................


THE MADERA CA CLIMATE NORMALS FOR TOMORROW
                         NORMAL    RECORD    YEAR
 MAXIMUM TEMPERATURE (F)   86       101      2003
 MINIMUM TEMPERATURE (F)   54        45      2006


SUNRISE AND SUNSET
MAY 28 2017...........SUNRISE   544 AM PDT   SUNSET   812 PM PDT
MAY 29 2017...........SUNRISE   543 AM PDT   SUNSET   813 PM PDT


-  INDICATES NEGATIVE NUMBERS.
R  INDICATES RECORD WAS SET OR TIED.
MM INDICATES DATA IS MISSING.
T  INDICATES TRACE AMOUNT.




$$
