000
CDUS46 KHNX 300823
CLIMAE


CLIMATE REPORT
NATIONAL WEATHER SERVICE SAN JOAQUIN VALLEY, CA
122 AM PDT SUN AUG 30 2015


...................................

...THE MADERA CA AIRPORT CLIMATE SUMMARY FOR AUGUST 29 2015...

CLIMATE NORMAL PERIOD 1981 TO 2010
CLIMATE RECORD PERIOD 1998 TO 2015


WEATHER ITEM   OBSERVED TIME   RECORD YEAR NORMAL DEPARTURE
                VALUE   (LST)  VALUE       VALUE  FROM
                                                  NORMAL
...............................................................
TEMPERATURE (F)
 YESTERDAY
  MAXIMUM         95    431 PM 106    2007  93      2
  MINIMUM         72   1159 PM  54    2003  59     13
  AVERAGE         84                        76      8

PRECIPITATION (IN)
  YESTERDAY        0.00          T    2000   0.01  -0.01
  MONTH TO DATE    0.01                      0.02  -0.01
  SINCE OCT 1      5.83                     11.77  -5.94
  SINCE JAN 1      2.15                      8.04  -5.89

SNOWFALL (IN)
  YESTERDAY        0.0
  MONTH TO DATE    0.0
  SINCE JUN 1      0.0
  SINCE JUL 1      0.0
  SNOW DEPTH       0

DEGREE DAYS
 HEATING
  YESTERDAY        0
  MONTH TO DATE    0
  SINCE JUN 1      0
  SINCE JUL 1      0

 COOLING
  YESTERDAY       19
  MONTH TO DATE  439
  SINCE JUN 1   1355
  SINCE JAN 1   1536
...............................................................


WIND (MPH)
  HIGHEST WIND SPEED    22   HIGHEST WIND DIRECTION    NW (330)
  HIGHEST GUST SPEED    28   HIGHEST GUST DIRECTION    NW (330)
  AVERAGE WIND SPEED    12.5




RELATIVE HUMIDITY (PERCENT)
 HIGHEST    61
 LOWEST     24
 AVERAGE    43

..........................................................


THE MADERA CA AIRPORT CLIMATE NORMALS FOR TODAY
                         NORMAL    RECORD    YEAR
 MAXIMUM TEMPERATURE (F)   93       104      2008
 MINIMUM TEMPERATURE (F)   59        53      2010


SUNRISE AND SUNSET
AUGUST 30 2015........SUNRISE   630 AM PDT   SUNSET   732 PM PDT
AUGUST 31 2015........SUNRISE   630 AM PDT   SUNSET   731 PM PDT


-  INDICATES NEGATIVE NUMBERS.
R  INDICATES RECORD WAS SET OR TIED.
MM INDICATES DATA IS MISSING.
T  INDICATES TRACE AMOUNT.




$$
