000
CDUS44 KMAF 240731
CLIMAF


CLIMATE REPORT
NATIONAL WEATHER SERVICE MIDLAND TX
231 AM CDT SUN SEP 24 2017


...................................

...THE MIDLAND CLIMATE SUMMARY FOR SEPTEMBER 23 2017...

CLIMATE NORMAL PERIOD 1981 TO 2010
CLIMATE RECORD PERIOD 1930 TO 2017


WEATHER ITEM   OBSERVED TIME   RECORD YEAR NORMAL DEPARTURE LAST
                VALUE   (LST)  VALUE       VALUE  FROM      YEAR
                                                  NORMAL
..................................................................
TEMPERATURE (F)
 YESTERDAY
  MAXIMUM         89    303 PM  99    1933  85      4       92
  MINIMUM         74    738 AM  45    1995  60     14       65
                                      1994
  AVERAGE         82                        72     10       79

PRECIPITATION (IN)
  YESTERDAY        0.00          1.95 1980   0.06  -0.06     0.00
  MONTH TO DATE    0.04                      1.46  -1.42     1.98
  SINCE SEP 1      0.04                      1.46  -1.42     1.98
  SINCE JAN 1     12.78                     11.18   1.60    12.32

DEGREE DAYS
 HEATING
  YESTERDAY        0                         1     -1        0
  MONTH TO DATE    0                         3     -3        0
  SINCE SEP 1      0                         3     -3        0
  SINCE JUL 1      0                         3     -3        0

 COOLING
  YESTERDAY       17                         8      9       14
  MONTH TO DATE  360                       248    112      340
  SINCE SEP 1    360                       248    112      340
  SINCE JAN 1   2607                      2132    475     2572
..................................................................


WIND (MPH)
  HIGHEST WIND SPEED    32   HIGHEST WIND DIRECTION    SE (150)
  HIGHEST GUST SPEED    38   HIGHEST GUST DIRECTION    SE (140)
  AVERAGE WIND SPEED    20.8


SKY COVER
  POSSIBLE SUNSHINE  MM
  AVERAGE SKY COVER 0.6


WEATHER CONDITIONS
 THE FOLLOWING WEATHER WAS RECORDED YESTERDAY.
  NO SIGNIFICANT WEATHER WAS OBSERVED.


RELATIVE HUMIDITY (PERCENT)
 HIGHEST    73           300 AM
 LOWEST     40           300 PM
 AVERAGE    57

..........................................................


THE MIDLAND CLIMATE NORMALS FOR TODAY
                         NORMAL    RECORD    YEAR
 MAXIMUM TEMPERATURE (F)   84       101      1977
 MINIMUM TEMPERATURE (F)   59        36      1989


SUNRISE AND SUNSET
SEPTEMBER 24 2017.....SUNRISE   738 AM CDT   SUNSET   742 PM CDT
SEPTEMBER 25 2017.....SUNRISE   739 AM CDT   SUNSET   741 PM CDT


-  INDICATES NEGATIVE NUMBERS.
R  INDICATES RECORD WAS SET OR TIED.
MM INDICATES DATA IS MISSING.
T  INDICATES TRACE AMOUNT.




$$
