000
CDUS44 KMAF 050834
CLIMAF


CLIMATE REPORT
NATIONAL WEATHER SERVICE MIDLAND TX
234 AM CST MON DEC 5 2016


...................................

...THE MIDLAND CLIMATE SUMMARY FOR DECEMBER 4 2016...

CLIMATE NORMAL PERIOD 1981 TO 2010
CLIMATE RECORD PERIOD 1930 TO 2016


WEATHER ITEM   OBSERVED TIME   RECORD YEAR NORMAL DEPARTURE LAST
                VALUE   (LST)  VALUE       VALUE  FROM      YEAR
                                                  NORMAL
..................................................................
TEMPERATURE (F)
 YESTERDAY
  MAXIMUM         49    501 PM  85    1954  60    -11       60
  MINIMUM         41   1159 PM  14    2006  32      9       35
  AVERAGE         45                        46     -1       48

PRECIPITATION (IN)
  YESTERDAY        0.00          0.52 1930   0.02  -0.02     0.00
  MONTH TO DATE    0.33                      0.08   0.25     0.00
  SINCE DEC 1      0.33                      0.08   0.25     0.00
  SINCE JAN 1     15.10                     14.08   1.02    21.39

SNOWFALL (IN)
  YESTERDAY        0.0
  MONTH TO DATE    0.0
  SINCE DEC 1      0.0
  SINCE JUL 1      0.0
  SNOW DEPTH       0

DEGREE DAYS
 HEATING
  YESTERDAY       20                        19      1       17
  MONTH TO DATE   74                        74      0       71
  SINCE DEC 1     74                        74      0       71
  SINCE JUL 1    285                       553   -268      423
..................................................................


WIND (MPH)
  HIGHEST WIND SPEED    17   HIGHEST WIND DIRECTION    NE (30)
  HIGHEST GUST SPEED    20   HIGHEST GUST DIRECTION     N (20)
  AVERAGE WIND SPEED     7.7


SKY COVER
  POSSIBLE SUNSHINE  MM
  AVERAGE SKY COVER 0.7


WEATHER CONDITIONS
 THE FOLLOWING WEATHER WAS RECORDED YESTERDAY.
  FOG


RELATIVE HUMIDITY (PERCENT)
 HIGHEST    89          1200 AM
 LOWEST     66           500 PM
 AVERAGE    78

..........................................................


THE MIDLAND CLIMATE NORMALS FOR TODAY
                         NORMAL    RECORD    YEAR
 MAXIMUM TEMPERATURE (F)   60        79      1951
 MINIMUM TEMPERATURE (F)   32        18      2005
                                             1950


SUNRISE AND SUNSET
DECEMBER  5 2016......SUNRISE   735 AM CST   SUNSET   544 PM CST
DECEMBER  6 2016......SUNRISE   736 AM CST   SUNSET   544 PM CST


-  INDICATES NEGATIVE NUMBERS.
R  INDICATES RECORD WAS SET OR TIED.
MM INDICATES DATA IS MISSING.
T  INDICATES TRACE AMOUNT.




$$
