000
CDUS44 KMAF 260731
CLIMAF

CLIMATE REPORT
NATIONAL WEATHER SERVICE MIDLAND TX
230 AM CDT SUN MAR 26 2017

...................................

...THE MIDLAND CLIMATE SUMMARY FOR MARCH 25 2017...

CLIMATE NORMAL PERIOD 1981 TO 2010
CLIMATE RECORD PERIOD 1930 TO 2017

WEATHER ITEM   OBSERVED TIME   RECORD YEAR NORMAL DEPARTURE LAST
                VALUE   (LST)  VALUE       VALUE  FROM      YEAR
                                                  NORMAL
..................................................................
TEMPERATURE (F)
 YESTERDAY
  MAXIMUM         78    454 PM  90    1938  73      5       81
  MINIMUM         43    656 AM  23    1955  43      0       41
  AVERAGE         61                        58      3       61

PRECIPITATION (IN)
  YESTERDAY        0.00          0.72 2007   0.02  -0.02     0.00
  MONTH TO DATE    0.13                      0.48  -0.35     0.34
  SINCE MAR 1      0.13                      0.48  -0.35     0.34
  SINCE JAN 1      1.97                      1.75   0.22     0.82

SNOWFALL (IN)
  YESTERDAY        0.0
  MONTH TO DATE    0.0
  SINCE MAR 1      0.0
  SINCE JUL 1      0.3
  SNOW DEPTH       0

DEGREE DAYS
 HEATING
  YESTERDAY        4                         8     -4        4
  MONTH TO DATE  103                       264   -161      136
  SINCE MAR 1    103                       264   -161      136
  SINCE JUL 1   1603                      2501   -898     1966

 COOLING
  YESTERDAY        0                         1     -1        0
  MONTH TO DATE   89                         8     81       20
  SINCE MAR 1     89                         8     81       20
  SINCE JAN 1    106                        10     96       35
..................................................................

WIND (MPH)
  HIGHEST WIND SPEED    16   HIGHEST WIND DIRECTION     S (180)
  HIGHEST GUST SPEED    20   HIGHEST GUST DIRECTION     N (360)
  AVERAGE WIND SPEED     8.4

SKY COVER
  POSSIBLE SUNSHINE  MM
  AVERAGE SKY COVER 0.0

WEATHER CONDITIONS
 THE FOLLOWING WEATHER WAS RECORDED YESTERDAY.
  NO SIGNIFICANT WEATHER WAS OBSERVED.

RELATIVE HUMIDITY (PERCENT)
 HIGHEST    67           600 AM
 LOWEST     14           600 PM
 AVERAGE    41

..........................................................

THE MIDLAND CLIMATE NORMALS FOR TODAY
                         NORMAL    RECORD    YEAR
 MAXIMUM TEMPERATURE (F)   73        90      1956
 MINIMUM TEMPERATURE (F)   43        20      1965

SUNRISE AND SUNSET
MARCH 26 2017.........SUNRISE   744 AM CDT   SUNSET   805 PM CDT
MARCH 27 2017.........SUNRISE   743 AM CDT   SUNSET   805 PM CDT

-  INDICATES NEGATIVE NUMBERS.
R  INDICATES RECORD WAS SET OR TIED.
MM INDICATES DATA IS MISSING.
T  INDICATES TRACE AMOUNT.

$$

44
