000
CDUS44 KMAF 140831
CLIMAF


CLIMATE REPORT
NATIONAL WEATHER SERVICE MIDLAND TX
230 AM CST SUN FEB 14 2016


...................................

...THE MIDLAND CLIMATE SUMMARY FOR FEBRUARY 13 2016...

CLIMATE NORMAL PERIOD 1981 TO 2010
CLIMATE RECORD PERIOD 1930 TO 2016


WEATHER ITEM   OBSERVED TIME   RECORD YEAR NORMAL DEPARTURE LAST
                VALUE   (LST)  VALUE       VALUE  FROM      YEAR
                                                  NORMAL
..................................................................
TEMPERATURE (F)
 YESTERDAY
  MAXIMUM         76    525 PM  83    1962  62     14       70
  MINIMUM         41    750 AM  14    1963  34      7       37
  AVERAGE         59                        48     11       54

PRECIPITATION (IN)
  YESTERDAY        0.00          0.86 1969   0.02  -0.02     0.00
  MONTH TO DATE    0.00                      0.32  -0.32     0.00
  SINCE DEC 1      1.42                      1.48  -0.06     2.65
  SINCE JAN 1      0.18                      0.88  -0.70     2.43

SNOWFALL (IN)
  YESTERDAY        0.0
  MONTH TO DATE    0.0
  SINCE DEC 1      8.0
  SINCE JUL 1      8.0
  SNOW DEPTH       0

DEGREE DAYS
 HEATING
  YESTERDAY        6                        17    -11       11
  MONTH TO DATE  216                       237    -21      170
  SINCE DEC 1   1329                      1530   -201     1368
  SINCE JUL 1   1681                      2009   -328     1816
..................................................................


WIND (MPH)
  HIGHEST WIND SPEED    20   HIGHEST WIND DIRECTION     S (190)
  HIGHEST GUST SPEED    28   HIGHEST GUST DIRECTION     S (180)
  AVERAGE WIND SPEED    11.8


SKY COVER
  POSSIBLE SUNSHINE  MM
  AVERAGE SKY COVER 0.0


WEATHER CONDITIONS
 THE FOLLOWING WEATHER WAS RECORDED YESTERDAY.
  NO SIGNIFICANT WEATHER WAS OBSERVED.


RELATIVE HUMIDITY (PERCENT)
 HIGHEST    67           600 AM
 LOWEST     23           500 PM
 AVERAGE    45

..........................................................


THE MIDLAND CLIMATE NORMALS FOR TODAY
                         NORMAL    RECORD    YEAR
 MAXIMUM TEMPERATURE (F)   62        86      1979
 MINIMUM TEMPERATURE (F)   34        15      1951


SUNRISE AND SUNSET
FEBRUARY 14 2016......SUNRISE   732 AM CST   SUNSET   634 PM CST
FEBRUARY 15 2016......SUNRISE   731 AM CST   SUNSET   635 PM CST


-  INDICATES NEGATIVE NUMBERS.
R  INDICATES RECORD WAS SET OR TIED.
MM INDICATES DATA IS MISSING.
T  INDICATES TRACE AMOUNT.




$$
