000
CDUS44 KMAF 280730
CLIMAF


CLIMATE REPORT
NATIONAL WEATHER SERVICE MIDLAND/ODESSA TX
230 AM CDT MON JUL 28 2014


...................................

...THE MIDLAND CLIMATE SUMMARY FOR JULY 27 2014...

CLIMATE NORMAL PERIOD 1981 TO 2010
CLIMATE RECORD PERIOD 1930 TO 2014


WEATHER ITEM   OBSERVED TIME   RECORD YEAR NORMAL DEPARTURE LAST
                VALUE   (LST)  VALUE       VALUE  FROM      YEAR
                                                  NORMAL
..................................................................
TEMPERATURE (F)
 YESTERDAY
  MAXIMUM        100    430 PM 106    1995  95      5       92
                                      1954
                                      1944
  MINIMUM         74    617 AM  60    1973  70      4       70
  AVERAGE         87                        82      5       81

PRECIPITATION (IN)
  YESTERDAY        0.00          0.85 1955   0.05  -0.05     0.00
  MONTH TO DATE    0.28                      1.59  -1.31     0.98
  SINCE JUN 1      0.76                      3.39  -2.63     1.83
  SINCE JAN 1      3.92                      7.65  -3.73     3.39

DEGREE DAYS
 COOLING
  YESTERDAY       22                        17      5       16
  MONTH TO DATE  501                       459     42      432
  SINCE JUN 1   1049                       920    129      996
  SINCE JAN 1   1525                      1309    216     1484
..................................................................


WIND (MPH)
  HIGHEST WIND SPEED    21   HIGHEST WIND DIRECTION    SE (140)
  HIGHEST GUST SPEED    25   HIGHEST GUST DIRECTION    SE (150)
  AVERAGE WIND SPEED    10.9


SKY COVER
  POSSIBLE SUNSHINE  MM
  AVERAGE SKY COVER 0.1


WEATHER CONDITIONS
 THE FOLLOWING WEATHER WAS RECORDED YESTERDAY.
  NO SIGNIFICANT WEATHER WAS OBSERVED.


RELATIVE HUMIDITY (PERCENT)
 HIGHEST    64           700 AM
 LOWEST     26           300 PM
 AVERAGE    45

..........................................................


THE MIDLAND CLIMATE NORMALS FOR TODAY
                         NORMAL    RECORD    YEAR
 MAXIMUM TEMPERATURE (F)   95       106      1944
 MINIMUM TEMPERATURE (F)   70        61      1933


SUNRISE AND SUNSET
JULY 28 2014..........SUNRISE   702 AM CDT   SUNSET   848 PM CDT
JULY 29 2014..........SUNRISE   702 AM CDT   SUNSET   848 PM CDT


-  INDICATES NEGATIVE NUMBERS.
R  INDICATES RECORD WAS SET OR TIED.
MM INDICATES DATA IS MISSING.
T  INDICATES TRACE AMOUNT.




$$
