000
CDUS44 KMAF 252148
CLIMAF


CLIMATE REPORT
NATIONAL WEATHER SERVICE MIDLAND TX
448 PM CDT TUE JUL 25 2017


...................................

...THE MIDLAND CLIMATE SUMMARY FOR JULY 25 2017...
VALID TODAY AS OF 0400 PM LOCAL TIME.

CLIMATE NORMAL PERIOD 1981 TO 2010
CLIMATE RECORD PERIOD 1930 TO 2017


WEATHER ITEM   OBSERVED TIME   RECORD YEAR NORMAL DEPARTURE LAST
                VALUE   (LST)  VALUE       VALUE  FROM      YEAR
                                                  NORMAL
..................................................................
TEMPERATURE (F)
 TODAY
  MAXIMUM         97    343 PM 105    2000  95      2      102
  MINIMUM         74    637 AM  62    2004  70      4       77
                                      1976
  AVERAGE         86                        82      4       90

PRECIPITATION (IN)
  TODAY            0.00          0.88 1975   0.05  -0.05     0.00
  MONTH TO DATE    1.48                      1.48   0.00     0.02
  SINCE JUN 1      4.53                      3.28   1.25     3.18
  SINCE JAN 1     10.22                      7.54   2.68     6.92

DEGREE DAYS
 COOLING
  TODAY           21                        17      4       25
  MONTH TO DATE  476                       425     51      603
  SINCE JUN 1   1054                       886    168     1089
  SINCE JAN 1   1615                      1275    340     1569
..................................................................


WIND (MPH)
  HIGHEST WIND SPEED    23   HIGHEST WIND DIRECTION     S (170)
  HIGHEST GUST SPEED    27   HIGHEST GUST DIRECTION     S (160)
  AVERAGE WIND SPEED     9.9


SKY COVER
  POSSIBLE SUNSHINE  MM
  AVERAGE SKY COVER 0.0


WEATHER CONDITIONS
 THE FOLLOWING WEATHER WAS RECORDED TODAY.
  NO SIGNIFICANT WEATHER WAS OBSERVED.


RELATIVE HUMIDITY (PERCENT)
 HIGHEST    74           300 AM
 LOWEST     27           300 PM
 AVERAGE    51

..........................................................


THE MIDLAND CLIMATE NORMALS FOR TOMORROW
                         NORMAL    RECORD    YEAR
 MAXIMUM TEMPERATURE (F)   95       105      1995
                                             1944
 MINIMUM TEMPERATURE (F)   70        61      2004
                                             1933


SUNRISE AND SUNSET
JULY 25 2017..........SUNRISE   700 AM CDT   SUNSET   850 PM CDT
JULY 26 2017..........SUNRISE   700 AM CDT   SUNSET   850 PM CDT


-  INDICATES NEGATIVE NUMBERS.
R  INDICATES RECORD WAS SET OR TIED.
MM INDICATES DATA IS MISSING.
T  INDICATES TRACE AMOUNT.




$$
