000
CDUS44 KMAF 310731
CLIMAF


CLIMATE REPORT
NATIONAL WEATHER SERVICE MIDLAND TX
230 AM CDT MON AUG 31 2015


...................................

...THE MIDLAND CLIMATE SUMMARY FOR AUGUST 30 2015...

CLIMATE NORMAL PERIOD 1981 TO 2010
CLIMATE RECORD PERIOD 1930 TO 2015


WEATHER ITEM   OBSERVED TIME   RECORD YEAR NORMAL DEPARTURE LAST
                VALUE   (LST)  VALUE       VALUE  FROM      YEAR
                                                  NORMAL
..................................................................
TEMPERATURE (F)
 YESTERDAY
  MAXIMUM         91    503 PM 106    2011  92     -1       96
  MINIMUM         62    654 AM  60    2012  67     -5       70
  AVERAGE         77                        79     -2       83

PRECIPITATION (IN)
  YESTERDAY        0.00          2.26 2001   0.07  -0.07     0.00
  MONTH TO DATE    1.01                      1.78  -0.77     0.77
  SINCE JUN 1      5.02                      5.40  -0.38     1.58
  SINCE JAN 1     14.01                      9.66   4.35     4.74

DEGREE DAYS
 COOLING
  YESTERDAY       12                        14     -2       18
  MONTH TO DATE  602                       487    115      573
  SINCE JUN 1   1671                      1480    191     1688
  SINCE JAN 1   2029                      1869    160     2164
..................................................................


WIND (MPH)
  HIGHEST WIND SPEED    18   HIGHEST WIND DIRECTION    SE (150)
  HIGHEST GUST SPEED    23   HIGHEST GUST DIRECTION    SE (140)
  AVERAGE WIND SPEED     6.5


SKY COVER
  POSSIBLE SUNSHINE  MM
  AVERAGE SKY COVER 0.1


WEATHER CONDITIONS
 THE FOLLOWING WEATHER WAS RECORDED YESTERDAY.
  HAZE


RELATIVE HUMIDITY (PERCENT)
 HIGHEST    84           200 AM
 LOWEST     26           400 PM
 AVERAGE    55

..........................................................


THE MIDLAND CLIMATE NORMALS FOR TODAY
                         NORMAL    RECORD    YEAR
 MAXIMUM TEMPERATURE (F)   91       104      1952
 MINIMUM TEMPERATURE (F)   67        56      1944


SUNRISE AND SUNSET
AUGUST 31 2015........SUNRISE   723 AM CDT   SUNSET   814 PM CDT
SEPTEMBER  1 2015.....SUNRISE   724 AM CDT   SUNSET   813 PM CDT


-  INDICATES NEGATIVE NUMBERS.
R  INDICATES RECORD WAS SET OR TIED.
MM INDICATES DATA IS MISSING.
T  INDICATES TRACE AMOUNT.




$$
