000
CDUS44 KMAF 022239
CLIMAF


CLIMATE REPORT
NATIONAL WEATHER SERVICE MIDLAND/ODESSA TX
539 PM CDT TUE SEP 2 2014


...................................

...THE MIDLAND CLIMATE SUMMARY FOR SEPTEMBER 2 2014...
VALID TODAY AS OF 0500 PM LOCAL TIME.

CLIMATE NORMAL PERIOD 1981 TO 2010
CLIMATE RECORD PERIOD 1930 TO 2014


WEATHER ITEM   OBSERVED TIME   RECORD YEAR NORMAL DEPARTURE LAST
                VALUE   (LST)  VALUE       VALUE  FROM      YEAR
                                                  NORMAL
..................................................................
TEMPERATURE (F)
 TODAY
  MAXIMUM        102    339 PM 103    1937  91     11       96
  MINIMUM         77    715 AM  56    1968  66     11       76
                                      1950
  AVERAGE         90                        78     12       86

PRECIPITATION (IN)
  TODAY            0.00          2.12 1988   0.06  -0.06     0.00
  MONTH TO DATE    0.00                      0.12  -0.12     0.00
  SINCE SEP 1      0.00                      0.12  -0.12     0.00
  SINCE JAN 1      4.74                      9.84  -5.10     4.57

DEGREE DAYS
 HEATING
  TODAY            0                         0      0        0
  MONTH TO DATE    0                         0      0        0
  SINCE SEP 1      0                         0      0        0
  SINCE JUL 1      0                         0      0        0

 COOLING
  TODAY           25                        14     11       21
  MONTH TO DATE   51                        28     23       44
  SINCE SEP 1     51                        28     23       44
  SINCE JAN 1   2248                      1912    336     2219
..................................................................


WIND (MPH)
  HIGHEST WIND SPEED    22   HIGHEST WIND DIRECTION    SE (150)
  HIGHEST GUST SPEED    31   HIGHEST GUST DIRECTION     S (160)
  AVERAGE WIND SPEED    14.1


SKY COVER
  POSSIBLE SUNSHINE  MM
  AVERAGE SKY COVER 0.0


WEATHER CONDITIONS
 THE FOLLOWING WEATHER WAS RECORDED TODAY.
  NO SIGNIFICANT WEATHER WAS OBSERVED.


RELATIVE HUMIDITY (PERCENT)
 HIGHEST    69           700 AM
 LOWEST     23           400 PM
 AVERAGE    46

..........................................................


THE MIDLAND CLIMATE NORMALS FOR TOMORROW
                         NORMAL    RECORD    YEAR
 MAXIMUM TEMPERATURE (F)   91       101      2012
                                             1985
                                             1939
 MINIMUM TEMPERATURE (F)   66        55      1974


SUNRISE AND SUNSET
SEPTEMBER  2 2014.....SUNRISE   725 AM CDT   SUNSET   811 PM CDT
SEPTEMBER  3 2014.....SUNRISE   725 AM CDT   SUNSET   810 PM CDT


-  INDICATES NEGATIVE NUMBERS.
R  INDICATES RECORD WAS SET OR TIED.
MM INDICATES DATA IS MISSING.
T  INDICATES TRACE AMOUNT.




$$
