509
CDUS44 KMAF 020732
CLIMAF


CLIMATE REPORT
NATIONAL WEATHER SERVICE MIDLAND TX
231 AM CDT MON MAY 2 2016


...................................

...THE MIDLAND CLIMATE SUMMARY FOR MAY 1 2016...

CLIMATE NORMAL PERIOD 1981 TO 2010
CLIMATE RECORD PERIOD 1930 TO 2016


WEATHER ITEM   OBSERVED TIME   RECORD YEAR NORMAL DEPARTURE LAST
                VALUE   (LST)  VALUE       VALUE  FROM      YEAR
                                                  NORMAL
..................................................................
TEMPERATURE (F)
 YESTERDAY
  MAXIMUM         64   1235 AM  99    2009  84    -20       86
  MINIMUM         52   1159 PM  34    1970  55     -3       55
  AVERAGE         58                        69    -11       71

PRECIPITATION (IN)
  YESTERDAY        0.00          0.41 1959   0.03  -0.03     0.00
  MONTH TO DATE    0.00                      0.03  -0.03     0.00
  SINCE MAR 1      1.79                      1.28   0.51     2.95
  SINCE JAN 1      2.27                      2.55  -0.28     5.64

SNOWFALL (IN)
  YESTERDAY        0.0
  MONTH TO DATE    0.0
  SINCE MAR 1      0.0
  SINCE JUL 1      8.0
  SNOW DEPTH       0

DEGREE DAYS
 HEATING
  YESTERDAY        7                         1      6        0
  MONTH TO DATE    7                         1      6        0
  SINCE MAR 1    222                       420   -198      402
  SINCE JUL 1   2052                      2657   -605     2552

 COOLING
  YESTERDAY        0                         5     -5        6
  MONTH TO DATE    0                         5     -5        6
  SINCE MAR 1    158                       111     47      139
  SINCE JAN 1    173                       113     60      140
..................................................................


WIND (MPH)
  HIGHEST WIND SPEED    33   HIGHEST WIND DIRECTION    NE (50)
  HIGHEST GUST SPEED    39   HIGHEST GUST DIRECTION    NE (60)
  AVERAGE WIND SPEED    19.0


SKY COVER
  POSSIBLE SUNSHINE  MM
  AVERAGE SKY COVER 0.8


WEATHER CONDITIONS
 THE FOLLOWING WEATHER WAS RECORDED YESTERDAY.
  NO SIGNIFICANT WEATHER WAS OBSERVED.


RELATIVE HUMIDITY (PERCENT)
 HIGHEST    62           300 AM
 LOWEST     42           600 PM
 AVERAGE    52

..........................................................


THE MIDLAND CLIMATE NORMALS FOR TODAY
                         NORMAL    RECORD    YEAR
 MAXIMUM TEMPERATURE (F)   84        98      2012
                                             1996
 MINIMUM TEMPERATURE (F)   55        36      1967


SUNRISE AND SUNSET
MAY  2 2016...........SUNRISE   701 AM CDT   SUNSET   830 PM CDT
MAY  3 2016...........SUNRISE   701 AM CDT   SUNSET   831 PM CDT


-  INDICATES NEGATIVE NUMBERS.
R  INDICATES RECORD WAS SET OR TIED.
MM INDICATES DATA IS MISSING.
T  INDICATES TRACE AMOUNT.




$$
