000
CDUS42 KTAE 250635
CLIMAI


CLIMATE REPORT
NATIONAL WEATHER SERVICE TALLAHASSEE FL
134 AM EST SUN FEB 25 2018


...................................

...THE MARIANNA CLIMATE SUMMARY FOR FEBRUARY 24 2018...

CLIMATE NORMAL PERIOD 1981 TO 2010
CLIMATE RECORD PERIOD 1950 TO 2018


WEATHER ITEM   OBSERVED NORMAL DEPARTURE LAST
                VALUE   VALUE  FROM      YEAR
                               NORMAL
...............................................
TEMPERATURE (F)
 YESTERDAY
  MAXIMUM         85     68     17       83
  MINIMUM         59     45     14       52
  AVERAGE         72     56     16       68

PRECIPITATION (IN)
  YESTERDAY        0.00   0.20  -0.20     0.00
  MONTH TO DATE    9.96   4.19   5.77     3.70
  SINCE DEC 1     16.31  13.14   3.17    22.15
  SINCE JAN 1     13.78   9.23   4.55    10.38

DEGREE DAYS
 HEATING
  YESTERDAY        0            -9
  MONTH TO DATE   79          -190
  SINCE DEC 1    955          -176
  SINCE JUL 1   1136          -233

 COOLING
  YESTERDAY        7             6
  MONTH TO DATE   85            83
  SINCE DEC 1    122           104
  SINCE JAN 1     94            88
...............................................


WIND (MPH)
  HIGHEST WIND SPEED    18   HIGHEST WIND DIRECTION    SW (220)
  HIGHEST GUST SPEED    23   HIGHEST GUST DIRECTION    SW (220)
  AVERAGE WIND SPEED     7.2




RELATIVE HUMIDITY (PERCENT)
 HIGHEST    93
 LOWEST     44
 AVERAGE    69

..........................................................




SUNRISE AND SUNSET
FEBRUARY 25 2018......SUNRISE   612 AM CST   SUNSET   536 PM CST
FEBRUARY 26 2018......SUNRISE   610 AM CST   SUNSET   537 PM CST


-  INDICATES NEGATIVE NUMBERS.
R  INDICATES RECORD WAS SET OR TIED.
MM INDICATES DATA IS MISSING.
T  INDICATES TRACE AMOUNT.




$$
