000
CDUS42 KTAE 300632
CLIMAI


CLIMATE REPORT
NATIONAL WEATHER SERVICE TALLAHASSEE FL
231 AM EDT TUE SEP 30 2014


...................................

...THE MARIANNA CLIMATE SUMMARY FOR SEPTEMBER 29 2014...

CLIMATE NORMAL PERIOD 1981 TO 2010
CLIMATE RECORD PERIOD 1950 TO 2014


WEATHER ITEM   OBSERVED NORMAL DEPARTURE LAST
                VALUE   VALUE  FROM      YEAR
                               NORMAL
...............................................
TEMPERATURE (F)
 YESTERDAY
  MAXIMUM         82     85     -3       85
  MINIMUM         71     64      7       59
  AVERAGE         77     74      3       72

PRECIPITATION (IN)
  YESTERDAY        0.05   0.10  -0.05     0.00
  MONTH TO DATE    4.81   3.70   1.11     2.37
  SINCE SEP 1      4.81   3.70   1.11     2.37
  SINCE JAN 1     47.75  42.03   5.72    53.05

DEGREE DAYS
 HEATING
  YESTERDAY        0             0
  MONTH TO DATE    0             0
  SINCE SEP 1      0             0
  SINCE JUL 1      0             0

 COOLING
  YESTERDAY       12             3
  MONTH TO DATE  408            29
  SINCE SEP 1    408            29
  SINCE JAN 1   2439            95
...............................................


WIND (MPH)
  HIGHEST WIND SPEED    15   HIGHEST WIND DIRECTION    NE (30)
  HIGHEST GUST SPEED    17   HIGHEST GUST DIRECTION    NE (40)
  AVERAGE WIND SPEED     6.6




RELATIVE HUMIDITY (PERCENT)
 HIGHEST   100
 LOWEST     74
 AVERAGE    87

..........................................................




SUNRISE AND SUNSET
SEPTEMBER 30 2014.....SUNRISE   634 AM CDT   SUNSET   627 PM CDT
OCTOBER  1 2014.......SUNRISE   634 AM CDT   SUNSET   626 PM CDT


-  INDICATES NEGATIVE NUMBERS.
R  INDICATES RECORD WAS SET OR TIED.
MM INDICATES DATA IS MISSING.
T  INDICATES TRACE AMOUNT.




$$
