000
CDUS42 KTAE 280644
CLIMAI


CLIMATE REPORT
NATIONAL WEATHER SERVICE TALLAHASSEE FL
243 AM EDT SAT MAY 28 2016


...................................

...THE MARIANNA CLIMATE SUMMARY FOR MAY 27 2016...

CLIMATE NORMAL PERIOD 1981 TO 2010
CLIMATE RECORD PERIOD 1950 TO 2016


WEATHER ITEM   OBSERVED NORMAL DEPARTURE LAST
                VALUE   VALUE  FROM      YEAR
                               NORMAL
...............................................
TEMPERATURE (F)
 YESTERDAY
  MAXIMUM         88     89     -1       87
  MINIMUM         67     67      0       68
  AVERAGE         78     78      0       78

PRECIPITATION (IN)
  YESTERDAY        0.00   0.14  -0.14     0.77
  MONTH TO DATE    1.73   2.44  -0.71     4.86
  SINCE MAR 1     13.70  11.69   2.01    18.35
  SINCE JAN 1     22.14  21.67   0.47    25.53

DEGREE DAYS
 HEATING
  YESTERDAY        0             0
  MONTH TO DATE    3             3
  SINCE MAR 1    124          -117
  SINCE JUL 1   1160          -486

 COOLING
  YESTERDAY       13             0
  MONTH TO DATE  239           -20
  SINCE MAR 1    429            27
  SINCE JAN 1    435            18
...............................................


WIND (MPH)
  HIGHEST WIND SPEED    15   HIGHEST WIND DIRECTION     E (80)
  HIGHEST GUST SPEED    20   HIGHEST GUST DIRECTION    SE (120)
  AVERAGE WIND SPEED     5.3




RELATIVE HUMIDITY (PERCENT)
 HIGHEST    97
 LOWEST     36
 AVERAGE    67

..........................................................




SUNRISE AND SUNSET
MAY 28 2016...........SUNRISE   539 AM CDT   SUNSET   737 PM CDT
MAY 29 2016...........SUNRISE   539 AM CDT   SUNSET   738 PM CDT


-  INDICATES NEGATIVE NUMBERS.
R  INDICATES RECORD WAS SET OR TIED.
MM INDICATES DATA IS MISSING.
T  INDICATES TRACE AMOUNT.




$$
