000
CDUS42 KTAE 070650
CLIMAI


CLIMATE REPORT
NATIONAL WEATHER SERVICE TALLAHASSEE FL
149 AM EST WED DEC 7 2016


...................................

...THE MARIANNA CLIMATE SUMMARY FOR DECEMBER 6 2016...

CLIMATE NORMAL PERIOD 1981 TO 2010
CLIMATE RECORD PERIOD 1950 TO 2016


WEATHER ITEM   OBSERVED NORMAL DEPARTURE LAST
                VALUE   VALUE  FROM      YEAR
                               NORMAL
...............................................
TEMPERATURE (F)
 YESTERDAY
  MAXIMUM         74     66      8       70
  MINIMUM         56     43     13       46
  AVERAGE         65     55     10       58

PRECIPITATION (IN)
  YESTERDAY        0.95   0.14   0.81     0.00
  MONTH TO DATE    8.94   0.86   8.08     1.54
  SINCE DEC 1      8.94   0.86   8.08     1.54
  SINCE JAN 1     47.62  50.53  -2.91    51.08

DEGREE DAYS
 HEATING
  YESTERDAY        0           -11
  MONTH TO DATE   31           -31
  SINCE DEC 1     31           -31
  SINCE JUL 1    163          -137

 COOLING
  YESTERDAY        0            -1
  MONTH TO DATE    1            -5
  SINCE DEC 1      1            -5
  SINCE JAN 1   2955           400
...............................................


WIND (MPH)
  HIGHEST WIND SPEED    28   HIGHEST WIND DIRECTION     W (250)
  HIGHEST GUST SPEED    37   HIGHEST GUST DIRECTION     W (250)
  AVERAGE WIND SPEED     9.3




RELATIVE HUMIDITY (PERCENT)
 HIGHEST   100
 LOWEST     53
 AVERAGE    77

..........................................................




SUNRISE AND SUNSET
DECEMBER  7 2016......SUNRISE   626 AM CST   SUNSET   439 PM CST
DECEMBER  8 2016......SUNRISE   627 AM CST   SUNSET   439 PM CST


-  INDICATES NEGATIVE NUMBERS.
R  INDICATES RECORD WAS SET OR TIED.
MM INDICATES DATA IS MISSING.
T  INDICATES TRACE AMOUNT.




$$
