000
CDUS42 KTAE 290653
CLIMAI


CLIMATE REPORT
NATIONAL WEATHER SERVICE TALLAHASSEE FL
252 AM EDT MON MAY 29 2017


...................................

...THE MARIANNA CLIMATE SUMMARY FOR MAY 28 2017...

CLIMATE NORMAL PERIOD 1981 TO 2010
CLIMATE RECORD PERIOD 1950 TO 2017


WEATHER ITEM   OBSERVED NORMAL DEPARTURE LAST
                VALUE   VALUE  FROM      YEAR
                               NORMAL
...............................................
TEMPERATURE (F)
 YESTERDAY
  MAXIMUM         95     89      6       91
  MINIMUM         73     67      6       69
  AVERAGE         84     78      6       80

PRECIPITATION (IN)
  YESTERDAY        0.00   0.14  -0.14     0.00
  MONTH TO DATE    3.93   2.58   1.35     1.73
  SINCE MAR 1      8.05  11.83  -3.78    13.70
  SINCE JAN 1     18.45  21.81  -3.36    22.14

DEGREE DAYS
 HEATING
  YESTERDAY        0             0
  MONTH TO DATE    6             6
  SINCE MAR 1    153           -88
  SINCE JUL 1    842          -804

 COOLING
  YESTERDAY       19             6
  MONTH TO DATE  273             1
  SINCE MAR 1    578           163
  SINCE JAN 1    635           205
...............................................


WIND (MPH)
  HIGHEST WIND SPEED    22   HIGHEST WIND DIRECTION     W (290)
  HIGHEST GUST SPEED    27   HIGHEST GUST DIRECTION    NW (300)
  AVERAGE WIND SPEED     8.0




RELATIVE HUMIDITY (PERCENT)
 HIGHEST   100
 LOWEST     47
 AVERAGE    74

..........................................................




SUNRISE AND SUNSET
MAY 29 2017...........SUNRISE   539 AM CDT   SUNSET   738 PM CDT
MAY 30 2017...........SUNRISE   539 AM CDT   SUNSET   738 PM CDT


-  INDICATES NEGATIVE NUMBERS.
R  INDICATES RECORD WAS SET OR TIED.
MM INDICATES DATA IS MISSING.
T  INDICATES TRACE AMOUNT.




$$
