000
CDUS42 KTAE 260632
CLIMAI


CLIMATE REPORT
NATIONAL WEATHER SERVICE TALLAHASSEE FL
231 AM EDT SAT JUL 26 2014


...................................

...THE MARIANNA CLIMATE SUMMARY FOR JULY 25 2014...

CLIMATE NORMAL PERIOD 1981 TO 2010
CLIMATE RECORD PERIOD 1950 TO 2014


WEATHER ITEM   OBSERVED NORMAL DEPARTURE LAST
                VALUE   VALUE  FROM      YEAR
                               NORMAL
...............................................
TEMPERATURE (F)
 YESTERDAY
  MAXIMUM         88     92     -4
  MINIMUM         73     73      0
  AVERAGE         81     82     -1

PRECIPITATION (IN)
  YESTERDAY        0.20   0.15   0.05     0.00
  MONTH TO DATE    4.29   4.23   0.06    11.00
  SINCE JUN 1      6.96   9.80  -2.84    15.10
  SINCE JAN 1     38.68  32.02   6.66    36.00

DEGREE DAYS
 HEATING
  YESTERDAY        0             0
  MONTH TO DATE    0             0
  SINCE JUN 1      0             0
  SINCE JUL 1      0             0

 COOLING
  YESTERDAY       16            -1
  MONTH TO DATE  421            -4
  SINCE JUN 1    918            34
  SINCE JAN 1   1352            -2
...............................................


WIND (MPH)
  HIGHEST WIND SPEED    18   HIGHEST WIND DIRECTION     W (270)
  HIGHEST GUST SPEED    24   HIGHEST GUST DIRECTION     W (260)
  AVERAGE WIND SPEED     4.6




RELATIVE HUMIDITY (PERCENT)
 HIGHEST   100
 LOWEST     63
 AVERAGE    82

..........................................................




SUNRISE AND SUNSET
JULY 26 2014..........SUNRISE   555 AM CDT   SUNSET   740 PM CDT
JULY 27 2014..........SUNRISE   555 AM CDT   SUNSET   739 PM CDT


-  INDICATES NEGATIVE NUMBERS.
R  INDICATES RECORD WAS SET OR TIED.
MM INDICATES DATA IS MISSING.
T  INDICATES TRACE AMOUNT.




$$
