000
CDUS43 KABR 072228
CLIMBG


CLIMATE REPORT
NATIONAL WEATHER SERVICE ABERDEEN SD
526 PM CDT TUE JUL 7 2015


...................................

...THE MOBRIDGE SD CLIMATE SUMMARY FOR JULY 7 2015...
VALID TODAY AS OF 0500 PM LOCAL TIME.

CLIMATE NORMAL PERIOD 1981 TO 2010
CLIMATE RECORD PERIOD 1911 TO 2015


WEATHER ITEM   OBSERVED TIME   RECORD YEAR NORMAL DEPARTURE LAST
                VALUE   (LST)  VALUE       VALUE  FROM      YEAR
                                                  NORMAL
..................................................................
TEMPERATURE (F)
 TODAY
  MAXIMUM         78    359 PM 111    1936  85     -7       76
  MINIMUM         54    219 AM  44    1915  59     -5       61
  AVERAGE         66                        72     -6       69

PRECIPITATION (IN)
  TODAY            0.00          1.01 2002   0.09  -0.09     0.07
  MONTH TO DATE    1.29                      0.58   0.71     0.08
  SINCE JUN 1      4.84                      3.74   1.10     7.99
  SINCE JAN 1     15.63                      9.76   5.87    14.11

DEGREE DAYS
 HEATING
  TODAY            0                         0      0        0
  MONTH TO DATE    0                         5     -5       10
  SINCE JUN 1     18                        80    -62       85
  SINCE JUL 1      0                         5     -5       10

 COOLING
  TODAY            1                         7     -6        4
  MONTH TO DATE   51                        47      4       39
  SINCE JUN 1    200                       146     54       84
  SINCE JAN 1    216                       162     54      134
..................................................................


WIND (MPH)
  HIGHEST WIND SPEED    20   HIGHEST WIND DIRECTION    SE (150)
  HIGHEST GUST SPEED    25   HIGHEST GUST DIRECTION    SE (140)
  AVERAGE WIND SPEED    10.7


SKY COVER
  POSSIBLE SUNSHINE  MM
  AVERAGE SKY COVER 0.0


WEATHER CONDITIONS
 THE FOLLOWING WEATHER WAS RECORDED TODAY.
  FOG
  HAZE


RELATIVE HUMIDITY (PERCENT)
 HIGHEST    93           100 AM
 LOWEST     45           400 PM
 AVERAGE    69

..........................................................


THE MOBRIDGE SD CLIMATE NORMALS FOR TOMORROW
                         NORMAL    RECORD    YEAR
 MAXIMUM TEMPERATURE (F)   85       108      1936
 MINIMUM TEMPERATURE (F)   59        46      1953


SUNRISE AND SUNSET
JULY  7 2015..........SUNRISE   600 AM CDT   SUNSET   932 PM CDT
JULY  8 2015..........SUNRISE   601 AM CDT   SUNSET   932 PM CDT


-  INDICATES NEGATIVE NUMBERS.
R  INDICATES RECORD WAS SET OR TIED.
MM INDICATES DATA IS MISSING.
T  INDICATES TRACE AMOUNT.




$$
