000
CDUS43 KABR 161044
CLIMBG


CLIMATE REPORT
NATIONAL WEATHER SERVICE ABERDEEN SD
443 AM CST SAT DEC 16 2017


...................................

...THE MOBRIDGE SD CLIMATE SUMMARY FOR DECEMBER 15 2017...

CLIMATE NORMAL PERIOD 1981 TO 2010
CLIMATE RECORD PERIOD 1911 TO 2017


WEATHER ITEM   OBSERVED TIME   RECORD YEAR NORMAL DEPARTURE LAST
                VALUE   (LST)  VALUE       VALUE  FROM      YEAR
                                                  NORMAL
..................................................................
TEMPERATURE (F)
 YESTERDAY
  MAXIMUM         47    343 PM  60    1939  28     19       11
  MINIMUM         26    646 AM -23    1927   7     19      -16
  AVERAGE         37                        18     19       -2

PRECIPITATION (IN)
  YESTERDAY        0.00          0.16 2015   0.01  -0.01     0.03
  MONTH TO DATE    0.27                      0.13   0.14     0.44
  SINCE DEC 1      0.27                      0.13   0.14     0.44
  SINCE JAN 1     15.33                     17.56  -2.23    19.57

SNOWFALL (IN)
  YESTERDAY        0.0
  MONTH TO DATE    3.0
  SINCE OCT 1      3.4
  SINCE JUL 1      3.4
  SNOW DEPTH       0

DEGREE DAYS
 HEATING
  YESTERDAY       28                        47    -19       67
  MONTH TO DATE  495                       672   -177      813
  SINCE DEC 1    495                       672   -177      813
  SINCE JUL 1   1996                      2438   -442     1964

 COOLING
  YESTERDAY        0                         0      0        0
  MONTH TO DATE    0                         0      0        0
  SINCE DEC 1      0                         0      0        0
  SINCE JAN 1    791                       644    147      961
..................................................................


WIND (MPH)
  HIGHEST WIND SPEED    14   HIGHEST WIND DIRECTION     W (280)
  HIGHEST GUST SPEED    17   HIGHEST GUST DIRECTION     W (280)
  AVERAGE WIND SPEED     5.7


SKY COVER
  POSSIBLE SUNSHINE  MM
  AVERAGE SKY COVER 0.3


WEATHER CONDITIONS
 THE FOLLOWING WEATHER WAS RECORDED YESTERDAY.
  NO SIGNIFICANT WEATHER WAS OBSERVED.


RELATIVE HUMIDITY (PERCENT)
 HIGHEST    85           800 AM
 LOWEST     45           300 PM
 AVERAGE    65

..........................................................


THE MOBRIDGE SD CLIMATE NORMALS FOR TODAY
                         NORMAL    RECORD    YEAR
 MAXIMUM TEMPERATURE (F)   28        62      1962
 MINIMUM TEMPERATURE (F)    7       -27      1951


SUNRISE AND SUNSET
DECEMBER 16 2017......SUNRISE   816 AM CST   SUNSET   459 PM CST
DECEMBER 17 2017......SUNRISE   817 AM CST   SUNSET   459 PM CST


-  INDICATES NEGATIVE NUMBERS.
R  INDICATES RECORD WAS SET OR TIED.
MM INDICATES DATA IS MISSING.
T  INDICATES TRACE AMOUNT.




$$
