000
CDUS43 KABR 281410
CLIMBG


CLIMATE REPORT
NATIONAL WEATHER SERVICE ABERDEEN SD
909 AM CDT SAT MAR 28 2015


...................................

...THE MOBRIDGE SD CLIMATE SUMMARY FOR MARCH 27 2015...

CLIMATE NORMAL PERIOD 1981 TO 2010
CLIMATE RECORD PERIOD 1911 TO 2015


WEATHER ITEM   OBSERVED TIME   RECORD YEAR NORMAL DEPARTURE LAST
                VALUE   (LST)  VALUE       VALUE  FROM      YEAR
                                                  NORMAL
..................................................................
TEMPERATURE (F)
 YESTERDAY
  MAXIMUM         49    626 PM  84    1946  48      1       40
  MINIMUM         23    206 AM  -5    1913  25     -2       21
  AVERAGE         36                        37     -1       31

PRECIPITATION (IN)
  YESTERDAY        0.02          1.10 1975   0.03  -0.01     0.00
  MONTH TO DATE    0.03                      0.74  -0.71     0.35
  SINCE MAR 1      0.03                      0.74  -0.71     0.35
  SINCE JAN 1      0.83                      1.47  -0.64     0.96

SNOWFALL (IN)
  YESTERDAY        T
  MONTH TO DATE    T
  SINCE OCT 1     18.7
  SINCE JUL 1     18.7
  SNOW DEPTH       0

DEGREE DAYS
 HEATING
  YESTERDAY       29                        28      1       34
  MONTH TO DATE  754                       919   -165     1017
  SINCE MAR 1    754                       919   -165     1017
  SINCE JUL 1   6513                      6894   -381     7557

 COOLING
  YESTERDAY        0                         0      0        0
  MONTH TO DATE    0                         0      0        0
  SINCE MAR 1      0                         0      0        0
  SINCE JAN 1      0                         0      0        0
..................................................................


WIND (MPH)
  HIGHEST WIND SPEED    22   HIGHEST WIND DIRECTION     S (170)
  HIGHEST GUST SPEED    26   HIGHEST GUST DIRECTION     S (170)
  AVERAGE WIND SPEED    13.7


SKY COVER
  POSSIBLE SUNSHINE  MM
  AVERAGE SKY COVER 0.7


WEATHER CONDITIONS
 THE FOLLOWING WEATHER WAS RECORDED YESTERDAY.
  LIGHT SNOW
  FOG


RELATIVE HUMIDITY (PERCENT)
 HIGHEST    85          1000 AM
 LOWEST     55           500 AM
 AVERAGE    70

..........................................................


THE MOBRIDGE SD CLIMATE NORMALS FOR TODAY
                         NORMAL    RECORD    YEAR
 MAXIMUM TEMPERATURE (F)   49        83      1946
 MINIMUM TEMPERATURE (F)   26        -4      1913


SUNRISE AND SUNSET
MARCH 28 2015.........SUNRISE   730 AM CDT   SUNSET   804 PM CDT
MARCH 29 2015.........SUNRISE   728 AM CDT   SUNSET   806 PM CDT


-  INDICATES NEGATIVE NUMBERS.
R  INDICATES RECORD WAS SET OR TIED.
MM INDICATES DATA IS MISSING.
T  INDICATES TRACE AMOUNT.




$$
