000
CDUS43 KABR 282330
CLIMBG


CLIMATE REPORT
NATIONAL WEATHER SERVICE ABERDEEN SD
528 PM CST FRI NOV 28 2014


...................................

...THE MOBRIDGE SD CLIMATE SUMMARY FOR NOVEMBER 28 2014...
VALID TODAY AS OF 0500 PM LOCAL TIME.

CLIMATE NORMAL PERIOD 1981 TO 2010
CLIMATE RECORD PERIOD 1911 TO 2014


WEATHER ITEM   OBSERVED TIME   RECORD YEAR NORMAL DEPARTURE LAST
                VALUE   (LST)  VALUE       VALUE  FROM      YEAR
                                                  NORMAL
..................................................................
TEMPERATURE (F)
 TODAY
  MAXIMUM         30   1256 PM  64    2002  35     -5       27
  MINIMUM         12    335 AM -20    1985  14     -2       16
  AVERAGE         21                        25     -4       22

PRECIPITATION (IN)
  TODAY            0.00          0.22 1960   0.00   0.00     0.00
  MONTH TO DATE    0.80                      0.47   0.33     0.04
  SINCE SEP 1      2.07                      3.51  -1.44     9.10
  SINCE JAN 1     21.39                     17.42   3.97    22.92

SNOWFALL (IN)
  TODAY            0.0
  MONTH TO DATE    7.5
  SINCE OCT 1      7.5
  SINCE JUL 1      7.5
  SNOW DEPTH       T

DEGREE DAYS
 HEATING
  TODAY           44                        40      4       43
  MONTH TO DATE 1082                       910    172      975
  SINCE SEP 1   1673                      1651     22     1724
  SINCE JUL 1   1720                      1684     36     1737

 COOLING
  TODAY            0                         0      0        0
  MONTH TO DATE    0                         0      0        0
  SINCE SEP 1     68                        63      5      116
  SINCE JAN 1    471                       644   -173      700
..................................................................


WIND (MPH)
  HIGHEST WIND SPEED    16   HIGHEST WIND DIRECTION     E (110)
  HIGHEST GUST SPEED    19   HIGHEST GUST DIRECTION     E (110)
  AVERAGE WIND SPEED    10.0


SKY COVER
  POSSIBLE SUNSHINE  MM
  AVERAGE SKY COVER 0.2


WEATHER CONDITIONS
 THE FOLLOWING WEATHER WAS RECORDED TODAY.
  NO SIGNIFICANT WEATHER WAS OBSERVED.


RELATIVE HUMIDITY (PERCENT)
 HIGHEST    84          1200 AM
 LOWEST     69           100 PM
 AVERAGE    77

..........................................................


THE MOBRIDGE SD CLIMATE NORMALS FOR TOMORROW
                         NORMAL    RECORD    YEAR
 MAXIMUM TEMPERATURE (F)   35        60      1939
 MINIMUM TEMPERATURE (F)   14       -13      1985


SUNRISE AND SUNSET
NOVEMBER 28 2014......SUNRISE   758 AM CST   SUNSET   501 PM CST
NOVEMBER 29 2014......SUNRISE   759 AM CST   SUNSET   501 PM CST


-  INDICATES NEGATIVE NUMBERS.
R  INDICATES RECORD WAS SET OR TIED.
MM INDICATES DATA IS MISSING.
T  INDICATES TRACE AMOUNT.




$$
