000
CDUS43 KABR 231035
CLIMBG


CLIMATE REPORT
NATIONAL WEATHER SERVICE ABERDEEN SD
434 AM CST THU FEB 23 2017


...................................

...THE MOBRIDGE SD CLIMATE SUMMARY FOR FEBRUARY 22 2017...

CLIMATE NORMAL PERIOD 1981 TO 2010
CLIMATE RECORD PERIOD 1911 TO 2017


WEATHER ITEM   OBSERVED TIME   RECORD YEAR NORMAL DEPARTURE LAST
                VALUE   (LST)  VALUE       VALUE  FROM      YEAR
                                                  NORMAL
..................................................................
TEMPERATURE (F)
 YESTERDAY
  MAXIMUM         43   1113 AM  65    2002  33     10       36
  MINIMUM         32   1125 PM -20    1962  12     20       26
  AVERAGE         38                        23     15       31

PRECIPITATION (IN)
  YESTERDAY        0.02          0.54 1942   0.01   0.01      T
  MONTH TO DATE    0.23                      0.30  -0.07     0.98
  SINCE DEC 1      3.06                      1.03   2.03     1.43
  SINCE JAN 1      0.76                      0.59   0.17     1.10

SNOWFALL (IN)
  YESTERDAY       MM
  MONTH TO DATE    0.9
  SINCE OCT 1     39.0
  SINCE JUL 1     39.0
  SNOW DEPTH       T

DEGREE DAYS
 HEATING
  YESTERDAY       27                        42    -15       34
  MONTH TO DATE  861                       996   -135      761
  SINCE DEC 1   4067                      3963    104     3388
  SINCE JUL 1   5218                      5729   -511     4682

 COOLING
  YESTERDAY        0                         0      0        0
  MONTH TO DATE    0                         0      0        0
  SINCE DEC 1      0                         0      0        0
  SINCE JAN 1      0                         0      0        0
..................................................................


WIND (MPH)
  HIGHEST WIND SPEED    17   HIGHEST WIND DIRECTION     N (20)
  HIGHEST GUST SPEED    21   HIGHEST GUST DIRECTION     N (10)
  AVERAGE WIND SPEED     9.6


SKY COVER
  POSSIBLE SUNSHINE  MM
  AVERAGE SKY COVER 0.6


WEATHER CONDITIONS
 THE FOLLOWING WEATHER WAS RECORDED YESTERDAY.
  LIGHT RAIN
  LIGHT SNOW
  FOG
  HAZE


RELATIVE HUMIDITY (PERCENT)
 HIGHEST    89           500 AM
 LOWEST     69          1100 PM
 AVERAGE    79

..........................................................


THE MOBRIDGE SD CLIMATE NORMALS FOR TODAY
                         NORMAL    RECORD    YEAR
 MAXIMUM TEMPERATURE (F)   34        62      1976
 MINIMUM TEMPERATURE (F)   13       -23      1914


SUNRISE AND SUNSET
FEBRUARY 23 2017......SUNRISE   730 AM CST   SUNSET   621 PM CST
FEBRUARY 24 2017......SUNRISE   728 AM CST   SUNSET   622 PM CST


-  INDICATES NEGATIVE NUMBERS.
R  INDICATES RECORD WAS SET OR TIED.
MM INDICATES DATA IS MISSING.
T  INDICATES TRACE AMOUNT.




$$
