000
CDUS43 KABR 211037
CLIMBG


CLIMATE REPORT
NATIONAL WEATHER SERVICE ABERDEEN SD
537 AM CDT SUN SEP 21 2014


...................................

...THE MOBRIDGE SD CLIMATE SUMMARY FOR SEPTEMBER 20 2014...

CLIMATE NORMAL PERIOD 1981 TO 2010
CLIMATE RECORD PERIOD 1911 TO 2014


WEATHER ITEM   OBSERVED TIME   RECORD YEAR NORMAL DEPARTURE LAST
                VALUE   (LST)  VALUE       VALUE  FROM      YEAR
                                                  NORMAL
..................................................................
TEMPERATURE (F)
 YESTERDAY
  MAXIMUM         76   1128 AM  95    1960  72      4       70
  MINIMUM         48    651 AM  25    1918  46      2       43
  AVERAGE         62                        59      3       57

PRECIPITATION (IN)
  YESTERDAY        0.00          0.96 1996   0.05  -0.05     0.00
  MONTH TO DATE    0.56                      1.02  -0.46     2.97
  SINCE SEP 1      0.56                      1.02  -0.46     2.97
  SINCE JAN 1     19.88                     14.93   4.95    16.79

DEGREE DAYS
 HEATING
  YESTERDAY        3                         7     -4        8
  MONTH TO DATE  130                        92     38       30
  SINCE SEP 1    130                        92     38       30
  SINCE JUL 1    177                       125     52       43

 COOLING
  YESTERDAY        0                         1     -1        0
  MONTH TO DATE   21                        54    -33      106
  SINCE SEP 1     21                        54    -33      106
  SINCE JAN 1    424                       635   -211      690
..................................................................


WIND (MPH)
  HIGHEST WIND SPEED    30   HIGHEST WIND DIRECTION    NW (320)
  HIGHEST GUST SPEED    39   HIGHEST GUST DIRECTION    NW (330)
  AVERAGE WIND SPEED    10.1


SKY COVER
  POSSIBLE SUNSHINE  MM
  AVERAGE SKY COVER 0.1


WEATHER CONDITIONS
 THE FOLLOWING WEATHER WAS RECORDED YESTERDAY.
  NO SIGNIFICANT WEATHER WAS OBSERVED.


RELATIVE HUMIDITY (PERCENT)
 HIGHEST   100           500 AM
 LOWEST     29           500 PM
 AVERAGE    65

..........................................................


THE MOBRIDGE SD CLIMATE NORMALS FOR TODAY
                         NORMAL    RECORD    YEAR
 MAXIMUM TEMPERATURE (F)   71       101      1937
 MINIMUM TEMPERATURE (F)   45        27      1918


SUNRISE AND SUNSET
SEPTEMBER 21 2014.....SUNRISE   727 AM CDT   SUNSET   741 PM CDT
SEPTEMBER 22 2014.....SUNRISE   729 AM CDT   SUNSET   739 PM CDT


-  INDICATES NEGATIVE NUMBERS.
R  INDICATES RECORD WAS SET OR TIED.
MM INDICATES DATA IS MISSING.
T  INDICATES TRACE AMOUNT.




$$
