000
CDUS43 KABR 211040
CLIMBG


CLIMATE REPORT
NATIONAL WEATHER SERVICE ABERDEEN SD
539 AM CDT MON APR 21 2014


...................................

...THE MOBRIDGE SD CLIMATE SUMMARY FOR APRIL 20 2014...

CLIMATE NORMAL PERIOD 1981 TO 2010
CLIMATE RECORD PERIOD 1911 TO 2014


WEATHER ITEM   OBSERVED TIME   RECORD YEAR NORMAL DEPARTURE LAST
                VALUE   (LST)  VALUE       VALUE  FROM      YEAR
                                                  NORMAL
..................................................................
TEMPERATURE (F)
 YESTERDAY
  MAXIMUM         77    354 PM  93    1980  60     17       33
  MINIMUM         35    515 AM  10    1966  34      1       18
  AVERAGE         56                        47      9       26

PRECIPITATION (IN)
  YESTERDAY        0.00          2.25 1971   0.05  -0.05      T
  MONTH TO DATE    0.31                      0.80  -0.49     1.48
  SINCE MAR 1      0.82                      1.70  -0.88     1.86
  SINCE JAN 1      1.43                      2.43  -1.00     2.82

SNOWFALL (IN)
  YESTERDAY        0.0
  MONTH TO DATE    3.5
  SINCE OCT 1     44.3
  SINCE JUL 1     44.3
  SNOW DEPTH       0

DEGREE DAYS
 HEATING
  YESTERDAY        9                        18     -9       39
  MONTH TO DATE  507                       437     70      665
  SINCE MAR 1   1651                      1464    187     1873
  SINCE JUL 1   8191                      7439    752     7689

 COOLING
  YESTERDAY        0                         0      0        0
  MONTH TO DATE    0                         0      0        0
  SINCE MAR 1      0                         0      0        0
  SINCE JAN 1      0                         0      0        0
..................................................................


WIND (MPH)
  HIGHEST WIND SPEED    21   HIGHEST WIND DIRECTION     S (160)
  HIGHEST GUST SPEED    25   HIGHEST GUST DIRECTION     S (170)
  AVERAGE WIND SPEED    10.0


SKY COVER
  POSSIBLE SUNSHINE  MM
  AVERAGE SKY COVER 0.0


WEATHER CONDITIONS
 THE FOLLOWING WEATHER WAS RECORDED YESTERDAY.
  NO SIGNIFICANT WEATHER WAS OBSERVED.


RELATIVE HUMIDITY (PERCENT)
 HIGHEST    89           600 AM
 LOWEST     16           200 PM
 AVERAGE    53

..........................................................


THE MOBRIDGE SD CLIMATE NORMALS FOR TODAY
                         NORMAL    RECORD    YEAR
 MAXIMUM TEMPERATURE (F)   61        95      1980
 MINIMUM TEMPERATURE (F)   35        16      1927


SUNRISE AND SUNSET
APRIL 21 2014.........SUNRISE   646 AM CDT   SUNSET   836 PM CDT
APRIL 22 2014.........SUNRISE   644 AM CDT   SUNSET   837 PM CDT


-  INDICATES NEGATIVE NUMBERS.
R  INDICATES RECORD WAS SET OR TIED.
MM INDICATES DATA IS MISSING.
T  INDICATES TRACE AMOUNT.




$$
