560
CDUS43 KDTX 072126
CLIMBS


CLIMATE REPORT
NATIONAL WEATHER SERVICE DETROIT/PONTIAC MI
426 PM EST WED DEC 7 2016


...................................

...THE TRI CITIES MI CLIMATE SUMMARY FOR DECEMBER 7 2016...
VALID TODAY AS OF 0400 PM LOCAL TIME.

CLIMATE NORMAL PERIOD 1981 TO 2010
CLIMATE RECORD PERIOD 1898 TO 2016


WEATHER ITEM   OBSERVED TIME   NORMAL DEPARTURE LAST
                VALUE   (LST)  VALUE  FROM      YEAR
                                      NORMAL
......................................................
TEMPERATURE (F)
 TODAY
  MAXIMUM         37    212 PM  36      1       40
  MINIMUM         31    521 AM  24      7       30
  AVERAGE         34            30      4       35

PRECIPITATION (IN)
  TODAY            0.00          0.07  -0.07     0.00
  MONTH TO DATE    0.10          0.48  -0.38     0.05
  SINCE DEC 1      0.10          0.48  -0.38     0.05
  SINCE JAN 1     30.47         30.16   0.31    29.03

SNOWFALL (IN)
  TODAY            0.0           0.2   -0.2      0.0
  MONTH TO DATE    2.5           1.7    0.8      0.0
  SINCE DEC 1      2.5           1.7    0.8      0.0
  SINCE JUL 1      4.1           5.6   -1.5      3.5
  SNOW DEPTH       0

DEGREE DAYS
 HEATING
  TODAY           31            35     -4       30
  MONTH TO DATE  204           238    -34      196
  SINCE DEC 1    204           238    -34      196
  SINCE JUL 1   1192          1711   -519     1207

 COOLING
  TODAY            0             0      0        0
  MONTH TO DATE    0             0      0        0
  SINCE DEC 1      0             0      0        0
  SINCE JAN 1    844           557    287      722
......................................................


WIND (MPH)
  HIGHEST WIND SPEED    25   HIGHEST WIND DIRECTION     W (250)
  HIGHEST GUST SPEED    33   HIGHEST GUST DIRECTION     W (280)
  AVERAGE WIND SPEED    17.6


SKY COVER
  AVERAGE SKY COVER 0.7


WEATHER CONDITIONS
 THE FOLLOWING WEATHER WAS RECORDED TODAY.
  NO SIGNIFICANT WEATHER WAS OBSERVED.


..........................................................


THE TRI CITIES MI CLIMATE NORMALS FOR TOMORROW
                         NORMAL
 MAXIMUM TEMPERATURE (F)   36
 MINIMUM TEMPERATURE (F)   24


SUNRISE AND SUNSET
DECEMBER  7 2016......SUNRISE   756 AM EST   SUNSET   500 PM EST
DECEMBER  8 2016......SUNRISE   757 AM EST   SUNSET   500 PM EST


-  INDICATES NEGATIVE NUMBERS.
R  INDICATES RECORD WAS SET OR TIED.
MM INDICATES DATA IS MISSING.
T  INDICATES TRACE AMOUNT.




$$
