000
CDUS43 KDTX 220537
CLIMBS


CLIMATE REPORT
NATIONAL WEATHER SERVICE DETROIT/PONTIAC MI
137 AM EDT MON SEP 22 2014


...................................

...THE  TRI CITIES MI CLIMATE SUMMARY FOR SEPTEMBER 21 2014...

CLIMATE NORMAL PERIOD 1981 TO 2010
CLIMATE RECORD PERIOD 1898 TO 2014


WEATHER ITEM   OBSERVED TIME   NORMAL DEPARTURE
                VALUE   (LST)  VALUE  FROM
                                      NORMAL
...................................................
TEMPERATURE (F)
 YESTERDAY
  MAXIMUM         67    155 AM  70     -3
  MINIMUM         49   1159 PM  49      0
  AVERAGE         58            59     -1

PRECIPITATION (IN)
  YESTERDAY        1.29          0.14   1.15
  MONTH TO DATE    3.46          2.73   0.73
  SINCE SEP 1      3.46          2.73   0.73
  SINCE JAN 1     25.57         23.25   2.32

SNOWFALL (IN)
  YESTERDAY        0.0
  MONTH TO DATE    0.0
  SINCE SEP 1      0.0
  SINCE JUL 1      0.0
  SNOW DEPTH       0

DEGREE DAYS
 HEATING
  YESTERDAY        7                    0
  MONTH TO DATE  108                   25
  SINCE SEP 1    108                   25
  SINCE JUL 1    134                   11

 COOLING
  YESTERDAY        0                   -1
  MONTH TO DATE   52                   11
  SINCE SEP 1     52                   11
  SINCE JAN 1    537                   -8
...................................................


WIND (MPH)
  HIGHEST WIND SPEED    26   HIGHEST WIND DIRECTION     N (350)
  HIGHEST GUST SPEED    34   HIGHEST GUST DIRECTION     W (250)
  AVERAGE WIND SPEED    14.2




RELATIVE HUMIDITY (PERCENT)
 HIGHEST    93
 LOWEST     66
 AVERAGE    80

..........................................................


THE  TRI CITIES MI CLIMATE NORMALS FOR TODAY
                         NORMAL
 MAXIMUM TEMPERATURE (F)   70
 MINIMUM TEMPERATURE (F)   48


SUNRISE AND SUNSET
SEPTEMBER 22 2014.....SUNRISE   724 AM EDT   SUNSET   734 PM EDT
SEPTEMBER 23 2014.....SUNRISE   725 AM EDT   SUNSET   732 PM EDT


-  INDICATES NEGATIVE NUMBERS.
R  INDICATES RECORD WAS SET OR TIED.
MM INDICATES DATA IS MISSING.
T  INDICATES TRACE AMOUNT.




$$
