000
CDUS43 KDTX 230537
CLIMBS


CLIMATE REPORT
NATIONAL WEATHER SERVICE DETROIT/PONTIAC MI
136 AM EDT SAT MAY 23 2015


...................................

...THE TRI CITIES MI CLIMATE SUMMARY FOR MAY 22 2015...

CLIMATE NORMAL PERIOD 1981 TO 2010
CLIMATE RECORD PERIOD 1898 TO 2015


WEATHER ITEM   OBSERVED TIME   NORMAL DEPARTURE LAST
                VALUE   (LST)  VALUE  FROM      YEAR
                                      NORMAL
......................................................
TEMPERATURE (F)
 YESTERDAY
  MAXIMUM         66    524 PM  70     -4       73
  MINIMUM         42    411 AM  49     -7       51
  AVERAGE         54            59     -5

PRECIPITATION (IN)
  YESTERDAY        0.00          0.11  -0.11
  MONTH TO DATE    1.24          2.44  -1.20
  SINCE MAR 1      4.43          7.39  -2.96
  SINCE JAN 1      6.54         10.71  -4.17

SNOWFALL (IN)
  YESTERDAY        0.0
  MONTH TO DATE    0.0
  SINCE MAR 1      6.1
  SINCE JUL 1     38.0
  SNOW DEPTH       0

DEGREE DAYS
 HEATING
  YESTERDAY       11                    4
  MONTH TO DATE  136                  -85
  SINCE MAR 1   1676                  -86
  SINCE JUL 1   7037                  176

 COOLING
  YESTERDAY        0                   -1
  MONTH TO DATE   29                   15
  SINCE MAR 1     29                   11
  SINCE JAN 1     29                   11
......................................................


WIND (MPH)
  HIGHEST WIND SPEED    24   HIGHEST WIND DIRECTION    NW (330)
  HIGHEST GUST SPEED    30   HIGHEST GUST DIRECTION    NW (330)
  AVERAGE WIND SPEED     9.1



WEATHER CONDITIONS
 THE FOLLOWING WEATHER WAS RECORDED YESTERDAY.
  NO SIGNIFICANT WEATHER WAS OBSERVED.


RELATIVE HUMIDITY (PERCENT)
 HIGHEST    61
 LOWEST     19
 AVERAGE    40

..........................................................


THE TRI CITIES MI CLIMATE NORMALS FOR TODAY
                         NORMAL
 MAXIMUM TEMPERATURE (F)   70
 MINIMUM TEMPERATURE (F)   49


SUNRISE AND SUNSET
MAY 23 2015...........SUNRISE   604 AM EDT   SUNSET   902 PM EDT
MAY 24 2015...........SUNRISE   604 AM EDT   SUNSET   903 PM EDT


-  INDICATES NEGATIVE NUMBERS.
R  INDICATES RECORD WAS SET OR TIED.
MM INDICATES DATA IS MISSING.
T  INDICATES TRACE AMOUNT.




$$
