000
CDUS43 KDTX 050535
CLIMBS


CLIMATE REPORT
NATIONAL WEATHER SERVICE DETROIT/PONTIAC MI
135 AM EDT SUN JUL 5 2015


...................................

...THE TRI CITIES MI CLIMATE SUMMARY FOR JULY 4 2015...

CLIMATE NORMAL PERIOD 1981 TO 2010
CLIMATE RECORD PERIOD 1898 TO 2015


WEATHER ITEM   OBSERVED TIME   NORMAL DEPARTURE LAST
                VALUE   (LST)  VALUE  FROM      YEAR
                                      NORMAL
......................................................
TEMPERATURE (F)
 YESTERDAY
  MAXIMUM         83    307 PM  82      1       78
  MINIMUM         56    538 AM  60     -4       50
  AVERAGE         70            71     -1

PRECIPITATION (IN)
  YESTERDAY        0.00          0.09  -0.09
  MONTH TO DATE    0.00          0.36  -0.36
  SINCE JUN 1      4.08          3.34   0.74
  SINCE JAN 1     12.72         14.99  -2.27

SNOWFALL (IN)
  YESTERDAY        0.0
  MONTH TO DATE    0.0
  SINCE JUN 1      0.0
  SINCE JUL 1      0.0
  SNOW DEPTH       0

DEGREE DAYS
 HEATING
  YESTERDAY        0                    0
  MONTH TO DATE    3                    1
  SINCE JUN 1     43                  -18
  SINCE JUL 1      3                    1

 COOLING
  YESTERDAY        5                   -1
  MONTH TO DATE    5                  -19
  SINCE JUN 1    123                  -25
  SINCE JAN 1    187                    3
......................................................


WIND (MPH)
  HIGHEST WIND SPEED    13   HIGHEST WIND DIRECTION     W (260)
  HIGHEST GUST SPEED    17   HIGHEST GUST DIRECTION     W (250)
  AVERAGE WIND SPEED     6.4



WEATHER CONDITIONS
 THE FOLLOWING WEATHER WAS RECORDED YESTERDAY.
  NO SIGNIFICANT WEATHER WAS OBSERVED.


RELATIVE HUMIDITY (PERCENT)
 HIGHEST    80
 LOWEST     39
 AVERAGE    60

..........................................................


THE TRI CITIES MI CLIMATE NORMALS FOR TODAY
                         NORMAL
 MAXIMUM TEMPERATURE (F)   82
 MINIMUM TEMPERATURE (F)   60


SUNRISE AND SUNSET
JULY  5 2015..........SUNRISE   601 AM EDT   SUNSET   920 PM EDT
JULY  6 2015..........SUNRISE   602 AM EDT   SUNSET   920 PM EDT


-  INDICATES NEGATIVE NUMBERS.
R  INDICATES RECORD WAS SET OR TIED.
MM INDICATES DATA IS MISSING.
T  INDICATES TRACE AMOUNT.




$$
