652
CDUS43 KDTX 090538
CLIMBS


CLIMATE REPORT
NATIONAL WEATHER SERVICE DETROIT/PONTIAC MI
1238 AM EST TUE FEB 9 2016


...................................

...THE TRI CITIES MI CLIMATE SUMMARY FOR FEBRUARY 8 2016...

CLIMATE NORMAL PERIOD 1981 TO 2010
CLIMATE RECORD PERIOD 1898 TO 2016


WEATHER ITEM   OBSERVED TIME   NORMAL DEPARTURE LAST
                VALUE   (LST)  VALUE  FROM      YEAR
                                      NORMAL
......................................................
TEMPERATURE (F)
 YESTERDAY
  MAXIMUM         42    446 PM  30     12       32
  MINIMUM         32    718 AM  16     16       20
  AVERAGE         37            23     14

PRECIPITATION (IN)
  YESTERDAY        0.02          0.05  -0.03
  MONTH TO DATE    0.62          0.36   0.26
  SINCE DEC 1      5.76          3.93   1.83
  SINCE JAN 1      2.66          2.07   0.59

SNOWFALL (IN)
  YESTERDAY        T
  MONTH TO DATE    0.3
  SINCE DEC 1     12.6
  SINCE JUL 1     16.1
  SNOW DEPTH       0

DEGREE DAYS
 HEATING
  YESTERDAY       28                  -14
  MONTH TO DATE  245                  -95
  SINCE DEC 1   2219                 -613
  SINCE JUL 1   3230                -1075

 COOLING
  YESTERDAY        0                    0
  MONTH TO DATE    0                    0
  SINCE DEC 1      0                    0
  SINCE JAN 1      0                    0
......................................................


WIND (MPH)
  HIGHEST WIND SPEED    13   HIGHEST WIND DIRECTION    NW (320)
  HIGHEST GUST SPEED    16   HIGHEST GUST DIRECTION     W (280)
  AVERAGE WIND SPEED     6.5



WEATHER CONDITIONS
 THE FOLLOWING WEATHER WAS RECORDED YESTERDAY.
  LIGHT SNOW
  FOG
  HAZE


RELATIVE HUMIDITY (PERCENT)
 HIGHEST    89
 LOWEST     57
 AVERAGE    73

..........................................................


THE TRI CITIES MI CLIMATE NORMALS FOR TODAY
                         NORMAL
 MAXIMUM TEMPERATURE (F)   30
 MINIMUM TEMPERATURE (F)   16


SUNRISE AND SUNSET
FEBRUARY  9 2016......SUNRISE   744 AM EST   SUNSET   558 PM EST
FEBRUARY 10 2016......SUNRISE   742 AM EST   SUNSET   559 PM EST


-  INDICATES NEGATIVE NUMBERS.
R  INDICATES RECORD WAS SET OR TIED.
MM INDICATES DATA IS MISSING.
T  INDICATES TRACE AMOUNT.




$$
