000
CDUS43 KDTX 020539
CLIMBS


CLIMATE REPORT
NATIONAL WEATHER SERVICE DETROIT/PONTIAC MI
138 AM EDT MON MAY 2 2016


...................................

...THE TRI CITIES MI CLIMATE SUMMARY FOR MAY 1 2016...

CLIMATE NORMAL PERIOD 1981 TO 2010
CLIMATE RECORD PERIOD 1898 TO 2016


WEATHER ITEM   OBSERVED TIME   NORMAL DEPARTURE LAST
                VALUE   (LST)  VALUE  FROM      YEAR
                                      NORMAL
......................................................
TEMPERATURE (F)
 YESTERDAY
  MAXIMUM         51    417 PM  63    -12       72
  MINIMUM         44   1115 PM  41      3       42
  AVERAGE         48            52     -4

PRECIPITATION (IN)
  YESTERDAY        0.11          0.10   0.01
  MONTH TO DATE    0.11          0.10   0.01
  SINCE MAR 1      5.92          5.05   0.87
  SINCE JAN 1      9.84          8.37   1.47

SNOWFALL (IN)
  YESTERDAY        0.0
  MONTH TO DATE    0.0
  SINCE MAR 1     16.5
  SINCE JUL 1     50.2
  SNOW DEPTH       0

DEGREE DAYS
 HEATING
  YESTERDAY       17                    4
  MONTH TO DATE   17                    4
  SINCE MAR 1   1437                 -117
  SINCE JUL 1   5450                -1203

 COOLING
  YESTERDAY        0                    0
  MONTH TO DATE    0                    0
  SINCE MAR 1      1                   -3
  SINCE JAN 1      1                   -3
......................................................


WIND (MPH)
  HIGHEST WIND SPEED    24   HIGHEST WIND DIRECTION    NE (50)
  HIGHEST GUST SPEED    30   HIGHEST GUST DIRECTION    NE (60)
  AVERAGE WIND SPEED    13.9



WEATHER CONDITIONS
 THE FOLLOWING WEATHER WAS RECORDED YESTERDAY.
  LIGHT RAIN
  FOG


RELATIVE HUMIDITY (PERCENT)
 HIGHEST    92
 LOWEST     66
 AVERAGE    79

..........................................................


THE TRI CITIES MI CLIMATE NORMALS FOR TODAY
                         NORMAL
 MAXIMUM TEMPERATURE (F)   63
 MINIMUM TEMPERATURE (F)   42


SUNRISE AND SUNSET
MAY  2 2016...........SUNRISE   627 AM EDT   SUNSET   840 PM EDT
MAY  3 2016...........SUNRISE   626 AM EDT   SUNSET   841 PM EDT


-  INDICATES NEGATIVE NUMBERS.
R  INDICATES RECORD WAS SET OR TIED.
MM INDICATES DATA IS MISSING.
T  INDICATES TRACE AMOUNT.




$$
