000
CDUS46 KHNX 190826
CLIMCE


CLIMATE REPORT
NATIONAL WEATHER SERVICE SAN JOAQUIN VALLEY, CA
126 AM PDT SAT APR 19 2014


...................................

...THE MERCED  CA CLIMATE SUMMARY FOR APRIL 18 2014...

CLIMATE NORMAL PERIOD 1981 TO 2010
CLIMATE RECORD PERIOD 1998 TO 2014


WEATHER ITEM   OBSERVED TIME   RECORD YEAR NORMAL DEPARTURE
                VALUE   (LST)  VALUE       VALUE  FROM
                                                  NORMAL
...............................................................
TEMPERATURE (F)
 YESTERDAY
  MAXIMUM         83    359 PM  87    2008  74      9
  MINIMUM         57   1153 PM  36    2002  45     12
  AVERAGE         70                        60     10

PRECIPITATION (IN)
  YESTERDAY        0.00          0.06 2001   0.03  -0.03
  MONTH TO DATE    0.29                      0.59  -0.30
  SINCE JUL 1      4.67                     11.43  -6.76
  SINCE JAN 1      3.66                      7.61  -3.95

SNOWFALL (IN)
  YESTERDAY        0.0
  MONTH TO DATE    0.0
  SINCE MAR 1      0.0
  SINCE JUL 1      0.0
  SNOW DEPTH       0

DEGREE DAYS
 HEATING
  YESTERDAY        0
  MONTH TO DATE   60
  SINCE MAR 1    219
  SINCE JUL 1   2088

 COOLING
  YESTERDAY        5
  MONTH TO DATE   45
  SINCE MAR 1     45
  SINCE JAN 1     45
...............................................................


WIND (MPH)
  HIGHEST WIND SPEED    18   HIGHEST WIND DIRECTION    NW (320)
  HIGHEST GUST SPEED    23   HIGHEST GUST DIRECTION    NW (320)
  AVERAGE WIND SPEED     9.8




RELATIVE HUMIDITY (PERCENT)
 HIGHEST    67
 LOWEST     28
 AVERAGE    48

..........................................................


THE MERCED  CA CLIMATE NORMALS FOR TODAY
                         NORMAL    RECORD    YEAR
 MAXIMUM TEMPERATURE (F)   74        92      2009
 MINIMUM TEMPERATURE (F)   46        35      2007


SUNRISE AND SUNSET
APRIL 19 2014.........SUNRISE   622 AM PDT   SUNSET   741 PM PDT
APRIL 20 2014.........SUNRISE   621 AM PDT   SUNSET   742 PM PDT


-  INDICATES NEGATIVE NUMBERS.
R  INDICATES RECORD WAS SET OR TIED.
MM INDICATES DATA IS MISSING.
T  INDICATES TRACE AMOUNT.




$$
