000
CDUS46 KHNX 250820
CLIMCE


CLIMATE REPORT
NATIONAL WEATHER SERVICE SAN JOAQUIN VALLEY, CA
120 AM PDT MON MAY 25 2015


...................................

...THE MERCED  CA CLIMATE SUMMARY FOR MAY 24 2015...

CLIMATE NORMAL PERIOD 1981 TO 2010
CLIMATE RECORD PERIOD 1998 TO 2015


WEATHER ITEM   OBSERVED TIME   RECORD YEAR NORMAL DEPARTURE
                VALUE   (LST)  VALUE       VALUE  FROM
                                                  NORMAL
...............................................................
TEMPERATURE (F)
 YESTERDAY
  MAXIMUM         83    506 PM  97    2001  84     -1
  MINIMUM         52    513 AM  46    2011  53     -1
  AVERAGE         68                        69     -1

PRECIPITATION (IN)
  YESTERDAY        0.00          T    2008   0.01  -0.01
  MONTH TO DATE    0.74                      0.52   0.22
  SINCE OCT 1      7.84                     12.00  -4.16
  SINCE JAN 1      3.09                      8.49  -5.40

SNOWFALL (IN)
  YESTERDAY        0.0
  MONTH TO DATE    0.0
  SINCE MAR 1      0.0
  SINCE JUL 1      0.0
  SNOW DEPTH       0

DEGREE DAYS
 HEATING
  YESTERDAY        0
  MONTH TO DATE   50
  SINCE MAR 1    309
  SINCE JUL 1   1773

 COOLING
  YESTERDAY        3
  MONTH TO DATE   30
  SINCE MAR 1     74
  SINCE JAN 1     74
...............................................................


WIND (MPH)
  HIGHEST WIND SPEED    14   HIGHEST WIND DIRECTION    NW (310)
  HIGHEST GUST SPEED    19   HIGHEST GUST DIRECTION    NW (320)
  AVERAGE WIND SPEED     5.7




RELATIVE HUMIDITY (PERCENT)
 HIGHEST    83
 LOWEST     33
 AVERAGE    58

..........................................................


THE MERCED  CA CLIMATE NORMALS FOR TODAY
                         NORMAL    RECORD    YEAR
 MAXIMUM TEMPERATURE (F)   84        98      2014
 MINIMUM TEMPERATURE (F)   53        46      2010


SUNRISE AND SUNSET
MAY 25 2015...........SUNRISE   547 AM PDT   SUNSET   812 PM PDT
MAY 26 2015...........SUNRISE   546 AM PDT   SUNSET   813 PM PDT


-  INDICATES NEGATIVE NUMBERS.
R  INDICATES RECORD WAS SET OR TIED.
MM INDICATES DATA IS MISSING.
T  INDICATES TRACE AMOUNT.




$$
