000
CDUS46 KHNX 310826
CLIMCE


CLIMATE REPORT
NATIONAL WEATHER SERVICE SAN JOAQUIN VALLEY, CA
125 AM PDT TUE MAY 31 2016


...................................

...THE MERCED  CA CLIMATE SUMMARY FOR MAY 30 2016...

CLIMATE NORMAL PERIOD 1981 TO 2010
CLIMATE RECORD PERIOD 1998 TO 2016


WEATHER ITEM   OBSERVED TIME   RECORD YEAR NORMAL DEPARTURE
                VALUE   (LST)  VALUE       VALUE  FROM
                                                  NORMAL
...............................................................
TEMPERATURE (F)
 YESTERDAY
  MAXIMUM         95    304 PM  99    2002  85     10
  MINIMUM         59    500 AM  48    2011  54      5
                                      2000
  AVERAGE         77                        70      7

PRECIPITATION (IN)
  YESTERDAY        0.00          0.00   MM   0.00   0.00
  MONTH TO DATE    0.11                      0.57  -0.46
  SINCE OCT 1     14.66                     12.05   2.61
  SINCE JAN 1     10.94                      8.54   2.40

SNOWFALL (IN)
  YESTERDAY        0.0
  MONTH TO DATE    0.0
  SINCE MAR 1      0.0
  SINCE JUL 1      0.0
  SNOW DEPTH       0

DEGREE DAYS
 HEATING
  YESTERDAY        0
  MONTH TO DATE   30
  SINCE MAR 1    369
  SINCE JUL 1   2266

 COOLING
  YESTERDAY       12
  MONTH TO DATE  127
  SINCE MAR 1    156
  SINCE JAN 1    156
...............................................................


WIND (MPH)
  HIGHEST WIND SPEED    17   HIGHEST WIND DIRECTION    NW (330)
  HIGHEST GUST SPEED    27   HIGHEST GUST DIRECTION     W (290)
  AVERAGE WIND SPEED     7.7




RELATIVE HUMIDITY (PERCENT)
 HIGHEST    75
 LOWEST     19
 AVERAGE    47

..........................................................


THE MERCED  CA CLIMATE NORMALS FOR TODAY
                         NORMAL    RECORD    YEAR
 MAXIMUM TEMPERATURE (F)   86       105      2001
 MINIMUM TEMPERATURE (F)   55        48      2011


SUNRISE AND SUNSET
MAY 31 2016...........SUNRISE   544 AM PDT   SUNSET   817 PM PDT
JUNE  1 2016..........SUNRISE   543 AM PDT   SUNSET   818 PM PDT


-  INDICATES NEGATIVE NUMBERS.
R  INDICATES RECORD WAS SET OR TIED.
MM INDICATES DATA IS MISSING.
T  INDICATES TRACE AMOUNT.




$$
