000
CDUS46 KHNX 261038
CLIMCE


CLIMATE REPORT
NATIONAL WEATHER SERVICE SAN JOAQUIN VALLEY, CA
128 AM PDT SAT JUL 26 2014


...................................

...THE MERCED  CA CLIMATE SUMMARY FOR JULY 25 2014...

CLIMATE NORMAL PERIOD 1981 TO 2010
CLIMATE RECORD PERIOD 1998 TO 2014


WEATHER ITEM   OBSERVED TIME   RECORD YEAR NORMAL DEPARTURE
                VALUE   (LST)  VALUE       VALUE  FROM
                                                  NORMAL
...............................................................
TEMPERATURE (F)
 YESTERDAY
  MAXIMUM        103    329 PM 109    2006  95      8
  MINIMUM         65    452 AM  55    1999  61      4
  AVERAGE         84                        78      6

PRECIPITATION (IN)
  YESTERDAY        0.00          T    2010   0.00   0.00
  MONTH TO DATE    T                         0.00   0.00
  SINCE JUL 1      T                         0.00   0.00
  SINCE JAN 1      3.96                      8.68  -4.72

SNOWFALL (IN)
  YESTERDAY        0.0
  MONTH TO DATE    0.0
  SINCE JUN 1      0.0
  SINCE JUL 1      0.0
  SNOW DEPTH       0

DEGREE DAYS
 HEATING
  YESTERDAY        0
  MONTH TO DATE    0
  SINCE JUN 1      0
  SINCE JUL 1      0

 COOLING
  YESTERDAY       19
  MONTH TO DATE  424
  SINCE JUN 1    777
  SINCE JAN 1   1040
...............................................................


WIND (MPH)
  HIGHEST WIND SPEED    14   HIGHEST WIND DIRECTION    NW (320)
  HIGHEST GUST SPEED    17   HIGHEST GUST DIRECTION    NW (320)
  AVERAGE WIND SPEED     6.6




RELATIVE HUMIDITY (PERCENT)
 HIGHEST    68
 LOWEST     14
 AVERAGE    41

..........................................................


THE MERCED  CA CLIMATE NORMALS FOR TODAY
                         NORMAL    RECORD    YEAR
 MAXIMUM TEMPERATURE (F)   95       107      2006
 MINIMUM TEMPERATURE (F)   61        58      2007


SUNRISE AND SUNSET
JULY 26 2014..........SUNRISE   602 AM PDT   SUNSET   815 PM PDT
JULY 27 2014..........SUNRISE   603 AM PDT   SUNSET   814 PM PDT


-  INDICATES NEGATIVE NUMBERS.
R  INDICATES RECORD WAS SET OR TIED.
MM INDICATES DATA IS MISSING.
T  INDICATES TRACE AMOUNT.




$$
