115
CDUS46 KHNX 170855
CLIMCE


CLIMATE REPORT
NATIONAL WEATHER SERVICE SAN JOAQUIN VALLEY, CA
1255 AM PST WED JAN 17 2018


...................................

...THE MERCED  CA CLIMATE SUMMARY FOR JANUARY 16 2018...

CLIMATE NORMAL PERIOD 1981 TO 2010
CLIMATE RECORD PERIOD 1998 TO 2018


WEATHER ITEM   OBSERVED TIME   RECORD YEAR NORMAL DEPARTURE
                VALUE   (LST)  VALUE       VALUE  FROM
                                                  NORMAL
...............................................................
TEMPERATURE (F)
 YESTERDAY
  MAXIMUM         57    127 PM  68    2014  53      4
  MINIMUM         47    851 AM  21    2007  37     10
  AVERAGE         52                        45      7

PRECIPITATION (IN)
  YESTERDAY        0.00          0.09 2016   0.08  -0.08
  MONTH TO DATE    0.88                      1.65  -0.77
  SINCE OCT 1      1.99                      5.16  -3.17
  SINCE JAN 1      0.88                      1.65  -0.77

SNOWFALL (IN)
  YESTERDAY        0.0
  MONTH TO DATE    0.0
  SINCE DEC 1      0.0
  SINCE JUL 1      0.0
  SNOW DEPTH       0

DEGREE DAYS
 HEATING
  YESTERDAY       13
  MONTH TO DATE  203
  SINCE DEC 1    756
  SINCE JUL 1   1110

 COOLING
  YESTERDAY        0
  MONTH TO DATE    0
  SINCE DEC 1      0
  SINCE JAN 1      0
...............................................................


WIND (MPH)
  HIGHEST WIND SPEED    12   HIGHEST WIND DIRECTION     W (260)
  HIGHEST GUST SPEED    15   HIGHEST GUST DIRECTION     W (270)
  AVERAGE WIND SPEED     4.2




RELATIVE HUMIDITY (PERCENT)
 HIGHEST   100
 LOWEST     83
 AVERAGE    92

..........................................................


THE MERCED  CA CLIMATE NORMALS FOR TODAY
                         NORMAL    RECORD    YEAR
 MAXIMUM TEMPERATURE (F)   53        68      2014
 MINIMUM TEMPERATURE (F)   37        21      2012


SUNRISE AND SUNSET
JANUARY 17 2018.......SUNRISE   715 AM PST   SUNSET   511 PM PST
JANUARY 18 2018.......SUNRISE   714 AM PST   SUNSET   512 PM PST


-  INDICATES NEGATIVE NUMBERS.
R  INDICATES RECORD WAS SET OR TIED.
MM INDICATES DATA IS MISSING.
T  INDICATES TRACE AMOUNT.




$$
