000
CDAK49 PAMC 021112
CLIMCG

CLIMATE REPORT
NATIONAL WEATHER SERVICE MCGRATH, AK
312 AM AKDT SUN AUG 2 2015

...................................
...THE MCGRATH AIRPORT CLIMATE SUMMARY FOR AUGUST 1 2015...

CLIMATE NORMAL PERIOD  1981 TO  2010
CLIMATE RECORD PERIOD  1940 TO  2015

WEATHER ITEM   OBSERVED TIME    RECORD YEAR NORMAL DEPARTURE LAST
               VALUE    (LST)   VALUE       VALUE  FROM      YEAR
                                                   NORMAL
...................................................................
TEMPERATURE
YESTERDAY
 MAXIMUM            68  0405 PM    82  1962     66       2     61
 MINIMUM            49  0604 AM    37  2005     49       0     56
 AVERAGE            59                          58       1     59

PRECIPITATION
(INCHES)
 YESTERDAY        0.00           0.74  1953   0.09   -0.09   0.26
 MONTH TO DATE    0.00                        0.09   -0.09   0.26
 SINCE JUN 1      4.94                        3.99    0.95   4.36
 SINCE JAN 1      6.28                        8.66   -2.38   7.09

SNOWFALL
(INCHES)
 YESTERDAY         0.0            0.0  2015    0.0     0.0    0.0
 MONTH TO DATE     0.0                         0.0     0.0    0.0
 SINCE JUN 1       0.0                         0.0     0.0    0.0
 SINCE JUL 1       0.0                         0.0     0.0    0.0
 SNOW DEPTH (IN)     0                                          0

DEGREE DAYS
 HEATING
  YESTERDAY          6                           7      -1      6
  MONTH TO DATE      6                           7      -1      6
  SINCE JUN 1      969                         413     556    498
  SINCE JUL 1      776                         179     597    193

 COOLING
  YESTERDAY          0                           0       0      0
  MONTH TO DATE      0                           0       0      0
  SINCE JUN 1       26                          16      10     11
  SINCE JAN 1       MM                          16      MM     11
...................................................................

WIND (MPH)
 HIGHEST WIND SPEED    13     HIGHEST WIND DIRECTION    310
 HIGHEST GUST SPEED    16     HIGHEST GUST DIRECTION    320
 AVERAGE WIND SPEED   5.7

WEATHER CONDITIONS
 THE FOLLOWING WEATHER WAS RECORDED YESTERDAY.
  NO SIGNIFICANT WEATHER WAS OBSERVED.
...................................................................

THE MCGRATH CLIMATE NORMALS FOR TODAY
                           NORMAL    RECORD   YEAR
 MAXIMUM TEMPERATURE (F)     66        85     2002
 MINIMUM TEMPERATURE (F)     49        36     1973

SUNRISE AND SUNSET
 AUG 2 2015..........SUNRISE  5:44 AM      SUNSET 11:13 PM
 AUG 3 2015..........SUNRISE  5:47 AM      SUNSET 11:09 PM

-  INDICATES NEGATIVE NUMBERS.
R  INDICATES RECORD HAS BEEN SET OR TIED.
MM INDICATES DATA IS MISSING.
T  INDICATES TRACE OF PRECIPITATION.

&&
-------------------------------------------------------------------

AMOUNT OF DAYLIGHT TODAY  (HOUR:MIN)........17 HOURS 29 MINUTES
LOSS SINCE YESTERDAY (HOUR:MIN:SEC).........-0:05:56

$$
CRG AUG 15
