000
CDAK49 PAMC 302219
CLIMCG

CLIMATE REPORT
NATIONAL WEATHER SERVICE MCGRATH, AK
219 PM AKDT SAT MAY 30 2015

...................................
...THE MCGRATH AIRPORT CLIMATE SUMMARY FOR MAY 30 2015...
VALID TODAY AS OF 2:00 PM LOCAL TIME

CLIMATE NORMAL PERIOD  1981 TO  2010
CLIMATE RECORD PERIOD  1940 TO  2015

WEATHER ITEM   OBSERVED TIME    RECORD YEAR NORMAL DEPARTURE LAST
               VALUE    (LST)   VALUE       VALUE  FROM      YEAR
                                                   NORMAL
...................................................................
TEMPERATURE
TODAY
 MAXIMUM            75  1259 PM    85  2013     63      12     60
 MINIMUM            43  0516 AM    30  1964     41       2     49
 AVERAGE            59                          52       7     55

PRECIPITATION
(INCHES)
 TODAY            0.00           0.57  1988   0.05   -0.05   0.04
 MONTH TO DATE    0.38                        1.05   -0.67   0.92
 SINCE MAR 1      0.90                        2.60   -1.70   1.04
 SINCE JAN 1      1.34                        4.63   -3.29   2.73

SNOWFALL
(INCHES)
 TODAY             0.0              T  1976    0.0     0.0    0.0
 MONTH TO DATE     0.0                         0.9    -0.9      T
 SINCE MAR 1       8.5                        17.3    -8.8    1.1
 SINCE JUL 1      41.6                        97.3   -55.7   47.1
 SNOW DEPTH (IN)     0                                          0

DEGREE DAYS
 HEATING
  TODAY              6                          13      -7     10
  MONTH TO DATE    393                         554    -161    469
  SINCE MAR 1     2727                        3270    -543   3050
  SINCE JUL 1    11793                       13508   -1715  11877

 COOLING
  TODAY              0                           0       0      0
  MONTH TO DATE      0                           0       0      0
  SINCE MAR 1        0                           0       0      0
  SINCE JAN 1        0                           0       0      0
...................................................................

WIND (MPH)
 HIGHEST WIND SPEED    10     HIGHEST WIND DIRECTION     50
 HIGHEST GUST SPEED    13     HIGHEST GUST DIRECTION    330

WEATHER CONDITIONS
 THE FOLLOWING WEATHER WAS RECORDED TODAY.
 NO SIGNIFICANT WEATHER WAS OBSERVED.
...................................................................

THE MCGRATH CLIMATE NORMALS FOR TOMORROW
                        NORMAL    RECORD   YEAR
 MAXIMUM TEMPERATURE      63        85     2013
 MINIMUM TEMPERATURE      42        31     1945

SUNRISE AND SUNSET
 MAY 30 2015..........SUNRISE  4:41 AM      SUNSET 12:02 AM
 MAY 31 2015..........SUNRISE  4:39 AM      SUNSET 12:04 AM

-  INDICATES NEGATIVE NUMBERS.
R  INDICATES RECORD HAS BEEN SET OR TIED.
MM INDICATES DATA IS MISSING.
T  INDICATES TRACE OF PRECIPITATION.

&&
-------------------------------------------------------------------

AMOUNT OF DAYLIGHT TODAY  (HOUR:MIN)........19 HOURS 21 MINUTES
GAIN SINCE YESTERDAY (HOUR:MIN:SEC)....+0:03:30

$$
ADJ MAY 15
