979
CDAK49 PAFG 260955
CLIMCG

CLIMATE REPORT
NATIONAL WEATHER SERVICE FAIRBANKS AK
155 AM AKDT WED APR 26 2017


...................................

...THE MCGRATH AK CLIMATE SUMMARY FOR APRIL 25 2017...

CLIMATE NORMAL PERIOD 1981 TO 2010
CLIMATE RECORD PERIOD 1946 TO 2017


WEATHER ITEM   OBSERVED TIME   RECORD YEAR NORMAL DEPARTURE LAST
                VALUE   (LST)  VALUE       VALUE  FROM      YEAR
                                                  NORMAL
..................................................................
TEMPERATURE (F)
 YESTERDAY
  MAXIMUM         53    559 PM  61    1997  47      6       60
  MINIMUM         34    608 AM  -5    1955  26      8       36
  AVERAGE         44                        37      7       48

PRECIPITATION (IN)
  YESTERDAY        0.04          0.50 1995   0.02   0.02     0.00
  MONTH TO DATE    0.15                      0.60  -0.45     0.37
  SINCE MAR 1      0.15                      1.41  -1.26     1.38
  SINCE JAN 1      1.35                      3.44  -2.09     1.44

SNOWFALL (IN)
  YESTERDAY        0.0           1.6  1961   0.1   -0.1      0.0
  MONTH TO DATE    2.6                       4.6   -2.0      0.0
  SINCE MAR 1      2.6                      15.9  -13.3      0.0
  SINCE JUL 1     51.3                      95.9  -44.6      0.0
  SNOW DEPTH       0

DEGREE DAYS
 HEATING
  YESTERDAY       21                        29     -8       17
  MONTH TO DATE  735                       927   -192      677
  SINCE MAR 1   2658                      2582     76     2150
  SINCE JUL 1  12416                     12814   -398     3118

 COOLING
  YESTERDAY        0                         0      0        0
  MONTH TO DATE    0                         0      0        0
  SINCE MAR 1      0                         0      0        0
  SINCE JAN 1      0                         0      0        0
..................................................................


WIND (MPH)
  HIGHEST GUST SPEED    24   HIGHEST GUST DIRECTION     S (190)


SKY COVER
  AVERAGE SKY COVER 0.4


WEATHER CONDITIONS
 THE FOLLOWING WEATHER WAS RECORDED YESTERDAY.
  LIGHT RAIN
  HAZE


RELATIVE HUMIDITY (PERCENT)
 HIGHEST    92
 LOWEST     45
 AVERAGE    69

..........................................................


THE MCGRATH AK CLIMATE NORMALS FOR TODAY
                         NORMAL    RECORD    YEAR
 MAXIMUM TEMPERATURE (F)   48        63      2016
 MINIMUM TEMPERATURE (F)   27         3      1955


SUNRISE AND SUNSET
APRIL 26 2017.........SUNRISE   618 AM AKDT  SUNSET  1025 PM AKDT
APRIL 27 2017.........SUNRISE   615 AM AKDT  SUNSET  1028 PM AKDT

-  INDICATES NEGATIVE NUMBERS.
R  INDICATES RECORD WAS SET OR TIED.
MM INDICATES DATA IS MISSING.
T  INDICATES TRACE AMOUNT.

&&

SNOW DEPTH IS MEASURED AT 3AM AKST/4AM AKDT.

----------------------------
AVAILABLE DAYLIGHT

AMOUNT OF DAYLIGHT TODAY  (HOUR:MIN)........16:08
GAIN/LOSS SINCE YESTERDAY (HOUR:MIN:SEC)....+0:06:12

$$
SDB APR 17
