000
CDAK49 PAMC 301148
CLIMCG

CLIMATE REPORT
NATIONAL WEATHER SERVICE MCGRATH, AK
348 AM AKDT TUE SEP 30 2014

...................................
...THE MCGRATH AIRPORT CLIMATE SUMMARY FOR SEPTEMBER 29 2014...

CLIMATE NORMAL PERIOD  1981 TO  2010
CLIMATE RECORD PERIOD  1940 TO  2014

WEATHER ITEM   OBSERVED TIME    RECORD YEAR NORMAL DEPARTURE LAST
               VALUE    (LST)   VALUE       VALUE  FROM      YEAR
                                                   NORMAL
...................................................................
TEMPERATURE
YESTERDAY
 MAXIMUM            45  0534 PM    65  1959     45       0     36
 MINIMUM            35  1159 PM    13  1992     30       5     31
 AVERAGE            40                          38       2     34

PRECIPITATION
(INCHES)
 YESTERDAY           T           0.97  1954   0.08   -0.08      T
 MONTH TO DATE    0.92                        2.42   -1.50   4.15
 SINCE SEP 1      0.92                        2.42   -1.50   4.15
 SINCE JAN 1      9.49                       13.79   -4.30  13.38

SNOWFALL
(INCHES)
 YESTERDAY         0.0            2.4  1972    0.2    -0.2      T
 MONTH TO DATE     0.0                         1.4    -1.4    0.7
 SINCE SEP 1       0.0                         1.4    -1.4    0.7
 SINCE JUL 1       0.0                         1.4    -1.4    0.7
 SNOW DEPTH (IN)     0                                          0

DEGREE DAYS
 HEATING
  YESTERDAY         25                          28      -3     31
  MONTH TO DATE    544                         585     -41    642
  SINCE SEP 1      544                         585     -41    642
  SINCE JUL 1      967                        1082    -115   1060

 COOLING
  YESTERDAY          0                           0       0      0
  MONTH TO DATE      0                           0       0      0
  SINCE SEP 1        0                           0       0      0
  SINCE JAN 1       11                          16      -5     78
...................................................................

WIND (MPH)
 HIGHEST WIND SPEED    16     HIGHEST WIND DIRECTION    310
 HIGHEST GUST SPEED    21     HIGHEST GUST DIRECTION    320
 AVERAGE WIND SPEED   7.1

WEATHER CONDITIONS
 THE FOLLOWING WEATHER WAS RECORDED YESTERDAY.
 RAIN


...................................................................

THE MCGRATH CLIMATE NORMALS FOR TODAY
                           NORMAL    RECORD   YEAR
 MAXIMUM TEMPERATURE (F)     44        58     1969
 MINIMUM TEMPERATURE (F)     29         6     1957

SUNRISE AND SUNSET
 SEP 30 2014..........SUNRISE  8:29 AM      SUNSET  7:55 PM
 OCT 1 2014..........SUNRISE  8:31 AM      SUNSET  7:52 PM

-  INDICATES NEGATIVE NUMBERS.
R  INDICATES RECORD HAS BEEN SET OR TIED.
MM INDICATES DATA IS MISSING.
T  INDICATES TRACE OF PRECIPITATION.

&&
-------------------------------------------------------------------

AMOUNT OF DAYLIGHT TODAY  (HOUR:MIN)........11 HOURS 26 MINUTES
LOSS SINCE YESTERDAY (HOUR:MIN:SEC)....-0:06:06

$$
JCD SEP 14
