327
CDAK49 PAFG 150946
CLIMCG

CLIMATE REPORT
NATIONAL WEATHER SERVICE FAIRBANKS AK
1246 AM AKST FRI DEC 15 2017


...................................

...THE MCGRATH AK CLIMATE SUMMARY FOR DECEMBER 14 2017...

CLIMATE NORMAL PERIOD 1981 TO 2010
CLIMATE RECORD PERIOD 1946 TO 2017


WEATHER ITEM   OBSERVED TIME   RECORD YEAR NORMAL DEPARTURE LAST
                VALUE   (LST)  VALUE       VALUE  FROM      YEAR
                                                  NORMAL
..................................................................
TEMPERATURE (F)
 YESTERDAY
  MAXIMUM         36        MM  37    1989   6     30        9
                                      1944
  MINIMUM         20        MM -59    1946 -11     31       -4
  AVERAGE         28                        -3     31        3

PRECIPITATION (IN)
  YESTERDAY        0.00          0.70 1971   0.05  -0.05      T
  MONTH TO DATE    0.79                      0.56   0.23      T
  SINCE DEC 1      0.79                      0.56   0.23      T
  SINCE JAN 1     17.64                     17.27   0.37    18.53

SNOWFALL (IN)
  YESTERDAY        0.0           8.0  1971   0.7   -0.7       T
  MONTH TO DATE    8.1                       9.0   -0.9      0.2
  SINCE DEC 1      8.1                       9.0   -0.9      0.2
  SINCE JUL 1     34.9                      40.0   -5.1      8.5
  SNOW DEPTH      14

DEGREE DAYS
 HEATING
  YESTERDAY       37                        68    -31       62
  MONTH TO DATE  604                       930   -326     1132
  SINCE DEC 1    604                       930   -326     1132
  SINCE JUL 1   4029                      5053  -1024     4878

 COOLING
  YESTERDAY        0                         0      0        0
  MONTH TO DATE    0                         0      0        0
  SINCE DEC 1      0                         0      0        0
  SINCE JAN 1     37                        20     17       29
..................................................................


WIND (MPH)
  HIGHEST GUST SPEED    MM   HIGHEST GUST DIRECTION    MM


SKY COVER
  AVERAGE SKY COVER 0.9


WEATHER CONDITIONS
 THE FOLLOWING WEATHER WAS RECORDED YESTERDAY.
  LIGHT RAIN
  FOG
  FOG W/VISIBILITY <= 1/4 MILE


RELATIVE HUMIDITY (PERCENT)
 HIGHEST    96
 LOWEST     82
 AVERAGE    89

..........................................................


THE MCGRATH AK CLIMATE NORMALS FOR TODAY
                         NORMAL    RECORD    YEAR
 MAXIMUM TEMPERATURE (F)    6        44      1944
 MINIMUM TEMPERATURE (F)  -12       -61      1946


SUNRISE AND SUNSET
DECEMBER 15 2017......SUNRISE  1054 AM AKST  SUNSET   342 PM AKST
DECEMBER 16 2017......SUNRISE  1055 AM AKST  SUNSET   342 PM AKST

-  INDICATES NEGATIVE NUMBERS.
R  INDICATES RECORD WAS SET OR TIED.
MM INDICATES DATA IS MISSING.
T  INDICATES TRACE AMOUNT.

&&

SNOW DEPTH IS MEASURED AT 3AM AKST/4AM AKDT.

----------------------------
AVAILABLE DAYLIGHT

AMOUNT OF DAYLIGHT TODAY  (HOUR:MIN)........4:48
GAIN/LOSS SINCE YESTERDAY (HOUR:MIN:SEC)....-0:01:31

$$
SDB DEC 17
