000
CDAK49 PAFG 210957
CLIMCG

CLIMATE REPORT
NATIONAL WEATHER SERVICE FAIRBANKS AK
1257 AM AKST SAT JAN 21 2017


...................................

...THE MCGRATH AK CLIMATE SUMMARY FOR JANUARY 20 2017...

CLIMATE NORMAL PERIOD 1981 TO 2010
CLIMATE RECORD PERIOD 1946 TO 2017


WEATHER ITEM   OBSERVED TIME   RECORD YEAR NORMAL DEPARTURE LAST
                VALUE   (LST)  VALUE       VALUE  FROM      YEAR
                                                  NORMAL
..................................................................
TEMPERATURE (F)
 YESTERDAY
  MAXIMUM         -9   1152 AM  46    1961   2    -11       MM
  MINIMUM        -24   1135 PM -59    1989 -16     -8       MM
  AVERAGE        -16                        -7     -9       MM

PRECIPITATION (IN)
  YESTERDAY        0.05          0.17 1953   0.04   0.01    MM
  MONTH TO DATE    0.41                      0.73  -0.32    MM
  SINCE DEC 1      1.38                      2.02  -0.64    MM
  SINCE JAN 1      0.41                      0.73  -0.32    MM

SNOWFALL (IN)
  YESTERDAY        2.8           2.9  1953   0.4    2.4     MM
  MONTH TO DATE   12.5                      10.4    2.1     MM
  SINCE DEC 1     26.4                      30.6   -4.2     MM
  SINCE JUL 1     34.7                      61.6  -26.9     MM
  SNOW DEPTH      19

DEGREE DAYS
 HEATING
  YESTERDAY       81                        72      9       MM
  MONTH TO DATE 1496                      1439     57       MM
  SINCE DEC 1   3518                      3553    -35       MM
  SINCE JUL 1   7264                      7676   -412       MM

 COOLING
  YESTERDAY        0                         0      0       MM
  MONTH TO DATE    0                         0      0       MM
  SINCE DEC 1      0                         0      0       MM
  SINCE JAN 1      0                         0      0       MM
..................................................................


WIND (MPH)
  HIGHEST GUST SPEED    13   HIGHEST GUST DIRECTION     N (360)


SKY COVER
  AVERAGE SKY COVER 0.9


WEATHER CONDITIONS
 THE FOLLOWING WEATHER WAS RECORDED YESTERDAY.
  LIGHT SNOW
  HAZE


RELATIVE HUMIDITY (PERCENT)
 HIGHEST    74
 LOWEST     57
 AVERAGE    66

..........................................................


THE MCGRATH AK CLIMATE NORMALS FOR TODAY
                         NORMAL    RECORD    YEAR
 MAXIMUM TEMPERATURE (F)    2        41      1961
 MINIMUM TEMPERATURE (F)  -15       -61      1973


SUNRISE AND SUNSET
JANUARY 21 2017.......SUNRISE  1022 AM AKST  SUNSET   447 PM AKST
JANUARY 22 2017.......SUNRISE  1020 AM AKST  SUNSET   450 PM AKST

-  INDICATES NEGATIVE NUMBERS.
R  INDICATES RECORD WAS SET OR TIED.
MM INDICATES DATA IS MISSING.
T  INDICATES TRACE AMOUNT.

&&

SNOW DEPTH IS MEASURED AT 3AM AKST/4AM AKDT.

----------------------------
AVAILABLE DAYLIGHT

AMOUNT OF DAYLIGHT TODAY  (HOUR:MIN)........6:25
GAIN/LOSS SINCE YESTERDAY (HOUR:MIN:SEC)....+0:05:21

$$
BJB JAN 17
