471
CDAK49 PAFG 270954
CLIMCG

CLIMATE REPORT
NATIONAL WEATHER SERVICE FAIRBANKS AK
1254 AM AKST MON FEB 27 2017


...................................

...THE MCGRATH AK CLIMATE SUMMARY FOR FEBRUARY 26 2017...

CLIMATE NORMAL PERIOD 1981 TO 2010
CLIMATE RECORD PERIOD 1946 TO 2017


WEATHER ITEM   OBSERVED TIME   RECORD YEAR NORMAL DEPARTURE LAST
                VALUE   (LST)  VALUE       VALUE  FROM      YEAR
                                                  NORMAL
..................................................................
TEMPERATURE (F)
 YESTERDAY
  MAXIMUM         34    448 PM  44    1991  18     16       35
  MINIMUM         29   1159 PM -47    1954  -7     36       10
  AVERAGE         32                         6     26       23

PRECIPITATION (IN)
  YESTERDAY        0.04          0.43 2012   0.04   0.00     0.00
  MONTH TO DATE    0.66                      0.88  -0.22     0.06
  SINCE DEC 1      2.17                      3.26  -1.09     0.06
  SINCE JAN 1      1.20                      1.97  -0.77     0.06

SNOWFALL (IN)
  YESTERDAY        0.4           4.1  1985   0.5   -0.1      0.0
  MONTH TO DATE   10.8                      12.2   -1.4      0.0
  SINCE DEC 1     39.4                      48.1   -8.7      0.0
  SINCE JUL 1     47.7                      79.1  -31.4      0.0
  SNOW DEPTH      14

DEGREE DAYS
 HEATING
  YESTERDAY       33                        60    -27       42
  MONTH TO DATE 1668                      1661      7      852
  SINCE DEC 1   5908                      5991    -83      852
  SINCE JUL 1   9654                     10114   -460      852

 COOLING
  YESTERDAY        0                         0      0        0
  MONTH TO DATE    0                         0      0        0
  SINCE DEC 1      0                         0      0        0
  SINCE JAN 1      0                         0      0        0
..................................................................


WIND (MPH)
  HIGHEST GUST SPEED    29   HIGHEST GUST DIRECTION     S (200)


SKY COVER
  AVERAGE SKY COVER 1.0


WEATHER CONDITIONS
 THE FOLLOWING WEATHER WAS RECORDED YESTERDAY.
  MIXED PRECIP
  LIGHT RAIN
  SNOW
  LIGHT SNOW
  FOG
  HAZE


RELATIVE HUMIDITY (PERCENT)
 HIGHEST    82
 LOWEST     61
 AVERAGE    72

..........................................................


THE MCGRATH AK CLIMATE NORMALS FOR TODAY
                         NORMAL    RECORD    YEAR
 MAXIMUM TEMPERATURE (F)   18        43      2016
                                             1969
                                             1943
 MINIMUM TEMPERATURE (F)   -7       -43      1986
                                             1956


SUNRISE AND SUNSET
FEBRUARY 27 2017......SUNRISE   832 AM AKST  SUNSET   640 PM AKST
FEBRUARY 28 2017......SUNRISE   829 AM AKST  SUNSET   643 PM AKST

-  INDICATES NEGATIVE NUMBERS.
R  INDICATES RECORD WAS SET OR TIED.
MM INDICATES DATA IS MISSING.
T  INDICATES TRACE AMOUNT.

&&

SNOW DEPTH IS MEASURED AT 3AM AKST/4AM AKDT.

----------------------------
AVAILABLE DAYLIGHT

AMOUNT OF DAYLIGHT TODAY  (HOUR:MIN)........10:08
GAIN/LOSS SINCE YESTERDAY (HOUR:MIN:SEC)....+0:06:12

$$
CCC FEB 17
