000
CDAK49 PAMC 210938
CLIMCG

CLIMATE REPORT
NATIONAL WEATHER SERVICE MCGRATH, AK
138 AM AKDT SUN SEP 21 2014

...................................
...THE MCGRATH AIRPORT CLIMATE SUMMARY FOR SEPTEMBER 20 2014...

CLIMATE NORMAL PERIOD  1981 TO  2010
CLIMATE RECORD PERIOD  1940 TO  2014

WEATHER ITEM   OBSERVED TIME    RECORD YEAR NORMAL DEPARTURE LAST
               VALUE    (LST)   VALUE       VALUE  FROM      YEAR
                                                   NORMAL
...................................................................
TEMPERATURE
YESTERDAY
 MAXIMUM            49  0326 PM    70  1995     51      -2     38
 MINIMUM            40  1159 PM    19  1947     35       5     31
 AVERAGE            45                          43       2     35

PRECIPITATION
(INCHES)
 YESTERDAY        0.10           1.37  1942   0.08    0.02   0.00
 MONTH TO DATE    0.83                        1.71   -0.88   2.95
 SINCE SEP 1      0.83                        1.71   -0.88   2.95
 SINCE JAN 1      9.40                       13.08   -3.68  12.18

SNOWFALL
(INCHES)
 YESTERDAY         0.0            0.3  1948    0.1    -0.1      T
 MONTH TO DATE     0.0                         0.5    -0.5      T
 SINCE SEP 1       0.0                         0.5    -0.5    0.0
 SINCE JUL 1       0.0                         0.5    -0.5      T
 SNOW DEPTH (IN)     0                                          0

DEGREE DAYS
 HEATING
  YESTERDAY         20                          22      -2     30
  MONTH TO DATE    317                         359     -42    382
  SINCE SEP 1      317                         359     -42    382
  SINCE JUL 1      740                         856    -116    800

 COOLING
  YESTERDAY          0                           0       0      0
  MONTH TO DATE      0                           0       0      0
  SINCE SEP 1        0                           0       0      0
  SINCE JAN 1       11                          16      -5     78
...................................................................

WIND (MPH)
 HIGHEST WIND SPEED    10     HIGHEST WIND DIRECTION    310
 HIGHEST GUST SPEED    14     HIGHEST GUST DIRECTION    310
 AVERAGE WIND SPEED   2.7

WEATHER CONDITIONS
 THE FOLLOWING WEATHER WAS RECORDED YESTERDAY.
 FOG
 RAIN

...................................................................

THE MCGRATH CLIMATE NORMALS FOR TODAY
                           NORMAL    RECORD   YEAR
 MAXIMUM TEMPERATURE (F)     51        67     1995
 MINIMUM TEMPERATURE (F)     34        17     1941

SUNRISE AND SUNSET
 SEP 21 2014..........SUNRISE  8:04 AM      SUNSET  8:26 PM
 SEP 22 2014..........SUNRISE  8:07 AM      SUNSET  8:23 PM

-  INDICATES NEGATIVE NUMBERS.
R  INDICATES RECORD HAS BEEN SET OR TIED.
MM INDICATES DATA IS MISSING.
T  INDICATES TRACE OF PRECIPITATION.

&&
-------------------------------------------------------------------

AMOUNT OF DAYLIGHT TODAY  (HOUR:MIN)........12 HOURS 22 MINUTES
LOSS SINCE YESTERDAY (HOUR:MIN:SEC)....-0:06:06

$$
JMC SEP 14
