000
CDUS43 KEAX 250635
CLIMCI

CLIMATE REPORT
NATIONAL WEATHER SERVICE KANSAS CITY/PLEASANT HILL MO
134 AM CDT MON JUL 25 2016


...................................

...THE KANSAS CITY INTERNATIONAL MO CLIMATE SUMMARY FOR JULY 24 2016...

CLIMATE NORMAL PERIOD 1981 TO 2010
CLIMATE RECORD PERIOD 1888 TO 2016


WEATHER ITEM   OBSERVED TIME   RECORD YEAR NORMAL DEPARTURE LAST
                VALUE   (LST)  VALUE       VALUE  FROM      YEAR
                                                  NORMAL
..................................................................
TEMPERATURE (F)
 YESTERDAY
  MAXIMUM         93    246 PM 110    1934  89      4       95
  MINIMUM         76    441 AM  57    2004  69      7       73
  AVERAGE         85                        79      6       84

PRECIPITATION (IN)
  YESTERDAY        T             2.35 1900   0.13  -0.13     0.01
  MONTH TO DATE    7.74                      3.60   4.14     5.19
  SINCE JUN 1      8.72                      8.83  -0.11    12.77
  SINCE JAN 1     29.25                     22.66   6.59    29.37

SNOWFALL (IN)
  YESTERDAY        0.0           0.0    MM   0.0    0.0      0.0
  MONTH TO DATE    0.0                       0.0    0.0      0.0
  SINCE JUN 1      0.0                       0.0    0.0      0.0
  SINCE JUL 1      0.0                       0.0    0.0      0.0
  SNOW DEPTH       0

DEGREE DAYS
 HEATING
  YESTERDAY        0                         0      0        0
  MONTH TO DATE    0                         0      0        2
  SINCE JUN 1      0                         9     -9        5
  SINCE JUL 1      0                         0      0        2

 COOLING
  YESTERDAY       20                        14      6       19
  MONTH TO DATE  343                       321     22      292
  SINCE JUN 1    760                       587    173      597
  SINCE JAN 1    831                       703    128      665
..................................................................


WIND (MPH)
  HIGHEST WIND SPEED    22   HIGHEST WIND DIRECTION    NE (30)
  HIGHEST GUST SPEED    28   HIGHEST GUST DIRECTION    NE (30)
  AVERAGE WIND SPEED     7.9


SKY COVER
  POSSIBLE SUNSHINE  MM
  AVERAGE SKY COVER 0.7


WEATHER CONDITIONS
 THE FOLLOWING WEATHER WAS RECORDED YESTERDAY.
  HAZE


RELATIVE HUMIDITY (PERCENT)
 HIGHEST    87           400 AM
 LOWEST     49          1200 PM
 AVERAGE    68

..........................................................


THE KANSAS CITY INTERNATIONAL MO CLIMATE NORMALS FOR TODAY
                         NORMAL    RECORD    YEAR
 MAXIMUM TEMPERATURE (F)   89       108      1936
                                             1934
 MINIMUM TEMPERATURE (F)   69        56      1911


SUNRISE AND SUNSET
JULY 25 2016..........SUNRISE   613 AM CDT   SUNSET   837 PM CDT
JULY 26 2016..........SUNRISE   614 AM CDT   SUNSET   836 PM CDT


-  INDICATES NEGATIVE NUMBERS.
R  INDICATES RECORD WAS SET OR TIED.
MM INDICATES DATA IS MISSING.
T  INDICATES TRACE AMOUNT.


&&

...MISCELLANEOUS CLIMATE DATA FROM YESTERDAY...

LOCATION                HIGH    LOW      PRECIP
ST. JOSEPH               89      70       0.00
DOWNTOWN KANSAS CITY     97      82       0.00
OLATHE NEW CENTURY       96      76       0.00
OLATHE JO CO EXEC        95      77       0.00
LEES SUMMIT              97      76       T
KIRKSVILLE               94      75       0.00
CHILLICOTHE              96      77       0.00
SEDALIA                  97      72       0.21
NWS PLEASANT HILL MO     97      76       T


THIS PRODUCT...ALONG WITH OTHER WEATHER...HYDROLOGICAL AND CLIMATE
INFORMATION...IS AVAILABLE ON THE WEB AT HTTP://WWW.WEATHER.GOV/EAX
OR AT HTTP://WEATHER.GOV

$$
