000
CDUS43 KEAX 052140
CLIMCI

CLIMATE REPORT
NATIONAL WEATHER SERVICE KANSAS CITY/PLEASANT HILL MO
439 PM CDT THU MAY 5 2016


...................................

...THE KANSAS CITY INTERNATIONAL MO CLIMATE SUMMARY FOR MAY 5 2016...
VALID AS OF 0400 PM LOCAL TIME.

CLIMATE NORMAL PERIOD 1981 TO 2010
CLIMATE RECORD PERIOD 1888 TO 2016


WEATHER ITEM   OBSERVED TIME   RECORD YEAR NORMAL DEPARTURE LAST
                VALUE   (LST)  VALUE       VALUE  FROM      YEAR
                                                  NORMAL
..................................................................
TEMPERATURE (F)
 TODAY
  MAXIMUM         73    256 PM  96    1952  72      1       80
  MINIMUM         47    545 AM  32    1944  51     -4       58
  AVERAGE         60                        61     -1       69

PRECIPITATION (IN)
  TODAY            0.00          3.51 1904   0.17  -0.17     0.35
  MONTH TO DATE    0.01                      0.84  -0.83     0.71
  SINCE MAR 1      9.88                      6.91   2.97     4.88
  SINCE JAN 1     11.04                      9.44   1.60     7.06

SNOWFALL (IN)
  TODAY            0.0           0.0    MM   0.0    0.0      0.0
  MONTH TO DATE    0.0                       0.0    0.0      0.0
  SINCE MAR 1      0.6                       2.6   -2.0       T
  SINCE JUL 1      5.9                      18.8  -12.9     14.2
  SNOW DEPTH       0

DEGREE DAYS
 HEATING
  TODAY            5                         5      0        0
  MONTH TO DATE   42                        28     14        5
  SINCE MAR 1    727                      1003   -276      811
  SINCE JUL 1   4084                      5048   -964     5025

 COOLING
  TODAY            0                         1     -1        4
  MONTH TO DATE    0                         5     -5       18
  SINCE MAR 1     14                        33    -19       27
  SINCE JAN 1     14                        33    -19       27
..................................................................


WIND (MPH)
  HIGHEST WIND SPEED    12   HIGHEST WIND DIRECTION     N (360)
  HIGHEST GUST SPEED    15   HIGHEST GUST DIRECTION     N (360)
  AVERAGE WIND SPEED     6.0


SKY COVER
  POSSIBLE SUNSHINE  MM
  AVERAGE SKY COVER 0.5


WEATHER CONDITIONS
 THE FOLLOWING WEATHER WAS RECORDED TODAY.
  NO SIGNIFICANT WEATHER WAS OBSERVED.


RELATIVE HUMIDITY (PERCENT)
 HIGHEST    76           400 AM
 LOWEST     29           200 PM
 AVERAGE    53

..........................................................


THE KANSAS CITY INTERNATIONAL MO CLIMATE NORMALS FOR TOMORROW
                         NORMAL    RECORD    YEAR
 MAXIMUM TEMPERATURE (F)   72        89      2004
                                             1970
 MINIMUM TEMPERATURE (F)   51        32      1944


SUNRISE AND SUNSET
MAY  5 2016...........SUNRISE   615 AM CDT   SUNSET   817 PM CDT
MAY  6 2016...........SUNRISE   614 AM CDT   SUNSET   818 PM CDT


-  INDICATES NEGATIVE NUMBERS.
R  INDICATES RECORD WAS SET OR TIED.
MM INDICATES DATA IS MISSING.
T  INDICATES TRACE AMOUNT.


&&

...MISCELLANEOUS CLIMATE DATA FROM TODAY...

LOCATION                HIGH    LOW      PRECIP
ST. JOSEPH               74      41       0.00
DOWNTOWN KANSAS CITY     74      46       0.00
OLATHE NEW CENTURY       73      46       0.00
OLATHE JO CO EXEC        73      48       0.00
LEES SUMMIT              73      47       0.00
KIRKSVILLE               68      41       0.00
CHILLICOTHE              73      42       0.00
SEDALIA                  73      47       0.00
NWS PLEASANT HILL MO     72      47       0.00


THIS PRODUCT...ALONG WITH OTHER WEATHER...HYDROLOGICAL AND CLIMATE
INFORMATION...IS AVAILABLE ON THE WEB AT HTTP://WWW.WEATHER.GOV/EAX
OR AT HTTP://WEATHER.GOV

$$

CUTTER
