000
CDUS43 KEAX 300645
CLIMCI

CLIMATE REPORT
NATIONAL WEATHER SERVICE KANSAS CITY/PLEASANT HILL MO
1240 AM CST FRI JAN 30 2015


...................................

...THE KANSAS CITY INTERNATIONAL MO CLIMATE SUMMARY FOR JANUARY 29 2015...

CLIMATE NORMAL PERIOD 1981 TO 2010
CLIMATE RECORD PERIOD 1888 TO 2015


WEATHER ITEM   OBSERVED TIME   RECORD YEAR NORMAL DEPARTURE LAST
                VALUE   (LST)  VALUE       VALUE  FROM      YEAR
                                                  NORMAL
..................................................................
TEMPERATURE (F)
 YESTERDAY
  MAXIMUM         51   1205 AM  68    2013  39     12       43
  MINIMUM         25   1158 PM  -7    1977  20      5        6
                                      1966
  AVERAGE         38                        30      8       25

PRECIPITATION (IN)
  YESTERDAY        0.00          1.82 1982   0.04  -0.04     0.00
  MONTH TO DATE    0.21                      0.98  -0.77     0.36
  SINCE DEC 1      2.05                      2.51  -0.46     1.16
  SINCE JAN 1      0.21                      0.98  -0.77     0.36

SNOWFALL (IN)
  YESTERDAY        0.0           4.0  1956   0.2   -0.2      0.0
  MONTH TO DATE    1.6                       4.3   -2.7      5.1
  SINCE DEC 1      4.2                       9.1   -4.9     10.8
  SINCE JUL 1      4.7                      10.5   -5.8     10.8
  SNOW DEPTH       0

DEGREE DAYS
 HEATING
  YESTERDAY       27                        36     -9       40
  MONTH TO DATE  973                      1044    -71     1177
  SINCE DEC 1   1916                      2084   -168     2309
  SINCE JUL 1   3037                      3086    -49     3374

 COOLING
  YESTERDAY        0                         0      0        0
  MONTH TO DATE    0                         0      0        0
  SINCE DEC 1      0                         0      0        0
  SINCE JAN 1      0                         0      0        0
..................................................................


WIND (MPH)
  HIGHEST WIND SPEED    33   HIGHEST WIND DIRECTION    NW (330)
  HIGHEST GUST SPEED    44   HIGHEST GUST DIRECTION     N (340)
  AVERAGE WIND SPEED    15.3


SKY COVER
  POSSIBLE SUNSHINE  MM
  AVERAGE SKY COVER 0.7


WEATHER CONDITIONS
 THE FOLLOWING WEATHER WAS RECORDED YESTERDAY.
  NO SIGNIFICANT WEATHER WAS OBSERVED.


RELATIVE HUMIDITY (PERCENT)
 HIGHEST    79           400 AM
 LOWEST     55           200 PM
 AVERAGE    67

..........................................................


THE KANSAS CITY INTERNATIONAL MO CLIMATE NORMALS FOR TODAY
                         NORMAL    RECORD    YEAR
 MAXIMUM TEMPERATURE (F)   39        68      1890
 MINIMUM TEMPERATURE (F)   20        -7      1918


SUNRISE AND SUNSET
JANUARY 30 2015.......SUNRISE   728 AM CST   SUNSET   537 PM CST
JANUARY 31 2015.......SUNRISE   727 AM CST   SUNSET   538 PM CST


-  INDICATES NEGATIVE NUMBERS.
R  INDICATES RECORD WAS SET OR TIED.
MM INDICATES DATA IS MISSING.
T  INDICATES TRACE AMOUNT.



&&

...MISCELLANEOUS CLIMATE DATA FROM YESTERDAY...

LOCATION                HIGH    LOW      PRECIP
ST. JOSEPH               48      17       0.00
DOWNTOWN KANSAS CITY     54      30       T
OLATHE NEW CENTURY       54      22       0.00
OLATHE JO CO EXEC        55      30       0.00
LEES SUMMIT              55      29       T
KIRKSVILLE               51      26       T
CHILLICOTHE              52      30       0.00
SEDALIA                  58      30       0.00
NWS PLEASANT HILL MO     55      28       T


THIS PRODUCT...ALONG WITH OTHER WEATHER...HYDROLOGICAL AND CLIMATE
INFORMATION...IS AVAILABLE ON THE WEB AT HTTP://WWW.CRH.NOAA.GOV/EAX
OR AT HTTP://WEATHER.GOV

$$

CUTTER
