000
CDUS43 KEAX 040634
CLIMCI

CLIMATE REPORT
NATIONAL WEATHER SERVICE KANSAS CITY/PLEASANT HILL MO
133 AM CDT SAT JUL 4 2015


...................................

...THE KANSAS CITY INTERNATIONAL MO CLIMATE SUMMARY FOR JULY 3 2015...

CLIMATE NORMAL PERIOD 1981 TO 2010
CLIMATE RECORD PERIOD 1888 TO 2015


WEATHER ITEM   OBSERVED TIME   RECORD YEAR NORMAL DEPARTURE LAST
                VALUE   (LST)  VALUE       VALUE  FROM      YEAR
                                                  NORMAL
..................................................................
TEMPERATURE (F)
 YESTERDAY
  MAXIMUM         79    458 PM 103    1954  87     -8       80
                                      1936
                                      1934
  MINIMUM         64    510 AM  53    2014  68     -4       53
  AVERAGE         72                        78     -6       67

PRECIPITATION (IN)
  YESTERDAY        0.00          1.75 1912   0.16  -0.16     0.00
  MONTH TO DATE    0.57                      0.49   0.08     0.00
  SINCE JUN 1      8.15                      5.72   2.43     6.91
  SINCE JAN 1     24.75                     19.55   5.20    15.53

SNOWFALL (IN)
  YESTERDAY        0.0           0.0    MM   0.0    0.0      0.0
  MONTH TO DATE    0.0                       0.0    0.0      0.0
  SINCE JUN 1      0.0                       0.0    0.0      0.0
  SINCE JUL 1      0.0                       0.0    0.0      0.0
  SNOW DEPTH       0

DEGREE DAYS
 HEATING
  YESTERDAY        0                         0      0        0
  MONTH TO DATE    0                         0      0        1
  SINCE JUN 1      3                         9     -6        2
  SINCE JUL 1      0                         0      0        1

 COOLING
  YESTERDAY        7                        13     -6        2
  MONTH TO DATE   25                        37    -12       11
  SINCE JUN 1    330                       303     27      288
  SINCE JAN 1    398                       419    -21      449
..................................................................


WIND (MPH)
  HIGHEST WIND SPEED    13   HIGHEST WIND DIRECTION    NE (50)
  HIGHEST GUST SPEED    16   HIGHEST GUST DIRECTION     N (20)
  AVERAGE WIND SPEED     6.5


SKY COVER
  POSSIBLE SUNSHINE  MM
  AVERAGE SKY COVER 0.4


WEATHER CONDITIONS
 THE FOLLOWING WEATHER WAS RECORDED YESTERDAY.
  NO SIGNIFICANT WEATHER WAS OBSERVED.


RELATIVE HUMIDITY (PERCENT)
 HIGHEST   100          1200 AM
 LOWEST     42           400 PM
 AVERAGE    71

..........................................................


THE KANSAS CITY INTERNATIONAL MO CLIMATE NORMALS FOR TODAY
                         NORMAL    RECORD    YEAR
 MAXIMUM TEMPERATURE (F)   88       108      1936
 MINIMUM TEMPERATURE (F)   68        54      1997


SUNRISE AND SUNSET
JULY  4 2015..........SUNRISE   557 AM CDT   SUNSET   849 PM CDT
JULY  5 2015..........SUNRISE   558 AM CDT   SUNSET   849 PM CDT


-  INDICATES NEGATIVE NUMBERS.
R  INDICATES RECORD WAS SET OR TIED.
MM INDICATES DATA IS MISSING.
T  INDICATES TRACE AMOUNT.



&&

...MISCELLANEOUS CLIMATE DATA FROM YESTERDAY...

LOCATION                HIGH    LOW      PRECIP
ST. JOSEPH               81      63       0.00
DOWNTOWN KANSAS CITY     81      67       T
OLATHE NEW CENTURY       81      65       0.03
OLATHE JO CO EXEC        80      64       0.10
LEES SUMMIT              79      66       0.00
KIRKSVILLE               79      58       0.00
CHILLICOTHE              81      61       0.00
SEDALIA                  81      65       0.00
NWS PLEASANT HILL MO     79      64       0.00


THIS PRODUCT...ALONG WITH OTHER WEATHER...HYDROLOGICAL AND CLIMATE
INFORMATION...IS AVAILABLE ON THE WEB AT HTTP://WWW.CRH.NOAA.GOV/EAX
OR AT HTTP://WEATHER.GOV

$$
