000
CDUS43 KEAX 200641
CLIMCI

CLIMATE REPORT
NATIONAL WEATHER SERVICE KANSAS CITY/PLEASANT HILL MO
140 AM CDT WED SEP 20 2017


...................................

...THE KANSAS CITY INTERNATIONAL MO CLIMATE SUMMARY FOR SEPTEMBER 19 2017...

CLIMATE NORMAL PERIOD 1981 TO 2010
CLIMATE RECORD PERIOD 1888 TO 2017


WEATHER ITEM   OBSERVED TIME   RECORD YEAR NORMAL DEPARTURE LAST
                VALUE   (LST)  VALUE       VALUE  FROM      YEAR
                                                  NORMAL
..................................................................
TEMPERATURE (F)
 YESTERDAY
  MAXIMUM         86    405 PM  95    1954  78      8       89
                                      1931
  MINIMUM         66    557 AM  33    1991  56     10       63
  AVERAGE         76                        67      9       76

PRECIPITATION (IN)
  YESTERDAY        1.17          2.58 2013   0.16   1.01     0.00
  MONTH TO DATE    2.29                      2.97  -0.68     4.31
  SINCE SEP 1      2.29                      2.97  -0.68     4.31
  SINCE JAN 1     40.18                     30.37   9.81    43.74

SNOWFALL (IN)
  YESTERDAY        0.0           0.0    MM   0.0    0.0      0.0
  MONTH TO DATE    0.0                       0.0    0.0      0.0
  SINCE SEP 1      0.0                       0.0    0.0      0.0
  SINCE JUL 1      0.0                       0.0    0.0      0.0
  SNOW DEPTH       0

DEGREE DAYS
 HEATING
  YESTERDAY        0                         3     -3        0
  MONTH TO DATE   10                        21    -11        1
  SINCE SEP 1     10                        21    -11        1
  SINCE JUL 1     14                        23     -9        1

 COOLING
  YESTERDAY       11                         4      7       11
  MONTH TO DATE  118                       125     -7      152
  SINCE SEP 1    118                       125     -7      152
  SINCE JAN 1   1196                      1298   -102     1449
..................................................................


WIND (MPH)
  HIGHEST WIND SPEED    26   HIGHEST WIND DIRECTION     S (160)
  HIGHEST GUST SPEED    33   HIGHEST GUST DIRECTION    SE (140)
  AVERAGE WIND SPEED    14.0


SKY COVER
  POSSIBLE SUNSHINE  MM
  AVERAGE SKY COVER 0.4


WEATHER CONDITIONS
 THE FOLLOWING WEATHER WAS RECORDED YESTERDAY.
  THUNDERSTORM
  HEAVY RAIN
  LIGHT RAIN
  FOG


RELATIVE HUMIDITY (PERCENT)
 HIGHEST   100          1200 AM
 LOWEST     57           400 PM
 AVERAGE    79

..........................................................


THE KANSAS CITY INTERNATIONAL MO CLIMATE NORMALS FOR TODAY
                         NORMAL    RECORD    YEAR
 MAXIMUM TEMPERATURE (F)   77        95      1948
                                             1931
 MINIMUM TEMPERATURE (F)   55        38      1983


SUNRISE AND SUNSET
SEPTEMBER 20 2017.....SUNRISE   705 AM CDT   SUNSET   719 PM CDT
SEPTEMBER 21 2017.....SUNRISE   706 AM CDT   SUNSET   717 PM CDT


-  INDICATES NEGATIVE NUMBERS.
R  INDICATES RECORD WAS SET OR TIED.
MM INDICATES DATA IS MISSING.
T  INDICATES TRACE AMOUNT.


&&

...MISCELLANEOUS CLIMATE DATA FROM YESTERDAY...

LOCATION                HIGH    LOW      PRECIP
ST. JOSEPH               89      63       0.00
DOWNTOWN KANSAS CITY     89      69       0.01
OLATHE NEW CENTURY       88      66       0.01
OLATHE JO CO EXEC        86      64       0.05
LEES SUMMIT              88      65       T
KIRKSVILLE               85      62       0.00
CHILLICOTHE              86      61       0.11
SEDALIA                  88      62       T
NWS PLEASANT HILL MO     87      66       0.98


THIS PRODUCT...ALONG WITH OTHER WEATHER...HYDROLOGICAL AND CLIMATE
INFORMATION...IS AVAILABLE ON THE WEB AT HTTP://WWW.WEATHER.GOV/EAX
OR AT HTTP://WEATHER.GOV

$$

JL
