000
CDUS43 KGLD 230815
CLIMCK

CLIMATE REPORT
NATIONAL WEATHER SERVICE GOODLAND
1258 AM MST THU NOV 23 2017


...................................

...THE MCCOOK NE CLIMATE SUMMARY FOR NOVEMBER 22 2017...

CLIMATE NORMAL PERIOD 1981 TO 2010
CLIMATE RECORD PERIOD 1896 TO 2017


WEATHER ITEM   OBSERVED TIME   RECORD YEAR NORMAL DEPARTURE LAST
                VALUE   (LST)  VALUE       VALUE  FROM      YEAR
                                                  NORMAL
..................................................................
TEMPERATURE (F)
 YESTERDAY
  MAXIMUM         68    343 PM  76    2002  49     19       43
  MINIMUM         22    305 AM  -1    1975  21      1       36
                                      1929
  AVERAGE         45                        35     10       40

PRECIPITATION (IN)
  YESTERDAY        0.00                      0.02  -0.02     0.35
  MONTH TO DATE    0.16                      0.73  -0.57     0.46
  SINCE SEP 1      4.29                      3.96   0.33     6.23
  SINCE JAN 1     18.40                     21.67  -3.27    24.36

..................................................................


THE MCCOOK NE CLIMATE NORMALS FOR TODAY
                         NORMAL    RECORD    YEAR
 MAXIMUM TEMPERATURE (F)   48        72      2005
 MINIMUM TEMPERATURE (F)   21         4      1975


-  INDICATES NEGATIVE NUMBERS.
R  INDICATES RECORD WAS SET OR TIED.
MM INDICATES DATA IS MISSING.
T  INDICATES TRACE AMOUNT.

$$
