000
CDUS43 KGLD 260040 RRB
CLIMCK

CLIMATE REPORT
NATIONAL WEATHER SERVICE GOODLAND
638 PM MDT TUE JUL 25 2017

...................................

...THE MCCOOK NE CLIMATE SUMMARY FOR JULY 25 2017...
VALID TODAY AS OF 0600 PM LOCAL TIME.

CLIMATE NORMAL PERIOD 1981 TO 2010
CLIMATE RECORD PERIOD 1896 TO 2017


WEATHER ITEM   OBSERVED TIME   RECORD YEAR NORMAL DEPARTURE LAST
                VALUE   (LST)  VALUE       VALUE  FROM      YEAR
                                                  NORMAL
..................................................................
TEMPERATURE (F)
 TODAY
  MAXIMUM        103    422 PM 113    1936  90     13       90
  MINIMUM         74    645 AM  52    2004  62     12       62
                                      1986
  AVERAGE         89                        76     13       76

PRECIPITATION (IN)
  TODAY            0.00                      0.10  -0.10     0.00
  MONTH TO DATE    1.28                      2.61  -1.33     1.37
  SINCE JUN 1      1.55                      5.99  -4.44     4.22
  SINCE JAN 1      9.58                     13.93  -4.35    14.42

..................................................................


THE MCCOOK NE CLIMATE NORMALS FOR TOMORROW
                         NORMAL    RECORD    YEAR
 MAXIMUM TEMPERATURE (F)   90       109      1910
 MINIMUM TEMPERATURE (F)   62        53      2004



-  INDICATES NEGATIVE NUMBERS.
R  INDICATES RECORD WAS SET OR TIED.
MM INDICATES DATA IS MISSING.
T  INDICATES TRACE AMOUNT.

$$
