000
CDUS42 KFFC 310824
CLIMCN


CLIMATE REPORT
NATIONAL WEATHER SERVICE PEACHTREE CITY GA
424 AM EDT FRI OCT 31 2014


...................................

...THE MACON CLIMATE SUMMARY FOR OCTOBER 30 2014...

CLIMATE NORMAL PERIOD 1981 TO 2010
CLIMATE RECORD PERIOD 1899 TO 2014


WEATHER ITEM   OBSERVED TIME   RECORD YEAR NORMAL DEPARTURE LAST
                VALUE   (LST)  VALUE       VALUE  FROM      YEAR
                                                  NORMAL
..................................................................
TEMPERATURE (F)
 YESTERDAY
  MAXIMUM         72    324 PM  88    1984  74     -2       81
  MINIMUM         45   1158 PM  26    1952  48     -3       50
  AVERAGE         59                        61     -2       66

PRECIPITATION (IN)
  YESTERDAY        0.00          2.72 1993   0.09  -0.09     0.00
  MONTH TO DATE    1.57                      2.71  -1.14     0.60
  SINCE SEP 1      4.36                      6.30  -1.94     2.37
  SINCE JAN 1     38.29                     38.24   0.05    60.50

DEGREE DAYS
 HEATING
  YESTERDAY        6                         6      0        0
  MONTH TO DATE   76                        91    -15       67
  SINCE SEP 1     77                        97    -20       67
  SINCE JUL 1     77                        97    -20       67

 COOLING
  YESTERDAY        0                         1     -1        1
  MONTH TO DATE  104                        93     11       76
  SINCE SEP 1    443                       399     44      366
  SINCE JAN 1   2041                      2143   -102     1841
..................................................................


WIND (MPH)
  RESULTANT WIND SPEED   4   RESULTANT WIND DIRECTION   N (350)
  HIGHEST WIND SPEED    13   HIGHEST WIND DIRECTION    NE (40)
  HIGHEST GUST SPEED    17   HIGHEST GUST DIRECTION     N (350)
  AVERAGE WIND SPEED     5.4


SKY COVER
  AVERAGE SKY COVER 0.0


WEATHER CONDITIONS
 THE FOLLOWING WEATHER WAS RECORDED YESTERDAY.
  NO SIGNIFICANT WEATHER WAS OBSERVED.


RELATIVE HUMIDITY (PERCENT)
 HIGHEST    93           300 AM
 LOWEST     37           500 PM
 AVERAGE    65

..........................................................


THE MACON CLIMATE NORMALS FOR TODAY
                         NORMAL    RECORD    YEAR
 MAXIMUM TEMPERATURE (F)   73        88      1950
 MINIMUM TEMPERATURE (F)   47        30      1910


SUNRISE AND SUNSET
OCTOBER 31 2014.......SUNRISE   751 AM EDT   SUNSET   645 PM EDT
NOVEMBER  1 2014......SUNRISE   752 AM EDT   SUNSET   644 PM EDT


-  INDICATES NEGATIVE NUMBERS.
R  INDICATES RECORD WAS SET OR TIED.
MM INDICATES DATA IS MISSING.
T  INDICATES TRACE AMOUNT.




$$
