834
CDUS42 KFFC 230028
CLIMCN


CLIMATE REPORT
NATIONAL WEATHER SERVICE PEACHTREE CITY GA
828 PM EDT THU JUN 22 2017


...................................

...THE MACON CLIMATE SUMMARY FOR JUNE 22 2017...
VALID AS OF 0800 PM LOCAL TIME.

CLIMATE NORMAL PERIOD 1981 TO 2010
CLIMATE RECORD PERIOD 1899 TO 2017


WEATHER ITEM   OBSERVED TIME   RECORD YEAR NORMAL DEPARTURE LAST
                VALUE   (LST)  VALUE       VALUE  FROM      YEAR
                                                  NORMAL
..................................................................
TEMPERATURE (F)
 TODAY
  MAXIMUM         90    454 PM 101    1925  91     -1       98
  MINIMUM         73    709 PM  58    1966  69      4       67
                                      1947
  AVERAGE         82                        80      2       83

PRECIPITATION (IN)
  TODAY            0.48          1.60 1983   0.15   0.33     0.00
  MONTH TO DATE    4.38                      2.89   1.49     1.22
  SINCE JUN 1      4.38                      2.89   1.49     1.22
  SINCE JAN 1     28.11                     21.72   6.39    19.18

DEGREE DAYS
 COOLING
  TODAY           17                        15      2       18
  MONTH TO DATE  283                       295    -12      348
  SINCE JUN 1    283                       295    -12      348
  SINCE JAN 1    728                       608    120      700
..................................................................


WIND (MPH)
  HIGHEST WIND SPEED    29   HIGHEST WIND DIRECTION    SW (230)
  HIGHEST GUST SPEED    40   HIGHEST GUST DIRECTION    SW (230)
  AVERAGE WIND SPEED     6.0


SKY COVER
  AVERAGE SKY COVER 0.3


WEATHER CONDITIONS
 THE FOLLOWING WEATHER WAS RECORDED TODAY.
  THUNDERSTORM
  HEAVY RAIN
  LIGHT RAIN
  FOG


RELATIVE HUMIDITY (PERCENT)
 HIGHEST    94           200 AM
 LOWEST     56           500 PM

..........................................................


THE MACON CLIMATE NORMALS FOR TOMORROW
                         NORMAL    RECORD
 MAXIMUM TEMPERATURE (F)   91       101
 MINIMUM TEMPERATURE (F)   69        56


SUNRISE AND SUNSET
JUNE 22 2017..........SUNRISE   628 AM EDT   SUNSET   846 PM EDT
JUNE 23 2017..........SUNRISE   628 AM EDT   SUNSET   846 PM EDT


-  INDICATES NEGATIVE NUMBERS.
R  INDICATES RECORD WAS SET OR TIED.
MM INDICATES DATA IS MISSING.
T  INDICATES TRACE AMOUNT.




$$
