000
CDUS42 KFFC 150918
CLIMCN


CLIMATE REPORT
NATIONAL WEATHER SERVICE PEACHTREE CITY GA
418 AM EST FRI DEC 15 2017


...................................

...THE MACON CLIMATE SUMMARY FOR DECEMBER 14 2017...

CLIMATE NORMAL PERIOD 1981 TO 2010
CLIMATE RECORD PERIOD 1899 TO 2017


WEATHER ITEM   OBSERVED TIME   RECORD YEAR NORMAL DEPARTURE LAST
                VALUE   (LST)  VALUE       VALUE  FROM      YEAR
                                                  NORMAL
..................................................................
TEMPERATURE (F)
 YESTERDAY
  MAXIMUM         59    404 PM  79    1972  60     -1       63
                                      1956
  MINIMUM         37    728 AM  18    2010  36      1       48
  AVERAGE         48                        48      0       56

PRECIPITATION (IN)
  YESTERDAY        0.00          2.20 1901   0.13  -0.13     0.06
  MONTH TO DATE    2.22                      1.81   0.41     3.80
  SINCE DEC 1      2.22                      1.81   0.41     3.80
  SINCE JAN 1     47.65                     43.45   4.20    31.55

SNOWFALL (IN)
  YESTERDAY        0.0           0.0  2001   0.0    0.0     MM
  MONTH TO DATE    0.0                       0.0    0.0      0.0
  SINCE DEC 1      0.0                       0.0    0.0      0.0
  SINCE JUL 1      0.0                       0.0    0.0      0.0
  SNOW DEPTH       0

DEGREE DAYS
 HEATING
  YESTERDAY       17                        17      0        9
  MONTH TO DATE  209                       218     -9      183
  SINCE DEC 1    209                       218     -9      183
  SINCE JUL 1    567                       613    -46      425

 COOLING
  YESTERDAY        0                         0      0        0
  MONTH TO DATE    0                         0      0        0
  SINCE DEC 1      0                         0      0        0
  SINCE JAN 1   2370                      2163    207     2620
..................................................................


WIND (MPH)
  RESULTANT WIND SPEED   5   RESULTANT WIND DIRECTION   W (250)
  HIGHEST WIND SPEED    13   HIGHEST WIND DIRECTION     W (250)
  HIGHEST GUST SPEED    18   HIGHEST GUST DIRECTION     W (250)
  AVERAGE WIND SPEED     5.9


SKY COVER
  AVERAGE SKY COVER 0.0


WEATHER CONDITIONS
 THE FOLLOWING WEATHER WAS RECORDED YESTERDAY.
  NO SIGNIFICANT WEATHER WAS OBSERVED.


RELATIVE HUMIDITY (PERCENT)
 HIGHEST    89          1100 PM
 LOWEST     40           200 PM
 AVERAGE    65

..........................................................


THE MACON CLIMATE NORMALS FOR TODAY
                         NORMAL    RECORD    YEAR
 MAXIMUM TEMPERATURE (F)   59        75      1975
                                             1971
                                             1929
 MINIMUM TEMPERATURE (F)   36        18      1968


SUNRISE AND SUNSET
DECEMBER 15 2017......SUNRISE   729 AM EST   SUNSET   530 PM EST
DECEMBER 16 2017......SUNRISE   730 AM EST   SUNSET   531 PM EST


-  INDICATES NEGATIVE NUMBERS.
R  INDICATES RECORD WAS SET OR TIED.
MM INDICATES DATA IS MISSING.
T  INDICATES TRACE AMOUNT.




$$
