000
CDUS42 KFFC 210820
CLIMCN


CLIMATE REPORT
NATIONAL WEATHER SERVICE PEACHTREE CITY GA
419 AM EDT MON APR 21 2014


...................................

...THE MACON CLIMATE SUMMARY FOR APRIL 20 2014...

CLIMATE NORMAL PERIOD 1981 TO 2010
CLIMATE RECORD PERIOD 1899 TO 2014


WEATHER ITEM   OBSERVED TIME   RECORD YEAR NORMAL DEPARTURE LAST
                VALUE   (LST)  VALUE       VALUE  FROM      YEAR
                                                  NORMAL
..................................................................
TEMPERATURE (F)
 YESTERDAY
  MAXIMUM         74    504 PM  92    1994  78     -4       67
  MINIMUM         49   1159 PM  31    1983  51     -2       40
  AVERAGE         62                        64     -2       54

PRECIPITATION (IN)
  YESTERDAY        0.00          2.17 1912   0.09  -0.09     0.00
  MONTH TO DATE    6.12                      2.12   4.00     5.18
  SINCE MAR 1     10.05                      6.67   3.38     8.97
  SINCE JAN 1     17.88                     15.27   2.61    23.89

DEGREE DAYS
 HEATING
  YESTERDAY        3                         3      0       11
  MONTH TO DATE  100                        89     11       95
  SINCE MAR 1    471                       361    110      533
  SINCE JUL 1   2604                      2286    318     2207

 COOLING
  YESTERDAY        0                         2     -2        0
  MONTH TO DATE   21                        32    -11       27
  SINCE MAR 1     21                        50    -29       31
  SINCE JAN 1     22                        53    -31       49
..................................................................


WIND (MPH)
  RESULTANT WIND SPEED   9   RESULTANT WIND DIRECTION  NE (40)
  HIGHEST WIND SPEED    20   HIGHEST WIND DIRECTION    NE (30)
  HIGHEST GUST SPEED    25   HIGHEST GUST DIRECTION    NE (40)
  AVERAGE WIND SPEED     8.5


SKY COVER
  AVERAGE SKY COVER 0.7


WEATHER CONDITIONS
 THE FOLLOWING WEATHER WAS RECORDED YESTERDAY.
  NO SIGNIFICANT WEATHER WAS OBSERVED.


RELATIVE HUMIDITY (PERCENT)
 HIGHEST    93          1100 PM
 LOWEST     35           400 PM
 AVERAGE    64

..........................................................


THE MACON CLIMATE NORMALS FOR TODAY
                         NORMAL    RECORD    YEAR
 MAXIMUM TEMPERATURE (F)   78        92      1987
 MINIMUM TEMPERATURE (F)   51        34      1953


SUNRISE AND SUNSET
APRIL 21 2014.........SUNRISE   658 AM EDT   SUNSET   809 PM EDT
APRIL 22 2014.........SUNRISE   657 AM EDT   SUNSET   810 PM EDT


-  INDICATES NEGATIVE NUMBERS.
R  INDICATES RECORD WAS SET OR TIED.
MM INDICATES DATA IS MISSING.
T  INDICATES TRACE AMOUNT.




$$
