000
CDUS42 KFFC 200818
CLIMCN


CLIMATE REPORT
NATIONAL WEATHER SERVICE PEACHTREE CITY GA
418 AM EDT FRI OCT 20 2017


...................................

...THE MACON CLIMATE SUMMARY FOR OCTOBER 19 2017...

CLIMATE NORMAL PERIOD 1981 TO 2010
CLIMATE RECORD PERIOD 1899 TO 2017


WEATHER ITEM   OBSERVED TIME   RECORD YEAR NORMAL DEPARTURE LAST
                VALUE   (LST)  VALUE       VALUE  FROM      YEAR
                                                  NORMAL
..................................................................
TEMPERATURE (F)
 YESTERDAY
  MAXIMUM         80    357 PM  91    2016  77      3       91
  MINIMUM         43    650 AM  35    2015  51     -8       58
                                      2009
                                      1948
  AVERAGE         62                        64     -2       75

PRECIPITATION (IN)
  YESTERDAY        0.00          1.74 1950   0.08  -0.08     0.00
  MONTH TO DATE    1.05                      1.78  -0.73     0.20
  SINCE SEP 1      4.92                      5.37  -0.45     2.38
  SINCE JAN 1     42.45                     37.31   5.14    26.60

DEGREE DAYS
 HEATING
  YESTERDAY        3                         3      0        0
  MONTH TO DATE   15                        39    -24        7
  SINCE SEP 1     16                        45    -29        7
  SINCE JUL 1     16                        45    -29        7

 COOLING
  YESTERDAY        0                         2     -2       10
  MONTH TO DATE  171                        74     97      115
  SINCE SEP 1    474                       380     94      531
  SINCE JAN 1   2336                      2124    212     2558
..................................................................


WIND (MPH)
  RESULTANT WIND SPEED   2   RESULTANT WIND DIRECTION   N (360)
  HIGHEST WIND SPEED    10   HIGHEST WIND DIRECTION    NE (40)
  HIGHEST GUST SPEED    13   HIGHEST GUST DIRECTION    NE (30)
  AVERAGE WIND SPEED     4.0


SKY COVER
  AVERAGE SKY COVER 0.0


WEATHER CONDITIONS
 THE FOLLOWING WEATHER WAS RECORDED YESTERDAY.
  NO SIGNIFICANT WEATHER WAS OBSERVED.


RELATIVE HUMIDITY (PERCENT)
 HIGHEST   100          1200 AM
 LOWEST     39           300 PM
 AVERAGE    70

..........................................................


THE MACON CLIMATE NORMALS FOR TODAY
                         NORMAL    RECORD    YEAR
 MAXIMUM TEMPERATURE (F)   76        91      1943
 MINIMUM TEMPERATURE (F)   51        32      1967


SUNRISE AND SUNSET
OCTOBER 20 2017.......SUNRISE   743 AM EDT   SUNSET   656 PM EDT
OCTOBER 21 2017.......SUNRISE   743 AM EDT   SUNSET   654 PM EDT


-  INDICATES NEGATIVE NUMBERS.
R  INDICATES RECORD WAS SET OR TIED.
MM INDICATES DATA IS MISSING.
T  INDICATES TRACE AMOUNT.




$$
