000
CDUS42 KFFC 260822
CLIMCN


CLIMATE REPORT
NATIONAL WEATHER SERVICE PEACHTREE CITY GA
422 AM EDT THU MAY 26 2016


...................................

...THE MACON CLIMATE SUMMARY FOR MAY 25 2016...

CLIMATE NORMAL PERIOD 1981 TO 2010
CLIMATE RECORD PERIOD 1899 TO 2016


WEATHER ITEM   OBSERVED TIME   RECORD YEAR NORMAL DEPARTURE LAST
                VALUE   (LST)  VALUE       VALUE  FROM      YEAR
                                                  NORMAL
..................................................................
TEMPERATURE (F)
 YESTERDAY
  MAXIMUM         90    416 PM  97    2000  87      3       88
                                      1960
                                      1953
  MINIMUM         57    458 AM  49    2013  62     -5       64
                                      1979
  AVERAGE         74                        74      0       76

PRECIPITATION (IN)
  YESTERDAY        0.00          1.48 1959   0.10  -0.10      T
  MONTH TO DATE    1.96                      2.07  -0.11     0.80
  SINCE MAR 1     12.23                      9.58   2.65     9.35
  SINCE JAN 1     17.96                     18.18  -0.22    16.15

DEGREE DAYS
 HEATING
  YESTERDAY        0                         0      0        0
  MONTH TO DATE   11                        11      0        6
  SINCE MAR 1    268                       393   -125      258
  SINCE JUL 1   1798                      2318   -520     2471

 COOLING
  YESTERDAY        9                        10     -1       11
  MONTH TO DATE  162                       165     -3      187
  SINCE MAR 1    281                       246     35      311
  SINCE JAN 1    282                       249     33      311
..................................................................


WIND (MPH)
  RESULTANT WIND SPEED   3   RESULTANT WIND DIRECTION   S (180)
  HIGHEST WIND SPEED    14   HIGHEST WIND DIRECTION     S (160)
  HIGHEST GUST SPEED    17   HIGHEST GUST DIRECTION     S (170)
  AVERAGE WIND SPEED     3.6


SKY COVER
  AVERAGE SKY COVER 0.1


WEATHER CONDITIONS
 THE FOLLOWING WEATHER WAS RECORDED YESTERDAY.
  FOG


RELATIVE HUMIDITY (PERCENT)
 HIGHEST   100           600 AM
 LOWEST     31           400 PM
 AVERAGE    66

..........................................................


THE MACON CLIMATE NORMALS FOR TODAY
                         NORMAL    RECORD    YEAR
 MAXIMUM TEMPERATURE (F)   87        98      1962
 MINIMUM TEMPERATURE (F)   63        49      1979


SUNRISE AND SUNSET
MAY 26 2016...........SUNRISE   630 AM EDT   SUNSET   834 PM EDT
MAY 27 2016...........SUNRISE   629 AM EDT   SUNSET   835 PM EDT


-  INDICATES NEGATIVE NUMBERS.
R  INDICATES RECORD WAS SET OR TIED.
MM INDICATES DATA IS MISSING.
T  INDICATES TRACE AMOUNT.




$$
