661
CDUS42 KFFC 270818
CLIMCN


CLIMATE REPORT
NATIONAL WEATHER SERVICE PEACHTREE CITY GA
417 AM EDT THU APR 27 2017


...................................

...THE MACON CLIMATE SUMMARY FOR APRIL 26 2017...

CLIMATE NORMAL PERIOD 1981 TO 2010
CLIMATE RECORD PERIOD 1899 TO 2017


WEATHER ITEM   OBSERVED TIME   RECORD YEAR NORMAL DEPARTURE LAST
                VALUE   (LST)  VALUE       VALUE  FROM      YEAR
                                                  NORMAL
..................................................................
TEMPERATURE (F)
 YESTERDAY
  MAXIMUM         83    345 PM  93    1986  79      4       85
  MINIMUM         54    619 AM  36    1910  53      1       59
  AVERAGE         69                        66      3       72

PRECIPITATION (IN)
  YESTERDAY        0.00          3.04 1908   0.08  -0.08     0.00
  MONTH TO DATE    2.19                      2.63  -0.44     7.34
  SINCE MAR 1      3.64                      7.18  -3.54     9.98
  SINCE JAN 1     16.84                     15.78   1.06    15.71

DEGREE DAYS
 HEATING
  YESTERDAY        0                         2     -2        0
  MONTH TO DATE   41                       104    -63       94
  SINCE MAR 1    278                       376    -98      257
  SINCE JUL 1   1465                      2301   -836     1787

 COOLING
  YESTERDAY        4                         3      1        7
  MONTH TO DATE  100                        49     51       25
  SINCE MAR 1    153                        67     86       77
  SINCE JAN 1    164                        70     94       78
..................................................................


WIND (MPH)
  RESULTANT WIND SPEED   4   RESULTANT WIND DIRECTION   S (190)
  HIGHEST WIND SPEED    14   HIGHEST WIND DIRECTION     S (200)
  HIGHEST GUST SPEED    21   HIGHEST GUST DIRECTION     S (200)
  AVERAGE WIND SPEED     4.9


SKY COVER
  AVERAGE SKY COVER 0.2


WEATHER CONDITIONS
 THE FOLLOWING WEATHER WAS RECORDED YESTERDAY.
  FOG


RELATIVE HUMIDITY (PERCENT)
 HIGHEST    93           100 AM
 LOWEST     43           300 PM
 AVERAGE    68

..........................................................


THE MACON CLIMATE NORMALS FOR TODAY
                         NORMAL    RECORD    YEAR
 MAXIMUM TEMPERATURE (F)   80        96      1986
 MINIMUM TEMPERATURE (F)   53        37      1972


SUNRISE AND SUNSET
APRIL 27 2017.........SUNRISE   651 AM EDT   SUNSET   813 PM EDT
APRIL 28 2017.........SUNRISE   650 AM EDT   SUNSET   814 PM EDT


-  INDICATES NEGATIVE NUMBERS.
R  INDICATES RECORD WAS SET OR TIED.
MM INDICATES DATA IS MISSING.
T  INDICATES TRACE AMOUNT.




$$
