000
CDUS42 KMLB 230635
CLIMCO


CLIMATE REPORT
NATIONAL WEATHER SERVICE MELBOURNE FL
235 AM EDT SAT MAY 23 2015


...................................

...THE ORLANDO  CLIMATE SUMMARY FOR MAY 22 2015...

CLIMATE NORMAL PERIOD 1981 TO 2010
CLIMATE RECORD PERIOD 1892 TO 2015


WEATHER ITEM   OBSERVED TIME   RECORD YEAR NORMAL DEPARTURE LAST
                VALUE   (LST)  VALUE       VALUE  FROM      YEAR
                                                  NORMAL
..................................................................
TEMPERATURE (F)
 YESTERDAY
  MAXIMUM         95    341 PM  97    1962  89      6       92
  MINIMUM         74    550 AM  55    1919  68      6       64
  AVERAGE         85                        78      7       78

PRECIPITATION (IN)
  YESTERDAY        0.00          3.21 2009   0.13  -0.13     0.00
  MONTH TO DATE    0.78                      1.97  -1.19     3.37
  SINCE MAR 1      5.74                      8.42  -2.68    12.09
  SINCE JAN 1     13.84                     13.15   0.69    17.13

SNOWFALL (IN)
  YESTERDAY        0.0
  MONTH TO DATE    0.0
  SINCE MAR 1      0.0
  SINCE JUL 1      0.0

DEGREE DAYS
 HEATING
  YESTERDAY        0                         0      0        0
  MONTH TO DATE    0                         0      0        0
  SINCE MAR 1     16                        71    -55       42
  SINCE JUL 1    486                       570    -84      406

 COOLING
  YESTERDAY       20                        14      6       13
  MONTH TO DATE  304                       251     53      265
  SINCE MAR 1    956                       568    388      637
  SINCE JAN 1   1030                       672    358      787
..................................................................


WIND (MPH)
  HIGHEST WIND SPEED    21   HIGHEST WIND DIRECTION    NE (60)
  HIGHEST GUST SPEED    25   HIGHEST GUST DIRECTION    NE (50)
  AVERAGE WIND SPEED     6.6


SKY COVER
  AVERAGE SKY COVER 0.4


WEATHER CONDITIONS
 THE FOLLOWING WEATHER WAS RECORDED YESTERDAY.
  FOG


RELATIVE HUMIDITY (PERCENT)
 HIGHEST    94           500 AM
 LOWEST     39           300 PM
 AVERAGE    67

..........................................................


THE ORLANDO  CLIMATE NORMALS FOR TODAY
                         NORMAL    RECORD    YEAR
 MAXIMUM TEMPERATURE (F)   89        97      1962
                                             1938
 MINIMUM TEMPERATURE (F)   68        55      1919


SUNRISE AND SUNSET
MAY 23 2015...........SUNRISE   631 AM EDT   SUNSET   813 PM EDT
MAY 24 2015...........SUNRISE   631 AM EDT   SUNSET   814 PM EDT


-  INDICATES NEGATIVE NUMBERS.
R  INDICATES RECORD WAS SET OR TIED.
MM INDICATES DATA IS MISSING.
T  INDICATES TRACE AMOUNT.




$$
