000
CDUS42 KMLB 020635
CLIMCO


CLIMATE REPORT
NATIONAL WEATHER SERVICE MELBOURNE FL
235 AM EDT SAT AUG 2 2014


...................................

...THE ORLANDO  CLIMATE SUMMARY FOR AUGUST 1 2014...

CLIMATE NORMAL PERIOD 1981 TO 2010
CLIMATE RECORD PERIOD 1892 TO 2014


WEATHER ITEM   OBSERVED TIME   RECORD YEAR NORMAL DEPARTURE LAST
                VALUE   (LST)  VALUE       VALUE  FROM      YEAR
                                                  NORMAL
..................................................................
TEMPERATURE (F)
 YESTERDAY
  MAXIMUM         93    228 PM 101    1922  92      1       92
  MINIMUM         75    623 AM  66    1938  74      1       75
                                      1893
  AVERAGE         84                        83      1       84

PRECIPITATION (IN)
  YESTERDAY        0.03          4.73 1996   0.25  -0.22      T
  MONTH TO DATE    0.03                      0.25  -0.22      T
  SINCE JUN 1     13.46                     15.10  -1.64    18.67
  SINCE JAN 1     30.81                     29.73   1.08    29.54

SNOWFALL (IN)
  YESTERDAY        0.0
  MONTH TO DATE    0.0
  SINCE JUN 1      0.0
  SINCE JUL 1      0.0

DEGREE DAYS
 HEATING
  YESTERDAY        0                         0      0        0
  MONTH TO DATE    0                         0      0        0
  SINCE JUN 1      0                         0      0        0
  SINCE JUL 1      0                         0      0        0

 COOLING
  YESTERDAY       19                        18      1       19
  MONTH TO DATE   19                        18      1       19
  SINCE JUN 1   1092                      1057     35     1057
  SINCE JAN 1   2026                      1858    168     1929
..................................................................


WIND (MPH)
  HIGHEST WIND SPEED    15   HIGHEST WIND DIRECTION     E (100)
  HIGHEST GUST SPEED    20   HIGHEST GUST DIRECTION     E (110)
  AVERAGE WIND SPEED     4.0


SKY COVER
  AVERAGE SKY COVER 0.6


WEATHER CONDITIONS
 THE FOLLOWING WEATHER WAS RECORDED YESTERDAY.
  NO SIGNIFICANT WEATHER WAS OBSERVED.


RELATIVE HUMIDITY (PERCENT)
 HIGHEST    91          1200 AM
 LOWEST     49           200 PM
 AVERAGE    70

..........................................................


THE ORLANDO  CLIMATE NORMALS FOR TODAY
                         NORMAL    RECORD    YEAR
 MAXIMUM TEMPERATURE (F)   92        99      1908
 MINIMUM TEMPERATURE (F)   74        65      1893


SUNRISE AND SUNSET
AUGUST  2 2014........SUNRISE   648 AM EDT   SUNSET   815 PM EDT
AUGUST  3 2014........SUNRISE   648 AM EDT   SUNSET   814 PM EDT


-  INDICATES NEGATIVE NUMBERS.
R  INDICATES RECORD WAS SET OR TIED.
MM INDICATES DATA IS MISSING.
T  INDICATES TRACE AMOUNT.




$$
