000
CDUS42 KMLB 212128
CLIMCO


CLIMATE REPORT
NATIONAL WEATHER SERVICE MELBOURNE FL
427 PM EST SUN DEC 21 2014


...................................

...THE ORLANDO  CLIMATE SUMMARY FOR DECEMBER 21 2014...
VALID TODAY AS OF 0400 PM LOCAL TIME.

CLIMATE NORMAL PERIOD 1981 TO 2010
CLIMATE RECORD PERIOD 1892 TO 2014


WEATHER ITEM   OBSERVED TIME   RECORD YEAR NORMAL DEPARTURE LAST
                VALUE   (LST)  VALUE       VALUE  FROM      YEAR
                                                  NORMAL
..................................................................
TEMPERATURE (F)
 TODAY
  MAXIMUM         80    227 PM  87    2013  72      8       87
  MINIMUM         61    748 AM  25    1901  51     10       61
  AVERAGE         71                        62      9       74

PRECIPITATION (IN)
  TODAY            0.00          1.88 1935   0.10  -0.10     0.00
  MONTH TO DATE    0.71                      1.78  -1.07     0.19
  SINCE DEC 1      0.71                      1.78  -1.07     0.19
  SINCE JAN 1     54.47                     49.93   4.54    42.63

SNOWFALL (IN)
  TODAY            0.0
  MONTH TO DATE    0.0
  SINCE DEC 1      0.0
  SINCE JUL 1      0.0

DEGREE DAYS
 HEATING
  TODAY            0                         5     -5        0
  MONTH TO DATE   84                        85     -1       27
  SINCE DEC 1     84                        85     -1       27
  SINCE JUL 1    166                       132     34       50

 COOLING
  TODAY            6                         2      4        9
  MONTH TO DATE   53                        51      2       91
  SINCE DEC 1     53                        51      2       91
  SINCE JAN 1   3544                      3405    139     3652
..................................................................


WIND (MPH)
  HIGHEST WIND SPEED    14   HIGHEST WIND DIRECTION     S (200)
  HIGHEST GUST SPEED    18   HIGHEST GUST DIRECTION     S (190)
  AVERAGE WIND SPEED     4.9


SKY COVER
  AVERAGE SKY COVER 0.8


WEATHER CONDITIONS
 THE FOLLOWING WEATHER WAS RECORDED TODAY.
  FOG


RELATIVE HUMIDITY (PERCENT)
 HIGHEST   100           500 AM
 LOWEST     54           200 PM
 AVERAGE    77

..........................................................


THE ORLANDO  CLIMATE NORMALS FOR TOMORROW
                         NORMAL    RECORD    YEAR
 MAXIMUM TEMPERATURE (F)   72        86      2013
 MINIMUM TEMPERATURE (F)   51        29      1935


SUNRISE AND SUNSET
DECEMBER 21 2014......SUNRISE   713 AM EST   SUNSET   533 PM EST
DECEMBER 22 2014......SUNRISE   714 AM EST   SUNSET   534 PM EST


-  INDICATES NEGATIVE NUMBERS.
R  INDICATES RECORD WAS SET OR TIED.
MM INDICATES DATA IS MISSING.
T  INDICATES TRACE AMOUNT.




$$
