000
CDUS42 KMLB 232016
CLIMCO


CLIMATE REPORT
NATIONAL WEATHER SERVICE MELBOURNE FL
415 PM EDT SAT SEP 23 2017


...................................

...THE ORLANDO  CLIMATE SUMMARY FOR SEPTEMBER 23 2017...
VALID TODAY AS OF 0400 PM LOCAL TIME.

CLIMATE NORMAL PERIOD 1981 TO 2010
CLIMATE RECORD PERIOD 1892 TO 2017


WEATHER ITEM   OBSERVED TIME   RECORD YEAR NORMAL DEPARTURE LAST
                VALUE   (LST)  VALUE       VALUE  FROM      YEAR
                                                  NORMAL
..................................................................
TEMPERATURE (F)
 TODAY
  MAXIMUM         88    202 PM  98    1925  89     -1       92
                                      1919
  MINIMUM         74    638 AM  61    1938  72      2       74
                                      1922
                                      1913
  AVERAGE         81                        80      1       83

PRECIPITATION (IN)
  TODAY            T             2.54 1963   0.19  -0.19      T
  MONTH TO DATE   13.53                      4.78   8.75     5.89
  SINCE SEP 1     13.53                      4.78   8.75     5.89
  SINCE JAN 1     41.95                     41.39   0.56    47.58

SNOWFALL (IN)
  TODAY            0.0
  MONTH TO DATE    0.0
  SINCE SEP 1      0.0
  SINCE JUL 1      0.0

DEGREE DAYS
 HEATING
  TODAY            0                         0      0        0
  MONTH TO DATE    0                         0      0        0
  SINCE SEP 1      0                         0      0        0
  SINCE JUL 1      0                         0      0        0

 COOLING
  TODAY           16                        15      1       18
  MONTH TO DATE  367                       379    -12      406
  SINCE SEP 1    367                       379    -12      406
  SINCE JAN 1   2965                      2772    193     3079
..................................................................


WIND (MPH)
  HIGHEST WIND SPEED    22   HIGHEST WIND DIRECTION    NE (40)
  HIGHEST GUST SPEED    26   HIGHEST GUST DIRECTION    NE (40)
  AVERAGE WIND SPEED     9.8


SKY COVER
  AVERAGE SKY COVER 0.6


WEATHER CONDITIONS
 THE FOLLOWING WEATHER WAS RECORDED TODAY.
  THUNDERSTORM
  LIGHT RAIN


RELATIVE HUMIDITY (PERCENT)
 HIGHEST   100           100 AM
 LOWEST     59          1200 PM
 AVERAGE    80

..........................................................


THE ORLANDO  CLIMATE NORMALS FOR TOMORROW
                         NORMAL    RECORD    YEAR
 MAXIMUM TEMPERATURE (F)   89        98      1919
 MINIMUM TEMPERATURE (F)   72        60      1916


SUNRISE AND SUNSET
SEPTEMBER 23 2017.....SUNRISE   714 AM EDT   SUNSET   720 PM EDT
SEPTEMBER 24 2017.....SUNRISE   715 AM EDT   SUNSET   719 PM EDT


-  INDICATES NEGATIVE NUMBERS.
R  INDICATES RECORD WAS SET OR TIED.
MM INDICATES DATA IS MISSING.
T  INDICATES TRACE AMOUNT.




$$
