000
CDUS42 KMLB 290642
CLIMCO


CLIMATE REPORT
NATIONAL WEATHER SERVICE MELBOURNE FL
231 AM EDT SUN MAR 29 2015


...................................

...THE ORLANDO  CLIMATE SUMMARY FOR MARCH 28 2015...

CLIMATE NORMAL PERIOD 1981 TO 2010
CLIMATE RECORD PERIOD 1892 TO 2015


WEATHER ITEM   OBSERVED TIME   RECORD YEAR NORMAL DEPARTURE LAST
                VALUE   (LST)  VALUE       VALUE  FROM      YEAR
                                                  NORMAL
..................................................................
TEMPERATURE (F)
 YESTERDAY
  MAXIMUM         70    401 PM  92    1994  80    -10       84
                                      1923
  MINIMUM         54    709 AM  38    2013  57     -3       61
  AVERAGE         62                        68     -6       73

PRECIPITATION (IN)
  YESTERDAY        0.00          2.15 1964   0.13  -0.13      T
  MONTH TO DATE    0.75                      3.38  -2.63     2.47
  SINCE MAR 1      0.75                      3.38  -2.63     2.47
  SINCE JAN 1      8.85                      8.11   0.74     7.51

SNOWFALL (IN)
  YESTERDAY        0.0
  MONTH TO DATE    0.0
  SINCE MAR 1      0.0
  SINCE JUL 1      0.0

DEGREE DAYS
 HEATING
  YESTERDAY        3                         1      2        0
  MONTH TO DATE    8                        56    -48       41
  SINCE MAR 1      8                        56    -48       41
  SINCE JUL 1    478                       555    -77      405

 COOLING
  YESTERDAY        0                         4     -4        8
  MONTH TO DATE  262                       103    159       98
  SINCE MAR 1    262                       103    159       98
  SINCE JAN 1    336                       207    129      248
..................................................................


WIND (MPH)
  HIGHEST WIND SPEED    20   HIGHEST WIND DIRECTION     W (270)
  HIGHEST GUST SPEED    24   HIGHEST GUST DIRECTION     W (270)
  AVERAGE WIND SPEED    11.2


SKY COVER
  AVERAGE SKY COVER 0.7


WEATHER CONDITIONS
 THE FOLLOWING WEATHER WAS RECORDED YESTERDAY.
  NO SIGNIFICANT WEATHER WAS OBSERVED.


RELATIVE HUMIDITY (PERCENT)
 HIGHEST    78          1200 AM
 LOWEST     26           400 PM
 AVERAGE    52

..........................................................


THE ORLANDO  CLIMATE NORMALS FOR TODAY
                         NORMAL    RECORD    YEAR
 MAXIMUM TEMPERATURE (F)   80        95      1920
 MINIMUM TEMPERATURE (F)   57        39      1955


SUNRISE AND SUNSET
MARCH 29 2015.........SUNRISE   719 AM EDT   SUNSET   741 PM EDT
MARCH 30 2015.........SUNRISE   718 AM EDT   SUNSET   742 PM EDT


-  INDICATES NEGATIVE NUMBERS.
R  INDICATES RECORD WAS SET OR TIED.
MM INDICATES DATA IS MISSING.
T  INDICATES TRACE AMOUNT.




$$
