000
CDUS42 KMLB 060627
CLIMCO


CLIMATE REPORT
NATIONAL WEATHER SERVICE MELBOURNE FL
126 AM EST FRI MAR 6 2015


...................................

...THE ORLANDO  CLIMATE SUMMARY FOR MARCH 5 2015...

CLIMATE NORMAL PERIOD 1981 TO 2010
CLIMATE RECORD PERIOD 1892 TO 2015


WEATHER ITEM   OBSERVED TIME   RECORD YEAR NORMAL DEPARTURE LAST
                VALUE   (LST)  VALUE       VALUE  FROM      YEAR
                                                  NORMAL
..................................................................
TEMPERATURE (F)
 YESTERDAY
  MAXIMUM         88    209 PM  90    1929  77     11       76
  MINIMUM         67    351 AM  33    1931  55     12       59
  AVERAGE         78                        66     12       68

PRECIPITATION (IN)
  YESTERDAY        0.00          1.62 1966   0.11  -0.11      T
  MONTH TO DATE    0.35                      0.51  -0.16     0.11
  SINCE MAR 1      0.35                      0.51  -0.16     0.11
  SINCE JAN 1      8.45                      5.24   3.21     5.15

SNOWFALL (IN)
  YESTERDAY        0.0
  MONTH TO DATE    0.0
  SINCE MAR 1      0.0
  SINCE JUL 1      0.0

DEGREE DAYS
 HEATING
  YESTERDAY        0                         3     -3        0
  MONTH TO DATE    0                        15    -15        1
  SINCE MAR 1      0                        15    -15        1
  SINCE JUL 1    470                       514    -44      365

 COOLING
  YESTERDAY       13                         3     10        3
  MONTH TO DATE   47                        15     32       15
  SINCE MAR 1     47                        15     32       15
  SINCE JAN 1    121                       119      2      165
..................................................................


WIND (MPH)
  HIGHEST WIND SPEED    18   HIGHEST WIND DIRECTION    SW (230)
  HIGHEST GUST SPEED    23   HIGHEST GUST DIRECTION     S (170)
  AVERAGE WIND SPEED     9.3


SKY COVER
  AVERAGE SKY COVER 0.5


WEATHER CONDITIONS
 THE FOLLOWING WEATHER WAS RECORDED YESTERDAY.
  FOG


RELATIVE HUMIDITY (PERCENT)
 HIGHEST   100           600 AM
 LOWEST     48           200 PM
 AVERAGE    74

..........................................................


THE ORLANDO  CLIMATE NORMALS FOR TODAY
                         NORMAL    RECORD    YEAR
 MAXIMUM TEMPERATURE (F)   77        92      1945
 MINIMUM TEMPERATURE (F)   55        33      1962
                                             1920


SUNRISE AND SUNSET
MARCH  6 2015.........SUNRISE   645 AM EST   SUNSET   628 PM EST
MARCH  7 2015.........SUNRISE   644 AM EST   SUNSET   629 PM EST


-  INDICATES NEGATIVE NUMBERS.
R  INDICATES RECORD WAS SET OR TIED.
MM INDICATES DATA IS MISSING.
T  INDICATES TRACE AMOUNT.




$$
