384
CDUS43 KDMX 080633 RRA
CLIMCW

CLIMATE REPORT
NATIONAL WEATHER SERVICE DES MOINES IA
1231 AM CST MON FEB 8 2016


...................................

...THE MASON CITY IA CLIMATE SUMMARY FOR FEBRUARY 7 2016...

CLIMATE NORMAL PERIOD 1981 TO 2010
CLIMATE RECORD PERIOD 1893 TO 2016


WEATHER ITEM   OBSERVED TIME   RECORD YEAR NORMAL DEPARTURE LAST
                VALUE   (LST)  VALUE       VALUE  FROM      YEAR
                                                  NORMAL
..................................................................
TEMPERATURE (F)
 YESTERDAY
  MAXIMUM         39   1220 PM  58    1987  27     12       38
  MINIMUM         19   1159 PM -30    1899   9     10       16
  AVERAGE         29                        18     11       27

PRECIPITATION (IN)
  YESTERDAY        0.01          0.84 1928   0.03  -0.02     0.00
  MONTH TO DATE    0.34                      0.22   0.12     0.70
  SINCE DEC 1      4.53                      2.28   2.25     2.73
  SINCE JAN 1      0.90                      1.04  -0.14     1.63

SNOWFALL (IN)
  YESTERDAY        T             3.0  1986   0.3   -0.3      0.0
  MONTH TO DATE   11.0                       2.3    8.7      7.6
  SINCE DEC 1     29.7                      22.4    7.3     23.0
  SINCE JUL 1     39.7                      27.1   12.6     31.0
  SNOW DEPTH       0

DEGREE DAYS
 HEATING
  YESTERDAY       36                        47    -11       38
  MONTH TO DATE  295                       333    -38      386
  SINCE DEC 1   2865                      3264   -399     3026
  SINCE JUL 1   4220                      4944   -724     4925

 COOLING
  YESTERDAY        0                         0      0        0
  MONTH TO DATE    0                         0      0        0
  SINCE DEC 1      0                         0      0        0
  SINCE JAN 1      0                         0      0        0
..................................................................


WIND (MPH)
  HIGHEST WIND SPEED    36   HIGHEST WIND DIRECTION    NW (320)
  HIGHEST GUST SPEED    43   HIGHEST GUST DIRECTION    NW (320)
  AVERAGE WIND SPEED    22.3


SKY COVER
  POSSIBLE SUNSHINE  MM
  AVERAGE SKY COVER 0.5


WEATHER CONDITIONS
 THE FOLLOWING WEATHER WAS RECORDED YESTERDAY.
  LIGHT SNOW
  FOG
  BLOWING SNOW


RELATIVE HUMIDITY (PERCENT)
 HIGHEST    89           500 PM
 LOWEST     70          1200 PM
 AVERAGE    80

..........................................................


THE MASON CITY IA CLIMATE NORMALS FOR TODAY
                         NORMAL    RECORD    YEAR
 MAXIMUM TEMPERATURE (F)   27        51      1999
 MINIMUM TEMPERATURE (F)   10       -33      1899


SUNRISE AND SUNSET
FEBRUARY  8 2016......SUNRISE   721 AM CST   SUNSET   534 PM CST
FEBRUARY  9 2016......SUNRISE   720 AM CST   SUNSET   536 PM CST


-  INDICATES NEGATIVE NUMBERS.
R  INDICATES RECORD WAS SET OR TIED.
MM INDICATES DATA IS MISSING.
T  INDICATES TRACE AMOUNT.




$$
