000
CDUS43 KDMX 230630 RRA
CLIMCW

CLIMATE REPORT
NATIONAL WEATHER SERVICE DES MOINES IA
130 AM CDT SAT SEP 23 2017

...................................

...THE MASON CITY IA CLIMATE SUMMARY FOR SEPTEMBER 22 2017...

CLIMATE NORMAL PERIOD 1981 TO 2010
CLIMATE RECORD PERIOD 1893 TO 2017


WEATHER ITEM   OBSERVED TIME   RECORD YEAR NORMAL DEPARTURE LAST
                VALUE   (LST)  VALUE       VALUE  FROM      YEAR
                                                  NORMAL
..................................................................
TEMPERATURE (F)
 YESTERDAY
  MAXIMUM         92    256 PM  94    1937  71     21       73
  MINIMUM         70    637 AM  25    1913  46     24       63
  AVERAGE         81                        58     23       68

PRECIPITATION (IN)
  YESTERDAY        0.00          2.43 2016   0.11  -0.11     2.43
  MONTH TO DATE    1.99                      2.45  -0.46     9.18
  SINCE SEP 1      1.99                      2.45  -0.46     9.18
  SINCE JAN 1     24.91                     28.81  -3.90    40.44

SNOWFALL (IN)
  YESTERDAY        0.0           0.0  2002   0.0    0.0      0.0
  MONTH TO DATE    0.0                       0.0    0.0      0.0
  SINCE SEP 1      0.0                       0.0    0.0      0.0
  SINCE JUL 1      0.0                       0.0    0.0      0.0
  SNOW DEPTH       0

DEGREE DAYS
 HEATING
  YESTERDAY        0                         8     -8        0
  MONTH TO DATE   46                       100    -54       24
  SINCE SEP 1     46                       100    -54       24
  SINCE JUL 1     69                       136    -67       42

 COOLING
  YESTERDAY       16                         1     15        3
  MONTH TO DATE   70                        47     23       75
  SINCE SEP 1     70                        47     23       75
  SINCE JAN 1    569                       603    -34      683
..................................................................


WIND (MPH)
  HIGHEST WIND SPEED    26   HIGHEST WIND DIRECTION     S (180)
  HIGHEST GUST SPEED    35   HIGHEST GUST DIRECTION     S (180)
  AVERAGE WIND SPEED    14.7


SKY COVER
  POSSIBLE SUNSHINE  MM
  AVERAGE SKY COVER 0.0


WEATHER CONDITIONS
 THE FOLLOWING WEATHER WAS RECORDED YESTERDAY.
  NO SIGNIFICANT WEATHER WAS OBSERVED.


RELATIVE HUMIDITY (PERCENT)
 HIGHEST    93           100 AM
 LOWEST     41           300 PM
 AVERAGE    67

..........................................................


THE MASON CITY IA CLIMATE NORMALS FOR TODAY
                         NORMAL    RECORD    YEAR
 MAXIMUM TEMPERATURE (F)   70        87      1938
                                             1893
 MINIMUM TEMPERATURE (F)   45        28      2012


SUNRISE AND SUNSET
SEPTEMBER 23 2017.....SUNRISE   702 AM CDT   SUNSET   708 PM CDT
SEPTEMBER 24 2017.....SUNRISE   703 AM CDT   SUNSET   706 PM CDT


-  INDICATES NEGATIVE NUMBERS.
R  INDICATES RECORD WAS SET OR TIED.
MM INDICATES DATA IS MISSING.
T  INDICATES TRACE AMOUNT.

$$

SMALL
