000
CDUS41 KCTP 120640
CLIMDT


CLIMATE REPORT
NATIONAL WEATHER SERVICE STATE COLLEGE PA
140 AM EST FRI FEB 12 2016


...................................

...THE HARRISBURG PA CLIMATE SUMMARY FOR FEBRUARY 11 2016...

CLIMATE NORMAL PERIOD 1981 TO 2010
CLIMATE RECORD PERIOD 1888 TO 2016


WEATHER ITEM   OBSERVED TIME   RECORD YEAR NORMAL DEPARTURE LAST
                VALUE   (LST)  VALUE       VALUE  FROM      YEAR
                                                  NORMAL
..................................................................
TEMPERATURE (F)
 YESTERDAY
  MAXIMUM         24    445 PM  63    2009  40    -16       36
  MINIMUM         18   1150 PM -10    1899  24     -6       19
  AVERAGE         21                        32    -11       28

PRECIPITATION (IN)
  YESTERDAY        T             2.00 1983   0.08  -0.08      T
  MONTH TO DATE    1.73                      0.92   0.81     0.43
  SINCE DEC 1     10.65                      7.03   3.62     6.19
  SINCE JAN 1      6.36                      3.80   2.56     2.93

SNOWFALL (IN)
  YESTERDAY        T            24.0  1983   0.4   -0.4       T
  MONTH TO DATE    5.5                       4.3    1.2      1.8
  SINCE DEC 1     36.1                      18.2   17.9     15.6
  SINCE JUL 1     36.1                      18.8   17.3     18.0
  SNOW DEPTH       4

DEGREE DAYS
 HEATING
  YESTERDAY       44                        33     11       37
  MONTH TO DATE  344                       375    -31      414
  SINCE DEC 1   2037                      2425   -388     2475
  SINCE JUL 1   2812                      3464   -652     3488

 COOLING
  YESTERDAY        0                         0      0        0
  MONTH TO DATE    0                         0      0        0
  SINCE DEC 1      0                         0      0        0
  SINCE JAN 1      0                         0      0        0
..................................................................


WIND (MPH)
  HIGHEST WIND SPEED    31   HIGHEST WIND DIRECTION    NW (300)
  HIGHEST GUST SPEED    39   HIGHEST GUST DIRECTION    NW (310)
  AVERAGE WIND SPEED    18.2


SKY COVER
  POSSIBLE SUNSHINE  MM
  AVERAGE SKY COVER 0.5


WEATHER CONDITIONS
 THE FOLLOWING WEATHER WAS RECORDED YESTERDAY.
  LIGHT SNOW
  FOG
  HAZE
  BLOWING SNOW


RELATIVE HUMIDITY (PERCENT)
 HIGHEST    65          1200 AM
 LOWEST     44           500 PM
 AVERAGE    55

..........................................................


THE HARRISBURG PA CLIMATE NORMALS FOR TODAY
                         NORMAL    RECORD    YEAR
 MAXIMUM TEMPERATURE (F)   40        74      1999
 MINIMUM TEMPERATURE (F)   24         0      1979


SUNRISE AND SUNSET
FEBRUARY 12 2016......SUNRISE   705 AM EST   SUNSET   539 PM EST
FEBRUARY 13 2016......SUNRISE   703 AM EST   SUNSET   540 PM EST


-  INDICATES NEGATIVE NUMBERS.
R  INDICATES RECORD WAS SET OR TIED.
MM INDICATES DATA IS MISSING.
T  INDICATES TRACE AMOUNT.




$$
