000
CDUS41 KCTP 300615
CLIMDT


CLIMATE REPORT
NATIONAL WEATHER SERVICE STATE COLLEGE PA
214 AM EDT SAT APR 30 2016


...................................

...THE HARRISBURG PA CLIMATE SUMMARY FOR APRIL 29 2016...

CLIMATE NORMAL PERIOD 1981 TO 2010
CLIMATE RECORD PERIOD 1888 TO 2016


WEATHER ITEM   OBSERVED TIME   RECORD YEAR NORMAL DEPARTURE LAST
                VALUE   (LST)  VALUE       VALUE  FROM      YEAR
                                                  NORMAL
..................................................................
TEMPERATURE (F)
 YESTERDAY
  MAXIMUM         50    535 PM  90    1974  67    -17       75
  MINIMUM         45    941 AM  32    2001  46     -1       43
  AVERAGE         48                        57     -9       59

PRECIPITATION (IN)
  YESTERDAY        0.14          0.76 1996   0.11   0.03     0.00
  MONTH TO DATE    2.50                      3.00  -0.50     1.98
  SINCE MAR 1      3.80                      6.37  -2.57     5.54
  SINCE JAN 1     13.72                     11.64   2.08     9.13

SNOWFALL (IN)
  YESTERDAY        0.0           0.2  1909   0.0    0.0      0.0
  MONTH TO DATE    1.2                       0.4    0.8       T
  SINCE MAR 1      1.4                       5.6   -4.2     11.8
  SINCE JUL 1     39.1                      30.6    8.5     39.2
  SNOW DEPTH       0

DEGREE DAYS
 HEATING
  YESTERDAY       17                         9      8        6
  MONTH TO DATE  379                       384     -5      340
  SINCE MAR 1    899                      1107   -208     1234
  SINCE JUL 1   4271                      5095   -824     5537

 COOLING
  YESTERDAY        0                         0      0        0
  MONTH TO DATE   11                         0     11        0
  SINCE MAR 1     12                         1     11        0
  SINCE JAN 1     12                         1     11        0
..................................................................


WIND (MPH)
  HIGHEST WIND SPEED    14   HIGHEST WIND DIRECTION    SE (130)
  HIGHEST GUST SPEED    17   HIGHEST GUST DIRECTION    SE (140)
  AVERAGE WIND SPEED     5.8


SKY COVER
  POSSIBLE SUNSHINE  MM
  AVERAGE SKY COVER 1.0


WEATHER CONDITIONS
 THE FOLLOWING WEATHER WAS RECORDED YESTERDAY.
  HEAVY RAIN
  LIGHT RAIN
  FOG


RELATIVE HUMIDITY (PERCENT)
 HIGHEST    93           600 PM
 LOWEST     80          1200 PM
 AVERAGE    87

..........................................................


THE HARRISBURG PA CLIMATE NORMALS FOR TODAY
                         NORMAL    RECORD    YEAR
 MAXIMUM TEMPERATURE (F)   68        92      1942
 MINIMUM TEMPERATURE (F)   47        35      2012
                                             1977
                                             1931


SUNRISE AND SUNSET
APRIL 30 2016.........SUNRISE   607 AM EDT   SUNSET   802 PM EDT
MAY  1 2016...........SUNRISE   606 AM EDT   SUNSET   803 PM EDT


-  INDICATES NEGATIVE NUMBERS.
R  INDICATES RECORD WAS SET OR TIED.
MM INDICATES DATA IS MISSING.
T  INDICATES TRACE AMOUNT.




$$
