000
CDUS41 KCTP 250617
CLIMDT


CLIMATE REPORT
NATIONAL WEATHER SERVICE STATE COLLEGE PA
216 AM EDT MON MAY 25 2015


...................................

...THE HARRISBURG PA CLIMATE SUMMARY FOR MAY 24 2015...

CLIMATE NORMAL PERIOD 1981 TO 2010
CLIMATE RECORD PERIOD 1888 TO 2015


WEATHER ITEM   OBSERVED TIME   RECORD YEAR NORMAL DEPARTURE LAST
                VALUE   (LST)  VALUE       VALUE  FROM      YEAR
                                                  NORMAL
..................................................................
TEMPERATURE (F)
 YESTERDAY
  MAXIMUM         82    512 PM  91    1964  74      8       75
  MINIMUM         48    502 AM  35    1963  55     -7       55
  AVERAGE         65                        64      1       65

PRECIPITATION (IN)
  YESTERDAY        0.00          1.91 1910   0.13  -0.13     0.13
  MONTH TO DATE    1.85                      2.91  -1.06     3.93
  SINCE MAR 1      7.48                      9.38  -1.90    13.72
  SINCE JAN 1     11.07                     14.65  -3.58    20.43

SNOWFALL (IN)
  YESTERDAY        0.0           0.0  2002   0.0    0.0      0.0
                                      2001
  MONTH TO DATE    0.0                       0.0    0.0      0.0
  SINCE MAR 1     11.8                       5.6    6.2      1.4
  SINCE JUL 1     39.2                      30.6    8.6     44.0
  SNOW DEPTH       0

DEGREE DAYS
 HEATING
  YESTERDAY        0                         3     -3        0
  MONTH TO DATE   45                       130    -85       98
  SINCE MAR 1   1284                      1245     39     1373
  SINCE JUL 1   5587                      5233    354     5717

 COOLING
  YESTERDAY        0                         3     -3        0
  MONTH TO DATE   93                        37     56       33
  SINCE MAR 1     93                        44     49       39
  SINCE JAN 1     93                        44     49       39
..................................................................


WIND (MPH)
  HIGHEST WIND SPEED    12   HIGHEST WIND DIRECTION    SW (220)
  HIGHEST GUST SPEED    16   HIGHEST GUST DIRECTION    SW (220)
  AVERAGE WIND SPEED     4.0


SKY COVER
  POSSIBLE SUNSHINE  MM
  AVERAGE SKY COVER 0.4


WEATHER CONDITIONS
 THE FOLLOWING WEATHER WAS RECORDED YESTERDAY.
  NO SIGNIFICANT WEATHER WAS OBSERVED.


RELATIVE HUMIDITY (PERCENT)
 HIGHEST    80           400 AM
 LOWEST     30           300 PM
 AVERAGE    55

..........................................................


THE HARRISBURG PA CLIMATE NORMALS FOR TODAY
                         NORMAL    RECORD    YEAR
 MAXIMUM TEMPERATURE (F)   75        92      1991
 MINIMUM TEMPERATURE (F)   55        35      1956


SUNRISE AND SUNSET
MAY 25 2015...........SUNRISE   544 AM EDT   SUNSET   825 PM EDT
MAY 26 2015...........SUNRISE   543 AM EDT   SUNSET   826 PM EDT


-  INDICATES NEGATIVE NUMBERS.
R  INDICATES RECORD WAS SET OR TIED.
MM INDICATES DATA IS MISSING.
T  INDICATES TRACE AMOUNT.




$$
