000
CDUS41 KCTP 172217
CLIMDT


CLIMATE REPORT
NATIONAL WEATHER SERVICE STATE COLLEGE PA
516 PM EST SAT FEB 17 2018


...................................

...THE HARRISBURG PA CLIMATE SUMMARY FOR FEBRUARY 17 2018...
VALID TODAY AS OF 0500 PM LOCAL TIME.

CLIMATE NORMAL PERIOD 1981 TO 2010
CLIMATE RECORD PERIOD 1888 TO 2018


WEATHER ITEM   OBSERVED TIME   RECORD YEAR NORMAL DEPARTURE LAST
                VALUE   (LST)  VALUE       VALUE  FROM      YEAR
                                                  NORMAL
..................................................................
TEMPERATURE (F)
 TODAY
  MAXIMUM         39   1256 PM  67    2011  41     -2       45
  MINIMUM         24    617 AM  -1    1896  25     -1       23
  AVERAGE         32                        33     -1       34

PRECIPITATION (IN)
  TODAY            0.05          0.88 1954   0.08  -0.03     0.00
  MONTH TO DATE    3.78                      1.40   2.38     1.21
  SINCE DEC 1      8.96                      7.51   1.45     6.20
  SINCE JAN 1      7.78                      4.28   3.50     3.84

SNOWFALL (IN)
  TODAY            0.5           7.8  1903   0.4    0.1      0.0
  MONTH TO DATE    3.8                       6.7   -2.9      3.6
  SINCE DEC 1     15.2                      20.6   -5.4      5.5
  SINCE JUL 1     15.2                      21.2   -6.0      5.5
  SNOW DEPTH       0

DEGREE DAYS
 HEATING
  TODAY           33                        32      1       31
  MONTH TO DATE  522                       569    -47      488
  SINCE DEC 1   2643                      2619     24     2281
  SINCE JUL 1   3498                      3658   -160     3067

 COOLING
  TODAY            0                         0      0        0
  MONTH TO DATE    0                         0      0        0
  SINCE DEC 1      0                         0      0        0
  SINCE JAN 1      0                         0      0        0
..................................................................


WIND (MPH)
  HIGHEST WIND SPEED    18   HIGHEST WIND DIRECTION    SE (150)
  HIGHEST GUST SPEED    25   HIGHEST GUST DIRECTION    SE (150)
  AVERAGE WIND SPEED     6.3


SKY COVER
  POSSIBLE SUNSHINE  MM
  AVERAGE SKY COVER 0.4


WEATHER CONDITIONS
 THE FOLLOWING WEATHER WAS RECORDED TODAY.
  SNOW
  LIGHT SNOW
  FOG


RELATIVE HUMIDITY (PERCENT)
 HIGHEST    89           500 PM
 LOWEST     50           100 PM
 AVERAGE    70

..........................................................


THE HARRISBURG PA CLIMATE NORMALS FOR TOMORROW
                         NORMAL    RECORD    YEAR
 MAXIMUM TEMPERATURE (F)   41        69      2011
                                             1890
 MINIMUM TEMPERATURE (F)   26        -5      1979


SUNRISE AND SUNSET
FEBRUARY 17 2018......SUNRISE   658 AM EST   SUNSET   545 PM EST
FEBRUARY 18 2018......SUNRISE   656 AM EST   SUNSET   546 PM EST


-  INDICATES NEGATIVE NUMBERS.
R  INDICATES RECORD WAS SET OR TIED.
MM INDICATES DATA IS MISSING.
T  INDICATES TRACE AMOUNT.




$$
