000
CDUS41 KCTP 312117
CLIMDT


CLIMATE REPORT
NATIONAL WEATHER SERVICE STATE COLLEGE PA
516 PM EDT TUE MAY 31 2016


...................................

...THE HARRISBURG PA CLIMATE SUMMARY FOR MAY 31 2016...
VALID TODAY AS OF 0500 PM LOCAL TIME.

CLIMATE NORMAL PERIOD 1981 TO 2010
CLIMATE RECORD PERIOD 1888 TO 2016


WEATHER ITEM   OBSERVED TIME   RECORD YEAR NORMAL DEPARTURE LAST
                VALUE   (LST)  VALUE       VALUE  FROM      YEAR
                                                  NORMAL
..................................................................
TEMPERATURE (F)
 TODAY
  MAXIMUM         87    234 PM  97    1939  76     11       90
  MINIMUM         66    632 AM  43    1996  57      9       69
                                      1990
                                      1965
  AVERAGE         77                        67     10       80

PRECIPITATION (IN)
  TODAY            0.00          4.66 1889   0.13  -0.13     1.04
  MONTH TO DATE    3.46                      3.79  -0.33     3.52
  SINCE MAR 1      7.27                     10.26  -2.99     9.15
  SINCE JAN 1     17.19                     15.53   1.66    12.74

SNOWFALL (IN)
  TODAY            0.0           0.0  2002   0.0    0.0      0.0
                                      2001
  MONTH TO DATE    0.0                       0.0    0.0      0.0
  SINCE MAR 1      1.4                       5.6   -4.2     11.8
  SINCE JUL 1     39.1                      30.6    8.5     39.2
  SNOW DEPTH       0

DEGREE DAYS
 HEATING
  TODAY            0                         2     -2        0
  MONTH TO DATE  173                       147     26       45
  SINCE MAR 1   1084                      1263   -179     1284
  SINCE JUL 1   4456                      5251   -795     5587

 COOLING
  TODAY           12                         4      8       15
  MONTH TO DATE   85                        58     27      174
  SINCE MAR 1     97                        65     32      174
  SINCE JAN 1     97                        65     32      174
..................................................................


WIND (MPH)
  HIGHEST WIND SPEED    16   HIGHEST WIND DIRECTION     N (340)
  HIGHEST GUST SPEED    23   HIGHEST GUST DIRECTION    NW (310)
  AVERAGE WIND SPEED     5.3


SKY COVER
  POSSIBLE SUNSHINE  MM
  AVERAGE SKY COVER 0.5


WEATHER CONDITIONS
 THE FOLLOWING WEATHER WAS RECORDED TODAY.
  FOG
  FOG W/VISIBILITY <= 1/4 MILE
  HAZE


RELATIVE HUMIDITY (PERCENT)
 HIGHEST    93           400 AM
 LOWEST     32           300 PM
 AVERAGE    63

..........................................................


THE HARRISBURG PA CLIMATE NORMALS FOR TOMORROW
                         NORMAL    RECORD    YEAR
 MAXIMUM TEMPERATURE (F)   77        97      1895
 MINIMUM TEMPERATURE (F)   58        45      2009
                                             1930
                                             1910


SUNRISE AND SUNSET
MAY 31 2016...........SUNRISE   540 AM EDT   SUNSET   830 PM EDT
JUNE  1 2016..........SUNRISE   540 AM EDT   SUNSET   831 PM EDT


-  INDICATES NEGATIVE NUMBERS.
R  INDICATES RECORD WAS SET OR TIED.
MM INDICATES DATA IS MISSING.
T  INDICATES TRACE AMOUNT.




$$
