000
CDUS41 KCTP 280621
CLIMDT


CLIMATE REPORT
NATIONAL WEATHER SERVICE STATE COLLEGE PA
221 AM EDT SAT MAR 28 2015


...................................

...THE HARRISBURG PA CLIMATE SUMMARY FOR MARCH 27 2015...

CLIMATE NORMAL PERIOD 1981 TO 2010
CLIMATE RECORD PERIOD 1888 TO 2015


WEATHER ITEM   OBSERVED TIME   RECORD YEAR NORMAL DEPARTURE LAST
                VALUE   (LST)  VALUE       VALUE  FROM      YEAR
                                                  NORMAL
..................................................................
TEMPERATURE (F)
 YESTERDAY
  MAXIMUM         48    302 PM  85    1998  55     -7       46
  MINIMUM         36   1159 PM  19    1894  36      0       20
  AVERAGE         42                        45     -3       33

PRECIPITATION (IN)
  YESTERDAY        0.04          2.04 1913   0.11  -0.07     0.00
  MONTH TO DATE    3.53                      2.90   0.63     0.60
  SINCE MAR 1      3.53                      2.90   0.63     0.60
  SINCE JAN 1      7.12                      8.17  -1.05     7.31

SNOWFALL (IN)
  YESTERDAY        0.0          10.0  1891   0.1   -0.1      0.0
  MONTH TO DATE   11.3                       4.9    6.4      1.1
  SINCE MAR 1     11.3                       4.9    6.4      1.1
  SINCE JUL 1     38.7                      29.9    8.8     43.7
  SNOW DEPTH       0

DEGREE DAYS
 HEATING
  YESTERDAY       23                        20      3       32
  MONTH TO DATE  789                       648    141      804
  SINCE MAR 1    789                       648    141      804
  SINCE JUL 1   5092                      4636    456     5148

 COOLING
  YESTERDAY        0                         0      0        0
  MONTH TO DATE    0                         0      0        0
  SINCE MAR 1      0                         0      0        0
  SINCE JAN 1      0                         0      0        0
..................................................................


WIND (MPH)
  HIGHEST WIND SPEED    21   HIGHEST WIND DIRECTION    NW (320)
  HIGHEST GUST SPEED    29   HIGHEST GUST DIRECTION    NW (310)
  AVERAGE WIND SPEED    11.2


SKY COVER
  POSSIBLE SUNSHINE  MM
  AVERAGE SKY COVER 0.9


WEATHER CONDITIONS
 THE FOLLOWING WEATHER WAS RECORDED YESTERDAY.
  LIGHT RAIN
  FOG


RELATIVE HUMIDITY (PERCENT)
 HIGHEST    86           600 AM
 LOWEST     37           500 PM
 AVERAGE    62

..........................................................


THE HARRISBURG PA CLIMATE NORMALS FOR TODAY
                         NORMAL    RECORD    YEAR
 MAXIMUM TEMPERATURE (F)   55        84      1989
                                             1945
 MINIMUM TEMPERATURE (F)   36        18      1923


SUNRISE AND SUNSET
MARCH 28 2015.........SUNRISE   658 AM EDT   SUNSET   727 PM EDT
MARCH 29 2015.........SUNRISE   656 AM EDT   SUNSET   728 PM EDT


-  INDICATES NEGATIVE NUMBERS.
R  INDICATES RECORD WAS SET OR TIED.
MM INDICATES DATA IS MISSING.
T  INDICATES TRACE AMOUNT.




$$
