050
CDUS41 KCTP 280621
CLIMDT


CLIMATE REPORT
NATIONAL WEATHER SERVICE STATE COLLEGE PA
221 AM EDT WED SEP 28 2016


...................................

...THE HARRISBURG PA CLIMATE SUMMARY FOR SEPTEMBER 27 2016...

CLIMATE NORMAL PERIOD 1981 TO 2010
CLIMATE RECORD PERIOD 1888 TO 2016


WEATHER ITEM   OBSERVED TIME   RECORD YEAR NORMAL DEPARTURE LAST
                VALUE   (LST)  VALUE       VALUE  FROM      YEAR
                                                  NORMAL
..................................................................
TEMPERATURE (F)
 YESTERDAY
  MAXIMUM         76    410 PM  91    1998  71      5       73
  MINIMUM         55   1144 PM  34    1947  52      3       55
  AVERAGE         66                        61      5       64

PRECIPITATION (IN)
  YESTERDAY        0.00          2.81 2007   0.15  -0.15     0.00
  MONTH TO DATE    2.85                      3.65  -0.80     6.41
  SINCE SEP 1      2.85                      3.65  -0.80     6.41
  SINCE JAN 1     33.62                     30.59   3.03    31.04

DEGREE DAYS
 HEATING
  YESTERDAY        0                         5     -5        1
  MONTH TO DATE    9                        52    -43        7
  SINCE SEP 1      9                        52    -43        7
  SINCE JUL 1      9                        54    -45        7

 COOLING
  YESTERDAY        1                         1      0        0
  MONTH TO DATE  223                        93    130      191
  SINCE SEP 1    223                        93    130      191
  SINCE JAN 1   1487                       989    498     1311
..................................................................


WIND (MPH)
  HIGHEST WIND SPEED    10   HIGHEST WIND DIRECTION    NW (300)
  HIGHEST GUST SPEED    14   HIGHEST GUST DIRECTION     N (10)
  AVERAGE WIND SPEED     2.9


SKY COVER
  POSSIBLE SUNSHINE  MM
  AVERAGE SKY COVER 0.3


WEATHER CONDITIONS
 THE FOLLOWING WEATHER WAS RECORDED YESTERDAY.
  FOG


RELATIVE HUMIDITY (PERCENT)
 HIGHEST   100           400 AM
 LOWEST     36           300 PM
 AVERAGE    68

..........................................................


THE HARRISBURG PA CLIMATE NORMALS FOR TODAY
                         NORMAL    RECORD    YEAR
 MAXIMUM TEMPERATURE (F)   71        87      1954
                                             1945
                                             1941
 MINIMUM TEMPERATURE (F)   51        32      1947


SUNRISE AND SUNSET
SEPTEMBER 28 2016.....SUNRISE   701 AM EDT   SUNSET   653 PM EDT
SEPTEMBER 29 2016.....SUNRISE   702 AM EDT   SUNSET   652 PM EDT


-  INDICATES NEGATIVE NUMBERS.
R  INDICATES RECORD WAS SET OR TIED.
MM INDICATES DATA IS MISSING.
T  INDICATES TRACE AMOUNT.




$$
