000
CDUS43 KLOT 250632
CLIMDW


CLIMATE REPORT
NATIONAL WEATHER SERVICE CHICAGO IL
132 AM CDT SAT OCT 25 2014


...................................

...THE CHICAGO-MIDWAY CLIMATE SUMMARY FOR OCTOBER 24 2014...

CLIMATE NORMAL PERIOD 1981 TO 2010
CLIMATE RECORD PERIOD 1928 TO 2014


WEATHER ITEM   OBSERVED TIME   RECORD YEAR NORMAL DEPARTURE LAST
                VALUE   (LST)  VALUE       VALUE  FROM      YEAR
                                                  NORMAL
..................................................................
TEMPERATURE (F)
 YESTERDAY
  MAXIMUM         68    337 PM  83    1963  60      8       44
  MINIMUM         54    709 AM  20    1981  43     11       34
  AVERAGE         61                        51     10       39

PRECIPITATION (IN)
  YESTERDAY        0.00          1.38 1940   0.10  -0.10     0.00
  MONTH TO DATE    3.56                      2.45   1.11     1.90
  SINCE SEP 1      6.06                      5.76   0.30     2.99
  SINCE JAN 1     39.56                     32.31   7.25    27.93

DEGREE DAYS
 HEATING
  YESTERDAY        4                        14    -10       26
  MONTH TO DATE  236                       242     -6      230
  SINCE SEP 1    322                       319      3      280
  SINCE JUL 1    323                       324     -1      284

 COOLING
  YESTERDAY        0                         0      0        0
  MONTH TO DATE    6                        13     -7       34
  SINCE SEP 1    132                       132      0      195
  SINCE JAN 1   1064                      1042     22     1091
..................................................................


WIND (MPH)
  RESULTANT WIND SPEED   5   RESULTANT WIND DIRECTION  SW (220)
  HIGHEST WIND SPEED    12   HIGHEST WIND DIRECTION    SW (220)
  HIGHEST GUST SPEED    20   HIGHEST GUST DIRECTION     S (200)
  AVERAGE WIND SPEED     5.8



WEATHER CONDITIONS
 THE FOLLOWING WEATHER WAS RECORDED YESTERDAY.
  NO SIGNIFICANT WEATHER WAS OBSERVED.


..........................................................


THE CHICAGO-MIDWAY CLIMATE NORMALS FOR TODAY
                         NORMAL    RECORD    YEAR
 MAXIMUM TEMPERATURE (F)   59        79      1989
                                             1963
 MINIMUM TEMPERATURE (F)   43        25      1962


SUNRISE AND SUNSET
OCTOBER 25 2014.......SUNRISE   715 AM CDT   SUNSET   555 PM CDT
OCTOBER 26 2014.......SUNRISE   716 AM CDT   SUNSET   553 PM CDT


-  INDICATES NEGATIVE NUMBERS.
R  INDICATES RECORD WAS SET OR TIED.
MM INDICATES DATA IS MISSING.
T  INDICATES TRACE AMOUNT.




$$
