000
CDUS43 KLOT 040634
CLIMDW


CLIMATE REPORT
NATIONAL WEATHER SERVICE CHICAGO IL
132 AM CDT WED MAY 4 2016


...................................

...THE CHICAGO-MIDWAY CLIMATE SUMMARY FOR MAY 3 2016...

CLIMATE NORMAL PERIOD 1981 TO 2010
CLIMATE RECORD PERIOD 1928 TO 2016


WEATHER ITEM   OBSERVED TIME   RECORD YEAR NORMAL DEPARTURE LAST
                VALUE   (LST)  VALUE       VALUE  FROM      YEAR
                                                  NORMAL
..................................................................
TEMPERATURE (F)
 YESTERDAY
  MAXIMUM         68    451 PM  92    1955  66      2       82
  MINIMUM         42    322 AM  32    1971  48     -6       60
  AVERAGE         55                        57     -2       71

PRECIPITATION (IN)
  YESTERDAY        0.00          0.76 1935   0.13  -0.13     0.20
  MONTH TO DATE    0.38                      0.37   0.01     0.20
  SINCE MAR 1      5.76                      6.73  -0.97     3.62
  SINCE JAN 1      6.54                     10.73  -4.19     4.96

DEGREE DAYS
 HEATING
  YESTERDAY       10                         9      1        0
  MONTH TO DATE   41                        28     13       12
  SINCE MAR 1   1098                      1288   -190     1208
  SINCE JUL 1   4736                      5799  -1063     5930

 COOLING
  YESTERDAY        0                         1     -1        6
  MONTH TO DATE    0                         3     -3        7
  SINCE MAR 1     13                        16     -3        7
  SINCE JAN 1     13                        16     -3        7
..................................................................


WIND (MPH)
  RESULTANT WIND SPEED   7   RESULTANT WIND DIRECTION   W (260)
  HIGHEST WIND SPEED    20   HIGHEST WIND DIRECTION    SW (230)
  HIGHEST GUST SPEED    25   HIGHEST GUST DIRECTION     W (260)
  AVERAGE WIND SPEED     8.3



WEATHER CONDITIONS
 THE FOLLOWING WEATHER WAS RECORDED YESTERDAY.
  NO SIGNIFICANT WEATHER WAS OBSERVED.


..........................................................


THE CHICAGO-MIDWAY CLIMATE NORMALS FOR TODAY
                         NORMAL    RECORD    YEAR
 MAXIMUM TEMPERATURE (F)   66        MM        MM
 MINIMUM TEMPERATURE (F)   48        MM        MM


SUNRISE AND SUNSET
MAY  4 2016...........SUNRISE   543 AM CDT   SUNSET   753 PM CDT
MAY  5 2016...........SUNRISE   542 AM CDT   SUNSET   754 PM CDT


-  INDICATES NEGATIVE NUMBERS.
R  INDICATES RECORD WAS SET OR TIED.
MM INDICATES DATA IS MISSING.
T  INDICATES TRACE AMOUNT.




$$
