667
CDUS43 KLOT 291752
CLIMDW


CLIMATE REPORT
NATIONAL WEATHER SERVICE CHICAGO IL
1252 PM CDT THU SEP 29 2016


...................................

...THE CHICAGO-MIDWAY CLIMATE SUMMARY FOR SEPTEMBER 28 2016...

CLIMATE NORMAL PERIOD 1981 TO 2010
CLIMATE RECORD PERIOD 1928 TO 2016


WEATHER ITEM   OBSERVED TIME   RECORD YEAR NORMAL DEPARTURE LAST
                VALUE   (LST)  VALUE       VALUE  FROM      YEAR
                                                  NORMAL
..................................................................
TEMPERATURE (F)
 YESTERDAY
  MAXIMUM         63   1159 PM  92    1953  70     -7       81
  MINIMUM         52    657 AM  29    1942  52      0       67
  AVERAGE         58                        61     -3       74

PRECIPITATION (IN)
  YESTERDAY        0.52          3.65 1972   0.10   0.42     0.00
  MONTH TO DATE    1.13                      3.12  -1.99     5.07
  SINCE SEP 1      1.13                      3.12  -1.99     5.07
  SINCE JAN 1     25.78                     29.67  -3.89    22.63

DEGREE DAYS
 HEATING
  YESTERDAY        7                         6      1        0
  MONTH TO DATE    9                        68    -59       14
  SINCE SEP 1      9                        68    -59       14
  SINCE JUL 1      9                        73    -64       20

 COOLING
  YESTERDAY        0                         2     -2        9
  MONTH TO DATE  229                       117    112      227
  SINCE SEP 1    229                       117    112      227
  SINCE JAN 1   1421                      1027    394     1140
..................................................................


WIND (MPH)
  RESULTANT WIND SPEED  12   RESULTANT WIND DIRECTION   N (360)
  HIGHEST WIND SPEED    24   HIGHEST WIND DIRECTION     N (20)
  HIGHEST GUST SPEED    32   HIGHEST GUST DIRECTION     N (20)
  AVERAGE WIND SPEED    11.5



WEATHER CONDITIONS
 THE FOLLOWING WEATHER WAS RECORDED YESTERDAY.
  THUNDERSTORM
  HEAVY RAIN
  RAIN
  LIGHT RAIN
  FOG


..........................................................


THE CHICAGO-MIDWAY CLIMATE NORMALS FOR TODAY
                         NORMAL    RECORD    YEAR
 MAXIMUM TEMPERATURE (F)   70        99      1953
 MINIMUM TEMPERATURE (F)   52        33      1942


SUNRISE AND SUNSET
SEPTEMBER 29 2016.....SUNRISE   646 AM CDT   SUNSET   635 PM CDT
SEPTEMBER 30 2016.....SUNRISE   647 AM CDT   SUNSET   634 PM CDT


-  INDICATES NEGATIVE NUMBERS.
R  INDICATES RECORD WAS SET OR TIED.
MM INDICATES DATA IS MISSING.
T  INDICATES TRACE AMOUNT.




$$
