000
CDUS43 KLOT 170637
CLIMDW


CLIMATE REPORT
NATIONAL WEATHER SERVICE CHICAGO IL
136 AM CDT THU APR 17 2014


...................................

...THE CHICAGO-MIDWAY CLIMATE SUMMARY FOR APRIL 16 2014...

CLIMATE NORMAL PERIOD 1981 TO 2010
CLIMATE RECORD PERIOD 1928 TO 2014


WEATHER ITEM   OBSERVED TIME   RECORD YEAR NORMAL DEPARTURE LAST
                VALUE   (LST)  VALUE       VALUE  FROM      YEAR
                                                  NORMAL
..................................................................
TEMPERATURE (F)
 YESTERDAY
  MAXIMUM         52    503 PM  88    2002  60     -8       56
  MINIMUM         31    455 AM  26    1962  42    -11       42
                                      1949
  AVERAGE         42                        51     -9       49

PRECIPITATION (IN)
  YESTERDAY        0.00          1.33 2006   0.13  -0.13      T
  MONTH TO DATE    1.72                      1.90  -0.18     2.30
  SINCE MAR 1      2.81                      4.62  -1.81     3.56
  SINCE JAN 1      5.30                      8.62  -3.32     7.81

DEGREE DAYS
 HEATING
  YESTERDAY       23                        15      8       16
  MONTH TO DATE  283                       280      3      313
  SINCE MAR 1   1280                      1092    188     1276
  SINCE JUL 1   6482                      5603    879     5428

 COOLING
  YESTERDAY        0                        MM     MM        0
  MONTH TO DATE    1                         0      1        0
  SINCE MAR 1      1                         1      0        0
  SINCE JAN 1      1                         1      0        0
..................................................................


WIND (MPH)
  RESULTANT WIND SPEED  14   RESULTANT WIND DIRECTION   S (160)
  HIGHEST WIND SPEED    25   HIGHEST WIND DIRECTION    SE (140)
  HIGHEST GUST SPEED    33   HIGHEST GUST DIRECTION     S (170)
  AVERAGE WIND SPEED    14.4



WEATHER CONDITIONS
 THE FOLLOWING WEATHER WAS RECORDED YESTERDAY.
  NO SIGNIFICANT WEATHER WAS OBSERVED.


..........................................................


THE CHICAGO-MIDWAY CLIMATE NORMALS FOR TODAY
                         NORMAL    RECORD    YEAR
 MAXIMUM TEMPERATURE (F)   60        88      1976
 MINIMUM TEMPERATURE (F)   42        29      1983
                                             1944


SUNRISE AND SUNSET
APRIL 17 2014.........SUNRISE   608 AM CDT   SUNSET   734 PM CDT
APRIL 18 2014.........SUNRISE   606 AM CDT   SUNSET   735 PM CDT


-  INDICATES NEGATIVE NUMBERS.
R  INDICATES RECORD WAS SET OR TIED.
MM INDICATES DATA IS MISSING.
T  INDICATES TRACE AMOUNT.




$$
