000
CDUS43 KLOT 280636
CLIMDW


CLIMATE REPORT
NATIONAL WEATHER SERVICE CHICAGO IL
134 AM CDT MON JUL 28 2014


...................................

...THE CHICAGO-MIDWAY CLIMATE SUMMARY FOR JULY 27 2014...

CLIMATE NORMAL PERIOD 1981 TO 2010
CLIMATE RECORD PERIOD 1928 TO 2014


WEATHER ITEM   OBSERVED TIME   RECORD YEAR NORMAL DEPARTURE LAST
                VALUE   (LST)  VALUE       VALUE  FROM      YEAR
                                                  NORMAL
..................................................................
TEMPERATURE (F)
 YESTERDAY
  MAXIMUM         89   1202 PM 100    1955  84      5       68
  MINIMUM         66   1047 PM  51    1937  68     -2       57
  AVERAGE         78                        76      2       63

PRECIPITATION (IN)
  YESTERDAY        0.04          4.71 1966   0.14  -0.10     0.00
  MONTH TO DATE    5.18                      3.44   1.74     0.95
  SINCE JUN 1     12.90                      7.50   5.40     4.23
  SINCE JAN 1     24.19                     21.99   2.20    21.82

DEGREE DAYS
 HEATING
  YESTERDAY        0                         0      0        2
  MONTH TO DATE    1                         0      1        2
  SINCE JUN 1      3                        31    -28       38
  SINCE JUL 1      1                         0      1        2

 COOLING
  YESTERDAY       13                        11      2        0
  MONTH TO DATE  215                       295    -80      301
  SINCE JUN 1    466                       505    -39      482
  SINCE JAN 1    577                       579     -2      588
..................................................................


WIND (MPH)
  RESULTANT WIND SPEED  11   RESULTANT WIND DIRECTION   W (290)
  HIGHEST WIND SPEED    30   HIGHEST WIND DIRECTION    NW (310)
  HIGHEST GUST SPEED    39   HIGHEST GUST DIRECTION    NW (320)
  AVERAGE WIND SPEED    14.2



WEATHER CONDITIONS
 THE FOLLOWING WEATHER WAS RECORDED YESTERDAY.
  FOG


..........................................................


THE CHICAGO-MIDWAY CLIMATE NORMALS FOR TODAY
                         NORMAL    RECORD    YEAR
 MAXIMUM TEMPERATURE (F)   84       100      1983
                                             1941
 MINIMUM TEMPERATURE (F)   68        53      1981


SUNRISE AND SUNSET
JULY 28 2014..........SUNRISE   541 AM CDT   SUNSET   813 PM CDT
JULY 29 2014..........SUNRISE   542 AM CDT   SUNSET   812 PM CDT


-  INDICATES NEGATIVE NUMBERS.
R  INDICATES RECORD WAS SET OR TIED.
MM INDICATES DATA IS MISSING.
T  INDICATES TRACE AMOUNT.




$$
