000
CDUS43 KLOT 300632
CLIMDW


CLIMATE REPORT
NATIONAL WEATHER SERVICE CHICAGO IL
132 AM CDT MON MAY 30 2016


...................................

...THE CHICAGO-MIDWAY CLIMATE SUMMARY FOR MAY 29 2016...

CLIMATE NORMAL PERIOD 1981 TO 2010
CLIMATE RECORD PERIOD 1928 TO 2016


WEATHER ITEM   OBSERVED TIME   RECORD YEAR NORMAL DEPARTURE LAST
                VALUE   (LST)  VALUE       VALUE  FROM      YEAR
                                                  NORMAL
..................................................................
TEMPERATURE (F)
 YESTERDAY
  MAXIMUM         81    450 PM  95    1942  74      7       84
  MINIMUM         65    459 AM  36    1930  56      9       71
  AVERAGE         73                        65      8       78

PRECIPITATION (IN)
  YESTERDAY        T             0.83 1989   0.14  -0.14     0.18
  MONTH TO DATE    4.59                      3.84   0.75     3.29
  SINCE MAR 1      9.97                     10.20  -0.23     6.71
  SINCE JAN 1     10.75                     14.20  -3.45     8.05

DEGREE DAYS
 HEATING
  YESTERDAY        0                         3     -3        0
  MONTH TO DATE  180                       182     -2      125
  SINCE MAR 1   1237                      1442   -205     1321
  SINCE JUL 1   4875                      5953  -1078     6043

 COOLING
  YESTERDAY        8                         3      5       13
  MONTH TO DATE   73                        54     19      106
  SINCE MAR 1     86                        67     19      106
  SINCE JAN 1     86                        67     19      106
..................................................................


WIND (MPH)
  RESULTANT WIND SPEED  11   RESULTANT WIND DIRECTION  SW (240)
  HIGHEST WIND SPEED    23   HIGHEST WIND DIRECTION     W (250)
  HIGHEST GUST SPEED    30   HIGHEST GUST DIRECTION     W (250)
  AVERAGE WIND SPEED    11.4



WEATHER CONDITIONS
 THE FOLLOWING WEATHER WAS RECORDED YESTERDAY.
  LIGHT RAIN


..........................................................


THE CHICAGO-MIDWAY CLIMATE NORMALS FOR TODAY
                         NORMAL    RECORD    YEAR
 MAXIMUM TEMPERATURE (F)   75        95      1942
 MINIMUM TEMPERATURE (F)   56        36      1930


SUNRISE AND SUNSET
MAY 30 2016...........SUNRISE   519 AM CDT   SUNSET   818 PM CDT
MAY 31 2016...........SUNRISE   519 AM CDT   SUNSET   819 PM CDT


-  INDICATES NEGATIVE NUMBERS.
R  INDICATES RECORD WAS SET OR TIED.
MM INDICATES DATA IS MISSING.
T  INDICATES TRACE AMOUNT.




$$
