000
CDUS44 KMEG 180636
CLIMEG


CLIMATE REPORT
NATIONAL WEATHER SERVICE MEMPHIS TN
136 AM CDT WED OCT 18 2017


...................................

...THE MEMPHIS/GERMANTOWN WFO CLIMATE SUMMARY FOR OCTOBER 17 2017...

CLIMATE NORMAL PERIOD 1981 TO 2010
CLIMATE RECORD PERIOD 1988 TO 2017


WEATHER ITEM   OBSERVED TIME   RECORD YEAR NORMAL DEPARTURE LAST
                VALUE   (LST)  VALUE       VALUE  FROM      YEAR
                                                  NORMAL
..................................................................
TEMPERATURE (F)
 YESTERDAY
  MAXIMUM         72        MM  87    2016  74     -2       87
                                      2011
  MINIMUM         41        MM  35    2001  49     -8       67
  AVERAGE         57                        61     -4       77

PRECIPITATION (IN)
  YESTERDAY        0.00          2.95 1989   0.14  -0.14     0.00
  MONTH TO DATE    2.27                      2.28  -0.01     1.62
  SINCE SEP 1      3.64                      5.56  -1.92     2.18
  SINCE JAN 1     42.83                     41.57   1.26    53.42

SNOWFALL (IN)
  YESTERDAY        0.0          MM      MM                   0.0
  MONTH TO DATE    0.0                                       0.0
  SINCE SEP 1      0.0                                       0.0
  SINCE JUL 1      0.0                                       0.0
  SNOW DEPTH       0

DEGREE DAYS
 HEATING
  YESTERDAY        8                         5      3        0
  MONTH TO DATE   23                        64    -41        5
  SINCE SEP 1     27                        82    -55        7
  SINCE JUL 1     27                        82    -55        7

 COOLING
  YESTERDAY        0                         2     -2       12
  MONTH TO DATE  124                        48     76      102
  SINCE SEP 1    406                       305    101      495
  SINCE JAN 1   2098                      1900    198     2331
..................................................................







THE MEMPHIS/GERMANTOWN WFO CLIMATE NORMALS FOR TODAY
                         NORMAL    RECORD    YEAR
 MAXIMUM TEMPERATURE (F)   73        89      2006
 MINIMUM TEMPERATURE (F)   49        34      2009


SUNRISE AND SUNSET
OCTOBER 18 2017.......SUNRISE   708 AM CDT   SUNSET   620 PM CDT
OCTOBER 19 2017.......SUNRISE   709 AM CDT   SUNSET   619 PM CDT


-  INDICATES NEGATIVE NUMBERS.
R  INDICATES RECORD WAS SET OR TIED.
MM INDICATES DATA IS MISSING.
T  INDICATES TRACE AMOUNT.




$$
