000
CDUS44 KMEG 290733
CLIMEG


CLIMATE REPORT
NATIONAL WEATHER SERVICE MEMPHIS TN
133 AM CST THU JAN 29 2015


...................................

...THE MEMPHIS/GERMANTOWN WFO CLIMATE SUMMARY FOR JANUARY 28 2015...

CLIMATE NORMAL PERIOD 1981 TO 2010
CLIMATE RECORD PERIOD 1988 TO 2015


WEATHER ITEM   OBSERVED TIME   RECORD YEAR NORMAL DEPARTURE LAST
                VALUE   (LST)  VALUE       VALUE  FROM      YEAR
                                                  NORMAL
..................................................................
TEMPERATURE (F)
 YESTERDAY
  MAXIMUM         62    300 PM  72    2013  49     13       25
  MINIMUM         31    315 AM  10    2014  30      1       10
  AVERAGE         47                        40      7       18

PRECIPITATION (IN)
  YESTERDAY        0.00          1.84 1994   0.13  -0.13      T
  MONTH TO DATE    1.34                      3.58  -2.24     3.23
  SINCE DEC 1      3.91                      9.52  -5.61     8.79
  SINCE JAN 1      1.34                      3.58  -2.24     3.23

SNOWFALL (IN)
  YESTERDAY        0.0           3.0  2000   0.0    0.0       T
  MONTH TO DATE    T                         0.2   -0.2       T
  SINCE DEC 1      T                         0.3   -0.3       T
  SINCE JUL 1      0.3                       0.3    0.0       T
  SNOW DEPTH       0

DEGREE DAYS
 HEATING
  YESTERDAY       18                        25     -7       47
  MONTH TO DATE  723                       726     -3      835
  SINCE DEC 1   1334                      1451   -117     1556
  SINCE JUL 1   2013                      2050    -37     2216

 COOLING
  YESTERDAY        0                         0      0        0
  MONTH TO DATE    0                         0      0        0
  SINCE DEC 1      0                         1     -1        1
  SINCE JAN 1      0                         0      0        0
..................................................................







THE MEMPHIS/GERMANTOWN WFO CLIMATE NORMALS FOR TODAY
                         NORMAL    RECORD    YEAR
 MAXIMUM TEMPERATURE (F)   50        75      2013
 MINIMUM TEMPERATURE (F)   30         7      2014


SUNRISE AND SUNSET
JANUARY 29 2015.......SUNRISE   701 AM CST   SUNSET   524 PM CST
JANUARY 30 2015.......SUNRISE   700 AM CST   SUNSET   525 PM CST


-  INDICATES NEGATIVE NUMBERS.
R  INDICATES RECORD WAS SET OR TIED.
MM INDICATES DATA IS MISSING.
T  INDICATES TRACE AMOUNT.




$$
