000
CDUS44 KMEG 130742
CLIMEG


CLIMATE REPORT
NATIONAL WEATHER SERVICE MEMPHIS TN
141 AM CST WED DEC 13 2017


...................................

...THE MEMPHIS/GERMANTOWN WFO CLIMATE SUMMARY FOR DECEMBER 12 2017...

CLIMATE NORMAL PERIOD 1981 TO 2010
CLIMATE RECORD PERIOD 1988 TO 2017


WEATHER ITEM   OBSERVED TIME   RECORD YEAR NORMAL DEPARTURE LAST
                VALUE   (LST)  VALUE       VALUE  FROM      YEAR
                                                  NORMAL
..................................................................
TEMPERATURE (F)
 YESTERDAY
  MAXIMUM         50    114 AM  75    2015  52     -2       54
  MINIMUM         28   1050 PM  15    2000  32     -4       41
  AVERAGE         39                        42     -3       48

PRECIPITATION (IN)
  YESTERDAY        0.00          3.13 1999   0.21  -0.21     0.58
  MONTH TO DATE    0.98                      2.47  -1.49     2.38
  SINCE DEC 1      0.98                      2.47  -1.49     2.38
  SINCE JAN 1     47.11                     51.42  -4.31    58.94

SNOWFALL (IN)
  YESTERDAY        0.0          MM      MM                   0.0
  MONTH TO DATE    0.0                                       0.0
  SINCE DEC 1      0.0                                       0.0
  SINCE JUL 1      0.0                                       0.0
  SNOW DEPTH       0

DEGREE DAYS
 HEATING
  YESTERDAY       26                        23      3       17
  MONTH TO DATE  232                       254    -22      273
  SINCE DEC 1    232                       254    -22      273
  SINCE JUL 1    737                       853   -116      595

 COOLING
  YESTERDAY        0                         0      0        0
  MONTH TO DATE    0                         0      0        0
  SINCE DEC 1      0                         0      0        0
  SINCE JAN 1   2124                      1926    198     2423
..................................................................







THE MEMPHIS/GERMANTOWN WFO CLIMATE NORMALS FOR TODAY
                         NORMAL    RECORD    YEAR
 MAXIMUM TEMPERATURE (F)   52        73      2015
 MINIMUM TEMPERATURE (F)   32        12      1989


SUNRISE AND SUNSET
DECEMBER 13 2017......SUNRISE   659 AM CST   SUNSET   448 PM CST
DECEMBER 14 2017......SUNRISE   700 AM CST   SUNSET   448 PM CST


-  INDICATES NEGATIVE NUMBERS.
R  INDICATES RECORD WAS SET OR TIED.
MM INDICATES DATA IS MISSING.
T  INDICATES TRACE AMOUNT.




$$
