000
CDUS44 KMEG 302152
CLIMEG


CLIMATE REPORT
NATIONAL WEATHER SERVICE MEMPHIS TN
452 PM CDT TUE AUG 30 2016


...................................

...THE MEMPHIS/GERMANTOWN WFO CLIMATE SUMMARY FOR AUGUST 30 2016...
VALID TODAY AS OF 0400 PM LOCAL TIME.

CLIMATE NORMAL PERIOD 1981 TO 2010
CLIMATE RECORD PERIOD 1988 TO 2016


WEATHER ITEM   OBSERVED TIME   RECORD YEAR NORMAL DEPARTURE LAST
                VALUE   (LST)  VALUE       VALUE  FROM      YEAR
                                                  NORMAL
..................................................................
TEMPERATURE (F)
 TODAY
  MAXIMUM         94        MM 103    2000  89      5       92
  MINIMUM         75        MM  55    1992  68      7       72
  AVERAGE         85                        78      7       82

PRECIPITATION (IN)
  TODAY            0.00          0.61 2014   0.09  -0.09     0.07
  MONTH TO DATE    4.70                      3.20   1.50     4.27
  SINCE JUN 1     14.79                     11.42   3.37    12.04
  SINCE JAN 1     51.24                     35.91  15.33    33.72

SNOWFALL (IN)
  TODAY            0.0

DEGREE DAYS
 HEATING
  TODAY            0                         0      0        0
  MONTH TO DATE    0                         0      0        0
  SINCE JUN 1      0                         2     -2        0
  SINCE JUL 1      0                         0      0        0

 COOLING
  TODAY           20                        13      7       17
  MONTH TO DATE  525                       455     70      407
  SINCE JUN 1   1573                      1332    241     1425
  SINCE JAN 1   1818                      1583    235     1725
..................................................................







THE MEMPHIS/GERMANTOWN WFO CLIMATE NORMALS FOR TOMORROW
                         NORMAL    RECORD    YEAR
 MAXIMUM TEMPERATURE (F)   89       101      2011
                                             2000
 MINIMUM TEMPERATURE (F)   67        55      1988


SUNRISE AND SUNSET
AUGUST 30 2016........SUNRISE   631 AM CDT   SUNSET   728 PM CDT
AUGUST 31 2016........SUNRISE   631 AM CDT   SUNSET   727 PM CDT


-  INDICATES NEGATIVE NUMBERS.
R  INDICATES RECORD WAS SET OR TIED.
MM INDICATES DATA IS MISSING.
T  INDICATES TRACE AMOUNT.




$$
