000
CDUS44 KMEG 240626
CLIMEG


CLIMATE REPORT
NATIONAL WEATHER SERVICE MEMPHIS TN
126 AM CDT MON APR 24 2017


...................................

...THE MEMPHIS/GERMANTOWN WFO CLIMATE SUMMARY FOR APRIL 23 2017...

CLIMATE NORMAL PERIOD 1981 TO 2010
CLIMATE RECORD PERIOD 1988 TO 2017


WEATHER ITEM   OBSERVED TIME   RECORD YEAR NORMAL DEPARTURE LAST
                VALUE   (LST)  VALUE       VALUE  FROM      YEAR
                                                  NORMAL
..................................................................
TEMPERATURE (F)
 YESTERDAY
  MAXIMUM         59    452 PM  89    2008  74    -15       80
  MINIMUM         49    615 AM  35    1993  51     -2       51
  AVERAGE         54                        63     -9       66

PRECIPITATION (IN)
  YESTERDAY        0.08          0.51 2000   0.19  -0.11     0.00
  MONTH TO DATE    2.99                      4.02  -1.03     4.09
  SINCE MAR 1      7.72                      8.97  -1.25    20.78
  SINCE JAN 1     12.93                     17.60  -4.67    29.73

SNOWFALL (IN)
  YESTERDAY        0.0          MM      MM                   0.0
  MONTH TO DATE    0.0                                       0.0
  SINCE MAR 1      0.4                                        T
  SINCE JUL 1      1.4                                       0.9
  SNOW DEPTH       0

DEGREE DAYS
 HEATING
  YESTERDAY       11                         4      7        0
  MONTH TO DATE   54                       165   -111      104
  SINCE MAR 1    361                       601   -240      358
  SINCE JUL 1   2202                      3347  -1145     2445

 COOLING
  YESTERDAY        0                         2     -2        1
  MONTH TO DATE   82                        36     46       15
  SINCE MAR 1    115                        47     68       28
  SINCE JAN 1    129                        48     81       28
..................................................................







THE MEMPHIS/GERMANTOWN WFO CLIMATE NORMALS FOR TODAY
                         NORMAL    RECORD    YEAR
 MAXIMUM TEMPERATURE (F)   75        88      2006
 MINIMUM TEMPERATURE (F)   52        39      2005


SUNRISE AND SUNSET
APRIL 24 2017.........SUNRISE   616 AM CDT   SUNSET   739 PM CDT
APRIL 25 2017.........SUNRISE   615 AM CDT   SUNSET   740 PM CDT


-  INDICATES NEGATIVE NUMBERS.
R  INDICATES RECORD WAS SET OR TIED.
MM INDICATES DATA IS MISSING.
T  INDICATES TRACE AMOUNT.




$$
