000
CDUS44 KMEG 280737
CLIMEG


CLIMATE REPORT
NATIONAL WEATHER SERVICE MEMPHIS TN
137 AM CST TUE FEB 28 2017


...................................

...THE MEMPHIS/GERMANTOWN WFO CLIMATE SUMMARY FOR FEBRUARY 27 2017...

CLIMATE NORMAL PERIOD 1981 TO 2010
CLIMATE RECORD PERIOD 1988 TO 2017


WEATHER ITEM   OBSERVED TIME   RECORD YEAR NORMAL DEPARTURE LAST
                VALUE   (LST)  VALUE       VALUE  FROM      YEAR
                                                  NORMAL
..................................................................
TEMPERATURE (F)
 YESTERDAY
  MAXIMUM         69    329 PM  74    2011  57     12       65
                                      1996
  MINIMUM         46    433 AM  18    2002  36     10       32
  AVERAGE         58                        46     12       49

PRECIPITATION (IN)
  YESTERDAY        0.27          1.52 2009   0.18   0.09     0.00
  MONTH TO DATE    1.55                      4.50  -2.95     6.21
  SINCE DEC 1     12.52                     14.40  -1.88    14.50
  SINCE JAN 1      5.21                      8.46  -3.25     8.95

SNOWFALL (IN)
  YESTERDAY        0.0           T    2008                   0.0
  MONTH TO DATE    0.0                                        T
  SINCE DEC 1      1.0                                       0.9
  SINCE JUL 1      1.0                                       0.9
  SNOW DEPTH      MM

DEGREE DAYS
 HEATING
  YESTERDAY        7                        19    -12       16
  MONTH TO DATE  312                       599   -287      518
  SINCE DEC 1   1519                      2129   -610     1691
  SINCE JUL 1   1841                      2728   -887     2072

 COOLING
  YESTERDAY        0                         0      0        0
  MONTH TO DATE   13                         0     13        0
  SINCE DEC 1     18                         1     17       13
  SINCE JAN 1     13                         0     13        0
..................................................................







THE MEMPHIS/GERMANTOWN WFO CLIMATE NORMALS FOR TODAY
                         NORMAL    RECORD    YEAR
 MAXIMUM TEMPERATURE (F)   57        76      1996
 MINIMUM TEMPERATURE (F)   36        19      2002


SUNRISE AND SUNSET
FEBRUARY 28 2017......SUNRISE   630 AM CST   SUNSET   554 PM CST
MARCH  1 2017.........SUNRISE   628 AM CST   SUNSET   555 PM CST


-  INDICATES NEGATIVE NUMBERS.
R  INDICATES RECORD WAS SET OR TIED.
MM INDICATES DATA IS MISSING.
T  INDICATES TRACE AMOUNT.




$$
