000
CDUS44 KMEG 170638
CLIMEG


CLIMATE REPORT
NATIONAL WEATHER SERVICE MEMPHIS TN
138 AM CDT THU APR 17 2014


...................................

...THE MEMPHIS/GERMANTOWN WFO CLIMATE SUMMARY FOR APRIL 16 2014...

CLIMATE NORMAL PERIOD 1981 TO 2010
CLIMATE RECORD PERIOD 1988 TO 2014


WEATHER ITEM   OBSERVED TIME   RECORD YEAR NORMAL DEPARTURE LAST
                VALUE   (LST)  VALUE       VALUE  FROM      YEAR
                                                  NORMAL
..................................................................
TEMPERATURE (F)
 YESTERDAY
  MAXIMUM         65        MM  86    2013  72     -7       86
  MINIMUM         32R       MM  37    1996  49    -17       68
  AVERAGE         49                        61    -12       77

PRECIPITATION (IN)
  YESTERDAY        0.00          0.76 1994   0.17  -0.17      T
  MONTH TO DATE    2.89                      2.71   0.18     3.18
  SINCE MAR 1      8.93                      7.66   1.27     6.42
  SINCE JAN 1     17.55                     16.29   1.26    21.11

SNOWFALL (IN)
  YESTERDAY        0.0          MM      MM   0.0    0.0      0.0
  MONTH TO DATE    0.0                       0.0    0.0      0.0
  SINCE MAR 1      0.3                       0.8   -0.5      0.1
  SINCE JUL 1      0.8                       2.4   -1.6      0.8
  SNOW DEPTH      MM

DEGREE DAYS
 HEATING
  YESTERDAY       16                         6     10        0
  MONTH TO DATE  127                       129     -2      114
  SINCE MAR 1    649                       565     84      670
  SINCE JUL 1   3653                      3311    342     3090

 COOLING
  YESTERDAY        0                         2     -2       12
  MONTH TO DATE   34                        22     12       45
  SINCE MAR 1     36                        33      3       46
  SINCE JAN 1     36                        34      2       52
..................................................................







THE MEMPHIS/GERMANTOWN WFO CLIMATE NORMALS FOR TODAY
                         NORMAL    RECORD    YEAR
 MAXIMUM TEMPERATURE (F)   73        93      2006
 MINIMUM TEMPERATURE (F)   49        37      1999


SUNRISE AND SUNSET
APRIL 17 2014.........SUNRISE   625 AM CDT   SUNSET   733 PM CDT
APRIL 18 2014.........SUNRISE   623 AM CDT   SUNSET   734 PM CDT


-  INDICATES NEGATIVE NUMBERS.
R  INDICATES RECORD WAS SET OR TIED.
MM INDICATES DATA IS MISSING.
T  INDICATES TRACE AMOUNT.




$$
