000
CDUS44 KMEG 240638
CLIMEG


CLIMATE REPORT
NATIONAL WEATHER SERVICE MEMPHIS TN
138 AM CDT TUE MAY 24 2016


...................................

...THE MEMPHIS/GERMANTOWN WFO CLIMATE SUMMARY FOR MAY 23 2016...

CLIMATE NORMAL PERIOD 1981 TO 2010
CLIMATE RECORD PERIOD 1988 TO 2016


WEATHER ITEM   OBSERVED TIME   RECORD YEAR NORMAL DEPARTURE LAST
                VALUE   (LST)  VALUE       VALUE  FROM      YEAR
                                                  NORMAL
..................................................................
TEMPERATURE (F)
 YESTERDAY
  MAXIMUM         85        MM  94    2010  82      3       84
  MINIMUM         54        MM  47    1990  61     -7       58
  AVERAGE         70                        72     -2       71

PRECIPITATION (IN)
  YESTERDAY        0.00          0.72 1989   0.15  -0.15     0.00
  MONTH TO DATE    2.69                      4.38  -1.69     3.60
  SINCE MAR 1     25.46                     14.65  10.81    13.68
  SINCE JAN 1     34.41                     23.28  11.13    19.76

SNOWFALL (IN)
  YESTERDAY        0.0          MM      MM   0.0    0.0      0.0
  MONTH TO DATE    0.0                       0.0    0.0      0.0
  SINCE MAR 1      T                         0.8   -0.8      4.1
  SINCE JUL 1      0.9                       2.4   -1.5      6.3
  SNOW DEPTH       0

DEGREE DAYS
 HEATING
  YESTERDAY        0                         1     -1        0
  MONTH TO DATE   38                        37      1       25
  SINCE MAR 1    398                       664   -266      552
  SINCE JUL 1   2485                      3410   -925     3459

 COOLING
  YESTERDAY        5                         7     -2        6
  MONTH TO DATE   75                       117    -42      147
  SINCE MAR 1    148                       182    -34      224
  SINCE JAN 1    148                       183    -35      224
..................................................................







THE MEMPHIS/GERMANTOWN WFO CLIMATE NORMALS FOR TODAY
                         NORMAL    RECORD    YEAR
 MAXIMUM TEMPERATURE (F)   83        93      2006
 MINIMUM TEMPERATURE (F)   62        48      1990


SUNRISE AND SUNSET
MAY 24 2016...........SUNRISE   549 AM CDT   SUNSET   803 PM CDT
MAY 25 2016...........SUNRISE   549 AM CDT   SUNSET   804 PM CDT


-  INDICATES NEGATIVE NUMBERS.
R  INDICATES RECORD WAS SET OR TIED.
MM INDICATES DATA IS MISSING.
T  INDICATES TRACE AMOUNT.




$$
