000
CDUS44 KMEG 230635
CLIMEG


CLIMATE REPORT
NATIONAL WEATHER SERVICE MEMPHIS TN
134 AM CDT WED AUG 23 2017


...................................

...THE MEMPHIS/GERMANTOWN WFO CLIMATE SUMMARY FOR AUGUST 22 2017...

CLIMATE NORMAL PERIOD 1981 TO 2010
CLIMATE RECORD PERIOD 1988 TO 2017


WEATHER ITEM   OBSERVED TIME   RECORD YEAR NORMAL DEPARTURE LAST
                VALUE   (LST)  VALUE       VALUE  FROM      YEAR
                                                  NORMAL
..................................................................
TEMPERATURE (F)
 YESTERDAY
  MAXIMUM         94        MM 101    2007  90      4       86
  MINIMUM         74        MM  58    1991  69      5       65
  AVERAGE         84                        80      4       76

PRECIPITATION (IN)
  YESTERDAY        0.00          0.74 2015   0.09  -0.09     0.00
  MONTH TO DATE    2.18                      2.45  -0.27     3.67
  SINCE JUN 1     11.89                     10.67   1.22    13.76
  SINCE JAN 1     32.80                     35.16  -2.36    50.21

SNOWFALL (IN)
  YESTERDAY        0.0          MM      MM                   0.0
  MONTH TO DATE    0.0                                       0.0
  SINCE JUN 1      0.0                                       0.0
  SINCE JUL 1      0.0                                       0.0
  SNOW DEPTH       0

DEGREE DAYS
 HEATING
  YESTERDAY        0                         0      0        0
  MONTH TO DATE    0                         0      0        0
  SINCE JUN 1      0                         2     -2        0
  SINCE JUL 1      0                         0      0        0

 COOLING
  YESTERDAY       19                        15      4       11
  MONTH TO DATE  333                       343    -10      376
  SINCE JUN 1   1255                      1220     35     1424
  SINCE JAN 1   1600                      1471    129     1669
..................................................................







THE MEMPHIS/GERMANTOWN WFO CLIMATE NORMALS FOR TODAY
                         NORMAL    RECORD    YEAR
 MAXIMUM TEMPERATURE (F)   90       102      2007
 MINIMUM TEMPERATURE (F)   69        59      1991


SUNRISE AND SUNSET
AUGUST 23 2017........SUNRISE   625 AM CDT   SUNSET   738 PM CDT
AUGUST 24 2017........SUNRISE   626 AM CDT   SUNSET   736 PM CDT


-  INDICATES NEGATIVE NUMBERS.
R  INDICATES RECORD WAS SET OR TIED.
MM INDICATES DATA IS MISSING.
T  INDICATES TRACE AMOUNT.




$$
