000
CDUS44 KMEG 260637
CLIMEG


CLIMATE REPORT
NATIONAL WEATHER SERVICE MEMPHIS TN
136 AM CDT TUE MAY 26 2015


...................................

...THE MEMPHIS/GERMANTOWN WFO CLIMATE SUMMARY FOR MAY 25 2015...

CLIMATE NORMAL PERIOD 1981 TO 2010
CLIMATE RECORD PERIOD 1988 TO 2015


WEATHER ITEM   OBSERVED TIME   RECORD YEAR NORMAL DEPARTURE LAST
                VALUE   (LST)  VALUE       VALUE  FROM      YEAR
                                                  NORMAL
..................................................................
TEMPERATURE (F)
 YESTERDAY
  MAXIMUM         83        MM  93    2012  83      0       89
                                      2006
  MINIMUM         68        MM  48    2001  62      6       68
  AVERAGE         76                        72      4       79

PRECIPITATION (IN)
  YESTERDAY        0.28          1.16 1997   0.15   0.13     0.00
  MONTH TO DATE    4.54                      4.69  -0.15     3.64
  SINCE MAR 1     14.62                     14.96  -0.34    15.74
  SINCE JAN 1     20.70                     23.59  -2.89    24.36

SNOWFALL (IN)
  YESTERDAY        0.0          MM      MM   0.0    0.0      0.0
  MONTH TO DATE    0.0                       0.0    0.0      0.0
  SINCE MAR 1      4.1                       0.8    3.3      0.3
  SINCE JUL 1      6.3                       2.4    3.9      0.8
  SNOW DEPTH       0

DEGREE DAYS
 HEATING
  YESTERDAY        0                         1     -1        0
  MONTH TO DATE   25                        39    -14       57
  SINCE MAR 1    552                       666   -114      739
  SINCE JUL 1   3459                      3412     47     3743

 COOLING
  YESTERDAY       11                         8      3       14
  MONTH TO DATE  165                       133     32      183
  SINCE MAR 1    242                       198     44      231
  SINCE JAN 1    242                       199     43      231
..................................................................







THE MEMPHIS/GERMANTOWN WFO CLIMATE NORMALS FOR TODAY
                         NORMAL    RECORD    YEAR
 MAXIMUM TEMPERATURE (F)   83        96      1989
 MINIMUM TEMPERATURE (F)   62        52      2001


SUNRISE AND SUNSET
MAY 26 2015...........SUNRISE   549 AM CDT   SUNSET   804 PM CDT
MAY 27 2015...........SUNRISE   548 AM CDT   SUNSET   805 PM CDT


-  INDICATES NEGATIVE NUMBERS.
R  INDICATES RECORD WAS SET OR TIED.
MM INDICATES DATA IS MISSING.
T  INDICATES TRACE AMOUNT.




$$
