000
CDUS44 KJAN 210857
CLIMEI


CLIMATE REPORT
NATIONAL WEATHER SERVICE JACKSON MS
355 AM CDT FRI JUL 21 2017


...................................

...THE MERIDIAN CLIMATE SUMMARY FOR JULY 20 2017...

CLIMATE NORMAL PERIOD 1981 TO 2010
CLIMATE RECORD PERIOD 1889 TO 2017


WEATHER ITEM   OBSERVED TIME   RECORD YEAR NORMAL DEPARTURE LAST
                VALUE   (LST)  VALUE       VALUE  FROM      YEAR
                                                  NORMAL
..................................................................
TEMPERATURE (F)
 YESTERDAY
  MAXIMUM         97    345 PM 104    2000  92      5       99
  MINIMUM         73    533 AM  59    2009  70      3       76
  AVERAGE         85                        81      4       88

PRECIPITATION (IN)
  YESTERDAY        0.00          1.96 1941   0.17  -0.17      T
  MONTH TO DATE    3.24                      3.35  -0.11     1.20
  SINCE JUN 1     14.33                      7.75   6.58     6.11
  SINCE JAN 1     42.97                     33.18   9.79    31.10

SNOWFALL (IN)
  YESTERDAY        0.0           0.0    MM   0.0    0.0      0.0
  MONTH TO DATE    0.0                       0.0    0.0      0.0
  SINCE JUN 1      0.0                       0.0    0.0      0.0
  SINCE JUL 1      0.0                       0.0    0.0      0.0

DEGREE DAYS
 HEATING
  YESTERDAY        0                         0      0        0
  MONTH TO DATE    0                         0      0        0
  SINCE JUN 1      0                         0      0        0
  SINCE JUL 1      0                         0      0        0

 COOLING
  YESTERDAY       20                        16      4       23
  MONTH TO DATE  365                       311     54      407
  SINCE JUN 1    764                       691     73      951
  SINCE JAN 1   1257                       974    283     1263
..................................................................


WIND (MPH)
  HIGHEST WIND SPEED    12   HIGHEST WIND DIRECTION     N (340)
  HIGHEST GUST SPEED    14   HIGHEST GUST DIRECTION     N (340)
  AVERAGE WIND SPEED     2.7


SKY COVER
  POSSIBLE SUNSHINE  MM
  AVERAGE SKY COVER 0.0


WEATHER CONDITIONS
 THE FOLLOWING WEATHER WAS RECORDED YESTERDAY.
  NO SIGNIFICANT WEATHER WAS OBSERVED.


RELATIVE HUMIDITY (PERCENT)
 HIGHEST   100           400 AM
 LOWEST     49           500 PM
 AVERAGE    75

..........................................................


THE MERIDIAN CLIMATE NORMALS FOR TODAY
                         NORMAL    RECORD    YEAR
 MAXIMUM TEMPERATURE (F)   92       103      1981
 MINIMUM TEMPERATURE (F)   70        61      1947


SUNRISE AND SUNSET
JULY 21 2017..........SUNRISE   603 AM CDT   SUNSET   800 PM CDT
JULY 22 2017..........SUNRISE   603 AM CDT   SUNSET   759 PM CDT


-  INDICATES NEGATIVE NUMBERS.
R  INDICATES RECORD WAS SET OR TIED.
MM INDICATES DATA IS MISSING.
T  INDICATES TRACE AMOUNT.




$$
