000
CDUS44 KJAN 300938
CLIMEI


CLIMATE REPORT
NATIONAL WEATHER SERVICE JACKSON MS
434 AM CDT THU OCT 30 2014


...................................

...THE MERIDIAN CLIMATE SUMMARY FOR OCTOBER 29 2014...

CLIMATE NORMAL PERIOD 1981 TO 2010
CLIMATE RECORD PERIOD 1889 TO 2014


WEATHER ITEM   OBSERVED TIME   RECORD YEAR NORMAL DEPARTURE LAST
                VALUE   (LST)  VALUE       VALUE  FROM      YEAR
                                                  NORMAL
..................................................................
TEMPERATURE (F)
 YESTERDAY
  MAXIMUM         74    258 PM  87    2000  73      1       77
                                      1984
                                      1950
  MINIMUM         46   1140 PM  27    1952  46      0       54
  AVERAGE         60                        60      0       66

PRECIPITATION (IN)
  YESTERDAY        0.00          2.93 1918   0.13  -0.13     0.00
  MONTH TO DATE    2.29                      3.51  -1.22     2.50
  SINCE SEP 1      3.98                      6.94  -2.96     5.23
  SINCE JAN 1     42.34                     45.90  -3.56    54.75

SNOWFALL (IN)
  YESTERDAY        0.0           0.0  2002   0.0    0.0      0.0
                                      2001
  MONTH TO DATE    0.0                       0.0    0.0      0.0
  SINCE SEP 1      0.0                       0.0    0.0      0.0
  SINCE JUL 1      0.0                       0.0    0.0      0.0

DEGREE DAYS
 HEATING
  YESTERDAY        5                         7     -2        0
  MONTH TO DATE   65                       103    -38       88
  SINCE SEP 1     65                       110    -45       88
  SINCE JUL 1     65                       110    -45       88

 COOLING
  YESTERDAY        0                         1     -1        1
  MONTH TO DATE  123                        88     35      108
  SINCE SEP 1    492                       391    101      448
  SINCE JAN 1   2085                      2011     74     2028
..................................................................


WIND (MPH)
  HIGHEST WIND SPEED    17   HIGHEST WIND DIRECTION     N (360)
  HIGHEST GUST SPEED    22   HIGHEST GUST DIRECTION     N (350)
  AVERAGE WIND SPEED     6.3


SKY COVER
  POSSIBLE SUNSHINE  MM
  AVERAGE SKY COVER 0.4


WEATHER CONDITIONS
 THE FOLLOWING WEATHER WAS RECORDED YESTERDAY.
  FOG


RELATIVE HUMIDITY (PERCENT)
 HIGHEST   100           200 AM
 LOWEST     47           400 PM
 AVERAGE    74

..........................................................


THE MERIDIAN CLIMATE NORMALS FOR TODAY
                         NORMAL    RECORD    YEAR
 MAXIMUM TEMPERATURE (F)   73        88      1951
 MINIMUM TEMPERATURE (F)   46        24      1952


SUNRISE AND SUNSET
OCTOBER 30 2014.......SUNRISE   710 AM CDT   SUNSET   606 PM CDT
OCTOBER 31 2014.......SUNRISE   711 AM CDT   SUNSET   606 PM CDT


-  INDICATES NEGATIVE NUMBERS.
R  INDICATES RECORD WAS SET OR TIED.
MM INDICATES DATA IS MISSING.
T  INDICATES TRACE AMOUNT.




$$
