000
CDUS44 KJAN 150719
CLIMEI


CLIMATE REPORT
NATIONAL WEATHER SERVICE JACKSON MS
117 AM CST FRI DEC 15 2017


...................................

...THE MERIDIAN CLIMATE SUMMARY FOR DECEMBER 14 2017...

CLIMATE NORMAL PERIOD 1981 TO 2010
CLIMATE RECORD PERIOD 1889 TO 2017


WEATHER ITEM   OBSERVED TIME   RECORD YEAR NORMAL DEPARTURE LAST
                VALUE   (LST)  VALUE       VALUE  FROM      YEAR
                                                  NORMAL
..................................................................
TEMPERATURE (F)
 YESTERDAY
  MAXIMUM         56    241 PM  77    1922  59     -3       56
  MINIMUM         33   1230 AM  15    1898  36     -3       42
  AVERAGE         45                        47     -2       49

PRECIPITATION (IN)
  YESTERDAY        0.00          2.35 1967   0.16  -0.16     0.00
  MONTH TO DATE    1.81                      2.48  -0.67     2.39
  SINCE DEC 1      1.81                      2.48  -0.67     2.39
  SINCE JAN 1     59.58                     53.58   6.00    44.22

SNOWFALL (IN)
  YESTERDAY        0.0           0.0  2001   0.0    0.0      0.0
  MONTH TO DATE    5.0                       0.0    5.0      0.0
  SINCE DEC 1      5.0                       0.0    5.0      0.0
  SINCE JUL 1      5.0                       0.0    5.0      0.0

DEGREE DAYS
 HEATING
  YESTERDAY       20                        18      2       16
  MONTH TO DATE  243                       231     12      203
  SINCE DEC 1    243                       231     12      203
  SINCE JUL 1    584                       681    -97      412

 COOLING
  YESTERDAY        0                         0      0        0
  MONTH TO DATE    0                         0      0        0
  SINCE DEC 1      0                         0      0        0
  SINCE JAN 1   2542                      2029    513     2856
..................................................................


WIND (MPH)
  HIGHEST WIND SPEED     8   HIGHEST WIND DIRECTION     S (200)
  HIGHEST GUST SPEED     9   HIGHEST GUST DIRECTION    NW (300)
  AVERAGE WIND SPEED     2.4


SKY COVER
  POSSIBLE SUNSHINE  MM
  AVERAGE SKY COVER 0.0


WEATHER CONDITIONS
 THE FOLLOWING WEATHER WAS RECORDED YESTERDAY.
  FOG


RELATIVE HUMIDITY (PERCENT)
 HIGHEST   100          1100 PM
 LOWEST     47           100 PM
 AVERAGE    74

..........................................................


THE MERIDIAN CLIMATE NORMALS FOR TODAY
                         NORMAL    RECORD    YEAR
 MAXIMUM TEMPERATURE (F)   59        80      1948
 MINIMUM TEMPERATURE (F)   36        11      1901


SUNRISE AND SUNSET
DECEMBER 15 2017......SUNRISE   649 AM CST   SUNSET   452 PM CST
DECEMBER 16 2017......SUNRISE   650 AM CST   SUNSET   452 PM CST


-  INDICATES NEGATIVE NUMBERS.
R  INDICATES RECORD WAS SET OR TIED.
MM INDICATES DATA IS MISSING.
T  INDICATES TRACE AMOUNT.




$$
