000
CDUS44 KJAN 020712
CLIMEI


CLIMATE REPORT
NATIONAL WEATHER SERVICE JACKSON MS
210 AM CDT SAT AUG 2 2014


...................................

...THE MERIDIAN CLIMATE SUMMARY FOR AUGUST 1 2014...

CLIMATE NORMAL PERIOD 1981 TO 2010
CLIMATE RECORD PERIOD 1889 TO 2014


WEATHER ITEM   OBSERVED TIME   RECORD YEAR NORMAL DEPARTURE LAST
                VALUE   (LST)  VALUE       VALUE  FROM      YEAR
                                                  NORMAL
..................................................................
TEMPERATURE (F)
 YESTERDAY
  MAXIMUM         85   1156 AM 102    1999  92     -7       93
  MINIMUM         64    541 AM  62    1936  70     -6       73
                                      1925
  AVERAGE         75                        81     -6       83

PRECIPITATION (IN)
  YESTERDAY        0.03          2.67 1931   0.15  -0.12     0.00
  MONTH TO DATE    0.03                      0.15  -0.12     0.00
  SINCE JUN 1      4.46                      9.69  -5.23    11.20
  SINCE JAN 1     36.18                     35.12   1.06    45.83

SNOWFALL (IN)
  YESTERDAY        0.0           0.0  2002   0.0    0.0      0.0
                                      2001
  MONTH TO DATE    0.0                       0.0    0.0      0.0
  SINCE JUN 1      0.0                       0.0    0.0      0.0
  SINCE JUL 1      0.0                       0.0    0.0      0.0

DEGREE DAYS
 HEATING
  YESTERDAY        0                         0      0        0
  MONTH TO DATE    0                         0      0        0
  SINCE JUN 1      0                         0      0        0
  SINCE JUL 1      0                         0      0        0

 COOLING
  YESTERDAY       10                        16     -6       18
  MONTH TO DATE   10                        16     -6       18
  SINCE JUN 1    845                       880    -35      882
  SINCE JAN 1   1115                      1163    -48     1142
..................................................................


WIND (MPH)
  HIGHEST WIND SPEED     9   HIGHEST WIND DIRECTION     W (280)
  HIGHEST GUST SPEED    13   HIGHEST GUST DIRECTION    SW (210)
  AVERAGE WIND SPEED     2.0


SKY COVER
  POSSIBLE SUNSHINE  MM
  AVERAGE SKY COVER 0.3


WEATHER CONDITIONS
 THE FOLLOWING WEATHER WAS RECORDED YESTERDAY.
  LIGHT RAIN


RELATIVE HUMIDITY (PERCENT)
 HIGHEST    93           400 AM
 LOWEST     48          1100 AM
 AVERAGE    71

..........................................................


THE MERIDIAN CLIMATE NORMALS FOR TODAY
                         NORMAL    RECORD    YEAR
 MAXIMUM TEMPERATURE (F)   92       102      2010
                                             1999
 MINIMUM TEMPERATURE (F)   70        60      1965


SUNRISE AND SUNSET
AUGUST  2 2014........SUNRISE   610 AM CDT   SUNSET   752 PM CDT
AUGUST  3 2014........SUNRISE   611 AM CDT   SUNSET   751 PM CDT


-  INDICATES NEGATIVE NUMBERS.
R  INDICATES RECORD WAS SET OR TIED.
MM INDICATES DATA IS MISSING.
T  INDICATES TRACE AMOUNT.




$$
