000
CDUS44 KJAN 230638
CLIMEI


CLIMATE REPORT
NATIONAL WEATHER SERVICE JACKSON MS
135 AM CDT SAT SEP 23 2017


...................................

...THE MERIDIAN CLIMATE SUMMARY FOR SEPTEMBER 22 2017...

CLIMATE NORMAL PERIOD 1981 TO 2010
CLIMATE RECORD PERIOD 1889 TO 2017


WEATHER ITEM   OBSERVED TIME   RECORD YEAR NORMAL DEPARTURE LAST
                VALUE   (LST)  VALUE       VALUE  FROM      YEAR
                                                  NORMAL
..................................................................
TEMPERATURE (F)
 YESTERDAY
  MAXIMUM         93    133 PM  98    2016  85      8       98
                                      1925
  MINIMUM         69    606 AM  41    1983  61      8       68
  AVERAGE         81                        73      8       83

PRECIPITATION (IN)
  YESTERDAY        T             1.90 1890   0.11  -0.11     0.00
  MONTH TO DATE    0.96                      2.49  -1.53     0.55
  SINCE SEP 1      0.96                      2.49  -1.53     0.55
  SINCE JAN 1     53.84                     41.45  12.39    37.88

SNOWFALL (IN)
  YESTERDAY        0.0           0.0  2002   0.0    0.0      0.0
                                      2001
  MONTH TO DATE    0.0                       0.0    0.0      0.0
  SINCE SEP 1      0.0                       0.0    0.0      0.0
  SINCE JUL 1      0.0                       0.0    0.0      0.0

DEGREE DAYS
 HEATING
  YESTERDAY        0                         0      0        0
  MONTH TO DATE    3                         0      3        0
  SINCE SEP 1      3                         0      3        0
  SINCE JUL 1      3                         0      3        0

 COOLING
  YESTERDAY       16                         8      8       18
  MONTH TO DATE  229                       249    -20      399
  SINCE SEP 1    229                       249    -20      399
  SINCE JAN 1   2193                      1869    324     2510
..................................................................


WIND (MPH)
  HIGHEST WIND SPEED    13   HIGHEST WIND DIRECTION    NW (300)
  HIGHEST GUST SPEED    16   HIGHEST GUST DIRECTION     W (270)
  AVERAGE WIND SPEED     2.8


SKY COVER
  POSSIBLE SUNSHINE  MM
  AVERAGE SKY COVER 0.2


WEATHER CONDITIONS
 THE FOLLOWING WEATHER WAS RECORDED YESTERDAY.
  THUNDERSTORM
  LIGHT RAIN
  FOG


RELATIVE HUMIDITY (PERCENT)
 HIGHEST   100           400 AM
 LOWEST     49           100 PM
 AVERAGE    75

..........................................................


THE MERIDIAN CLIMATE NORMALS FOR TODAY
                         NORMAL    RECORD    YEAR
 MAXIMUM TEMPERATURE (F)   85        99      2016
 MINIMUM TEMPERATURE (F)   60        40      1999


SUNRISE AND SUNSET
SEPTEMBER 23 2017.....SUNRISE   644 AM CDT   SUNSET   650 PM CDT
SEPTEMBER 24 2017.....SUNRISE   645 AM CDT   SUNSET   649 PM CDT


-  INDICATES NEGATIVE NUMBERS.
R  INDICATES RECORD WAS SET OR TIED.
MM INDICATES DATA IS MISSING.
T  INDICATES TRACE AMOUNT.




$$
