000
CDUS44 KJAN 010828
CLIMEI


CLIMATE REPORT
NATIONAL WEATHER SERVICE JACKSON MS
322 AM CDT TUE SEP 1 2015


...................................

...THE MERIDIAN CLIMATE SUMMARY FOR AUGUST 31 2015...

CLIMATE NORMAL PERIOD 1981 TO 2010
CLIMATE RECORD PERIOD 1889 TO 2015


WEATHER ITEM   OBSERVED TIME   RECORD YEAR NORMAL DEPARTURE LAST
                VALUE   (LST)  VALUE       VALUE  FROM      YEAR
                                                  NORMAL
..................................................................
TEMPERATURE (F)
 YESTERDAY
  MAXIMUM         92    257 PM 104    1951  90      2       93
  MINIMUM         67    553 AM  55    1968  68     -1       72
  AVERAGE         80                        79      1       83

PRECIPITATION (IN)
  YESTERDAY        0.00          1.32 1928   0.11  -0.11     0.00
  MONTH TO DATE    4.10                      3.99   0.11     2.30
  SINCE JUN 1     12.64                     13.53  -0.89     6.64
  SINCE JAN 1     35.70                     38.96  -3.26    38.36

SNOWFALL (IN)
  YESTERDAY        0.0           0.0  2002   0.0    0.0      0.0
                                      2001
  MONTH TO DATE    0.0                       0.0    0.0      0.0
  SINCE JUN 1      0.0                       0.0    0.0      0.0
  SINCE JUL 1      0.0                       0.0    0.0      0.0

DEGREE DAYS
 HEATING
  YESTERDAY        0                         0      0        0
  MONTH TO DATE    0                         0      0        0
  SINCE JUN 1      0                         0      0        0
  SINCE JUL 1      0                         0      0        0

 COOLING
  YESTERDAY       15                        14      1       18
  MONTH TO DATE  497                       473     24      488
  SINCE JUN 1   1460                      1337    123     1323
  SINCE JAN 1   1825                      1620    205     1593
..................................................................


WIND (MPH)
  HIGHEST WIND SPEED    12   HIGHEST WIND DIRECTION     N (350)
  HIGHEST GUST SPEED    14   HIGHEST GUST DIRECTION     N (350)
  AVERAGE WIND SPEED     3.1


SKY COVER
  POSSIBLE SUNSHINE  MM
  AVERAGE SKY COVER 0.1


WEATHER CONDITIONS
 THE FOLLOWING WEATHER WAS RECORDED YESTERDAY.
  NO SIGNIFICANT WEATHER WAS OBSERVED.


RELATIVE HUMIDITY (PERCENT)
 HIGHEST   100           400 AM
 LOWEST     41           200 PM
 AVERAGE    71

..........................................................


THE MERIDIAN CLIMATE NORMALS FOR TODAY
                         NORMAL    RECORD    YEAR
 MAXIMUM TEMPERATURE (F)   90       102      1951
 MINIMUM TEMPERATURE (F)   67        51      1946


SUNRISE AND SUNSET
SEPTEMBER  1 2015.....SUNRISE   630 AM CDT   SUNSET   720 PM CDT
SEPTEMBER  2 2015.....SUNRISE   631 AM CDT   SUNSET   718 PM CDT


-  INDICATES NEGATIVE NUMBERS.
R  INDICATES RECORD WAS SET OR TIED.
MM INDICATES DATA IS MISSING.
T  INDICATES TRACE AMOUNT.




$$
