000
CDUS44 KJAN 210645
CLIMEI


CLIMATE REPORT
NATIONAL WEATHER SERVICE JACKSON MS
140 AM CDT MON APR 21 2014


...................................

...THE MERIDIAN CLIMATE SUMMARY FOR APRIL 20 2014...

CLIMATE NORMAL PERIOD 1981 TO 2010
CLIMATE RECORD PERIOD 1889 TO 2014


WEATHER ITEM   OBSERVED TIME   RECORD YEAR NORMAL DEPARTURE LAST
                VALUE   (LST)  VALUE       VALUE  FROM      YEAR
                                                  NORMAL
..................................................................
TEMPERATURE (F)
 YESTERDAY
  MAXIMUM         79    320 PM  92    1987  77      2       68
  MINIMUM         46    539 AM  33    1953  50     -4       35
  AVERAGE         63                        64     -1       52

PRECIPITATION (IN)
  YESTERDAY        0.00          2.95 1992   0.15  -0.15     0.00
  MONTH TO DATE    9.87                      3.31   6.56     4.12
  SINCE MAR 1     15.61                      8.73   6.88     7.87
  SINCE JAN 1     24.96                     19.46   5.50    26.70

SNOWFALL (IN)
  YESTERDAY        0.0           0.0    MM   0.0    0.0      0.0
  MONTH TO DATE    0.0                       0.1   -0.1      0.0
  SINCE MAR 1      0.0                       0.3   -0.3      0.0
  SINCE JUL 1      2.5                       0.6    1.9      1.0

DEGREE DAYS
 HEATING
  YESTERDAY        2                         3     -1       13
  MONTH TO DATE  115                       105     10      105
  SINCE MAR 1    464                       412     52      539
  SINCE JUL 1   2840                      2509    331     2426

 COOLING
  YESTERDAY        0                         2     -2        0
  MONTH TO DATE   19                        31    -12       53
  SINCE MAR 1     21                        48    -27       56
  SINCE JAN 1     28                        55    -27       72
..................................................................


WIND (MPH)
  HIGHEST WIND SPEED    12   HIGHEST WIND DIRECTION     E (80)
  HIGHEST GUST SPEED    15   HIGHEST GUST DIRECTION    NE (40)
  AVERAGE WIND SPEED     2.4


SKY COVER
  POSSIBLE SUNSHINE  MM
  AVERAGE SKY COVER 0.0


WEATHER CONDITIONS
 THE FOLLOWING WEATHER WAS RECORDED YESTERDAY.
  NO SIGNIFICANT WEATHER WAS OBSERVED.


RELATIVE HUMIDITY (PERCENT)
 HIGHEST    93           100 AM
 LOWEST     35           400 PM
 AVERAGE    64

..........................................................


THE MERIDIAN CLIMATE NORMALS FOR TODAY
                         NORMAL    RECORD    YEAR
 MAXIMUM TEMPERATURE (F)   77        95      1987
 MINIMUM TEMPERATURE (F)   51        32      1953


SUNRISE AND SUNSET
APRIL 21 2014.........SUNRISE   619 AM CDT   SUNSET   729 PM CDT
APRIL 22 2014.........SUNRISE   618 AM CDT   SUNSET   730 PM CDT


-  INDICATES NEGATIVE NUMBERS.
R  INDICATES RECORD WAS SET OR TIED.
MM INDICATES DATA IS MISSING.
T  INDICATES TRACE AMOUNT.




$$
