000
CDUS44 KJAN 292111
CLIMEI


CLIMATE REPORT
NATIONAL WEATHER SERVICE JACKSON MS
409 PM CDT MON MAY 29 2017


...................................

...THE MERIDIAN CLIMATE SUMMARY FOR MAY 29 2017...
VALID TODAY AS OF 0400 PM LOCAL TIME.

CLIMATE NORMAL PERIOD 1981 TO 2010
CLIMATE RECORD PERIOD 1889 TO 2017


WEATHER ITEM   OBSERVED TIME   RECORD YEAR NORMAL DEPARTURE LAST
                VALUE   (LST)  VALUE       VALUE  FROM      YEAR
                                                  NORMAL
..................................................................
TEMPERATURE (F)
 TODAY
  MAXIMUM         86    104 PM  98    1911  86      0       95
  MINIMUM         67    610 AM  48    1984  62      5       65
                                      1901
  AVERAGE         77                        74      3       80

PRECIPITATION (IN)
  TODAY            0.20          1.98 1979   0.15   0.05     0.00
  MONTH TO DATE    3.33                      4.21  -0.88     0.96
  SINCE MAR 1     19.03                     14.41   4.62    17.49
  SINCE JAN 1     28.60                     25.14   3.46    24.98

SNOWFALL (IN)
  TODAY            0.0           0.0    MM   0.0    0.0      0.0
  MONTH TO DATE    0.0                       0.0    0.0      0.0
  SINCE MAR 1      0.0                       0.3   -0.3      0.0
  SINCE JUL 1      0.8                       0.6    0.2       T

DEGREE DAYS
 HEATING
  TODAY            0                         0      0        0
  MONTH TO DATE   13                        16     -3        8
  SINCE MAR 1    234                       453   -219      253
  SINCE JUL 1   1362                      2550  -1188     1815

 COOLING
  TODAY           12                         9      3       15
  MONTH TO DATE  208                       181     27      177
  SINCE MAR 1    425                       257    168      273
  SINCE JAN 1    471                       264    207      278
..................................................................


WIND (MPH)
  HIGHEST WIND SPEED    24   HIGHEST WIND DIRECTION     W (280)
  HIGHEST GUST SPEED    33   HIGHEST GUST DIRECTION     W (280)
  AVERAGE WIND SPEED     3.2


SKY COVER
  POSSIBLE SUNSHINE  MM
  AVERAGE SKY COVER 0.3


WEATHER CONDITIONS
 THE FOLLOWING WEATHER WAS RECORDED TODAY.
  THUNDERSTORM
  HEAVY RAIN
  RAIN
  LIGHT RAIN
  FOG


RELATIVE HUMIDITY (PERCENT)
 HIGHEST    93           100 AM
 LOWEST     58          1200 PM
 AVERAGE    76

..........................................................


THE MERIDIAN CLIMATE NORMALS FOR TOMORROW
                         NORMAL    RECORD    YEAR
 MAXIMUM TEMPERATURE (F)   86        99      1951
 MINIMUM TEMPERATURE (F)   63        43      1984


SUNRISE AND SUNSET
MAY 29 2017...........SUNRISE   550 AM CDT   SUNSET   755 PM CDT
MAY 30 2017...........SUNRISE   549 AM CDT   SUNSET   756 PM CDT


-  INDICATES NEGATIVE NUMBERS.
R  INDICATES RECORD WAS SET OR TIED.
MM INDICATES DATA IS MISSING.
T  INDICATES TRACE AMOUNT.




$$
