000
CDUS44 KJAN 220632
CLIMEI


CLIMATE REPORT
NATIONAL WEATHER SERVICE JACKSON MS
1231 AM CST WED FEB 22 2017


...................................

...THE MERIDIAN CLIMATE SUMMARY FOR FEBRUARY 21 2017...

CLIMATE NORMAL PERIOD 1981 TO 2010
CLIMATE RECORD PERIOD 1889 TO 2017


WEATHER ITEM   OBSERVED TIME   RECORD YEAR NORMAL DEPARTURE LAST
                VALUE   (LST)  VALUE       VALUE  FROM      YEAR
                                                  NORMAL
..................................................................
TEMPERATURE (F)
 YESTERDAY
  MAXIMUM         68    106 AM  81    2005  63      5       73
                                      1981
  MINIMUM         56   1029 PM  21    1958  38     18       58
  AVERAGE         62                        50     12       66

PRECIPITATION (IN)
  YESTERDAY        0.41          4.96 1961   0.19   0.22      T
  MONTH TO DATE    1.32                      4.24  -2.92     1.89
  SINCE DEC 1     12.59                     14.43  -1.84    11.21
  SINCE JAN 1      8.69                      9.37  -0.68     5.13

SNOWFALL (IN)
  YESTERDAY        0.0           0.0  2002   0.0    0.0      0.0
                                      2001
  MONTH TO DATE    0.0                       0.0    0.0      0.0
  SINCE DEC 1      0.8                       0.3    0.5       T
  SINCE JUL 1      0.8                       0.3    0.5       T

DEGREE DAYS
 HEATING
  YESTERDAY        3                        15    -12        0
  MONTH TO DATE  152                       362   -210      311
  SINCE DEC 1    882                      1549   -667     1217
  SINCE JUL 1   1091                      1999   -908     1468

 COOLING
  YESTERDAY        0                         0      0        1
  MONTH TO DATE   13                         0     13        5
  SINCE DEC 1     55                         9     46       48
  SINCE JAN 1     37                         3     34        5
..................................................................


WIND (MPH)
  HIGHEST WIND SPEED    20   HIGHEST WIND DIRECTION     W (250)
  HIGHEST GUST SPEED    26   HIGHEST GUST DIRECTION    SW (230)
  AVERAGE WIND SPEED     4.0


SKY COVER
  POSSIBLE SUNSHINE  MM
  AVERAGE SKY COVER 1.0


WEATHER CONDITIONS
 THE FOLLOWING WEATHER WAS RECORDED YESTERDAY.
  HEAVY RAIN
  RAIN
  LIGHT RAIN
  FOG


RELATIVE HUMIDITY (PERCENT)
 HIGHEST   100           700 PM
 LOWEST     63          1200 AM
 AVERAGE    82

..........................................................


THE MERIDIAN CLIMATE NORMALS FOR TODAY
                         NORMAL    RECORD    YEAR
 MAXIMUM TEMPERATURE (F)   63        84      1980
 MINIMUM TEMPERATURE (F)   38        15      1963


SUNRISE AND SUNSET
FEBRUARY 22 2017......SUNRISE   630 AM CST   SUNSET   547 PM CST
FEBRUARY 23 2017......SUNRISE   629 AM CST   SUNSET   548 PM CST


-  INDICATES NEGATIVE NUMBERS.
R  INDICATES RECORD WAS SET OR TIED.
MM INDICATES DATA IS MISSING.
T  INDICATES TRACE AMOUNT.




$$
