000
CDUS44 KMEG 260638
CLIMEM


CLIMATE REPORT
NATIONAL WEATHER SERVICE MEMPHIS TN
137 AM CDT WED APR 26 2017


...................................

...THE MEMPHIS CLIMATE SUMMARY FOR APRIL 25 2017...

CLIMATE NORMAL PERIOD 1981 TO 2010
CLIMATE RECORD PERIOD 1872 TO 2017


WEATHER ITEM   OBSERVED TIME   RECORD YEAR NORMAL DEPARTURE LAST
                VALUE   (LST)  VALUE       VALUE  FROM      YEAR
                                                  NORMAL
..................................................................
TEMPERATURE (F)
 YESTERDAY
  MAXIMUM         81    350 PM  87    1915  76      5       81
  MINIMUM         53    532 AM  32    1910  56     -3       61
  AVERAGE         67                        66      1       71

PRECIPITATION (IN)
  YESTERDAY        0.00          2.71 1920   0.19  -0.19     0.00
  MONTH TO DATE    2.91                      4.58  -1.67     3.80
  SINCE MAR 1      6.52                      9.74  -3.22    20.00
  SINCE JAN 1     12.18                     18.11  -5.93    27.85

SNOWFALL (IN)
  YESTERDAY        0.0          MM      MM   0.0    0.0      0.0
  MONTH TO DATE    0.0                       0.0    0.0      0.0
  SINCE MAR 1      T                         0.4   -0.4      0.0
  SINCE JUL 1      2.0                       3.8   -1.8      0.3
  SNOW DEPTH       0

DEGREE DAYS
 HEATING
  YESTERDAY        0                         3     -3        0
  MONTH TO DATE   52                       127    -75       80
  SINCE MAR 1    332                       485   -153      293
  SINCE JUL 1   2031                      2935   -904     2164

 COOLING
  YESTERDAY        2                         3     -1        6
  MONTH TO DATE   86                        57     29       44
  SINCE MAR 1    124                        74     50       65
  SINCE JAN 1    146                        77     69       68
..................................................................


WIND (MPH)
  HIGHEST WIND SPEED    22   HIGHEST WIND DIRECTION     S (170)
  HIGHEST GUST SPEED    28   HIGHEST GUST DIRECTION     S (170)
  AVERAGE WIND SPEED    11.1


SKY COVER
  POSSIBLE SUNSHINE  MM
  AVERAGE SKY COVER 0.1


WEATHER CONDITIONS
 THE FOLLOWING WEATHER WAS RECORDED YESTERDAY.
  NO SIGNIFICANT WEATHER WAS OBSERVED.


RELATIVE HUMIDITY (PERCENT)
 HIGHEST    93           100 AM
 LOWEST     39          1200 PM
 AVERAGE    66

..........................................................


THE MEMPHIS CLIMATE NORMALS FOR TODAY
                         NORMAL    RECORD    YEAR
 MAXIMUM TEMPERATURE (F)   76        89      1989
 MINIMUM TEMPERATURE (F)   56        38      1919


SUNRISE AND SUNSET
APRIL 26 2017.........SUNRISE   614 AM CDT   SUNSET   742 PM CDT
APRIL 27 2017.........SUNRISE   613 AM CDT   SUNSET   742 PM CDT


-  INDICATES NEGATIVE NUMBERS.
R  INDICATES RECORD WAS SET OR TIED.
MM INDICATES DATA IS MISSING.
T  INDICATES TRACE AMOUNT.




$$
