000
CDUS44 KMEG 012252
CLIMEM


CLIMATE REPORT
NATIONAL WEATHER SERVICE MEMPHIS TN
451 PM CST SUN FEB 1 2015


...................................

...THE MEMPHIS CLIMATE SUMMARY FOR FEBRUARY 1 2015...
VALID TODAY AS OF 0400 PM LOCAL TIME.

CLIMATE NORMAL PERIOD 1981 TO 2010
CLIMATE RECORD PERIOD 1872 TO 2015


WEATHER ITEM   OBSERVED TIME   RECORD YEAR NORMAL DEPARTURE LAST
                VALUE   (LST)  VALUE       VALUE  FROM      YEAR
                                                  NORMAL
..................................................................
TEMPERATURE (F)
 TODAY
  MAXIMUM         59    242 PM  77    1911  51      8       70
  MINIMUM         48    529 AM   2    1899  34     14       52
  AVERAGE         54                        42     12       61

PRECIPITATION (IN)
  TODAY            0.72          1.57 1897   0.16   0.56      T
  MONTH TO DATE    0.72                      0.16   0.56      T
  SINCE DEC 1      4.62                      9.88  -5.26     7.98
  SINCE JAN 1      2.02                      4.14  -2.12     3.16

SNOWFALL (IN)
  TODAY            0.0

DEGREE DAYS
 HEATING
  TODAY           11                        23    -12        4
  MONTH TO DATE   11                        23    -12        4
  SINCE DEC 1   1323                      1426   -103     1580
  SINCE JUL 1   1932                      1925      7     2165

 COOLING
  TODAY            0                         0      0        0
  MONTH TO DATE    0                         0      0        0
  SINCE DEC 1      0                         3     -3        3
  SINCE JAN 1      0                         1     -1        0
..................................................................


WIND (MPH)
  HIGHEST WIND SPEED    23   HIGHEST WIND DIRECTION    SW (220)
  HIGHEST GUST SPEED    32   HIGHEST GUST DIRECTION    SW (220)
  AVERAGE WIND SPEED    15.5


SKY COVER
  POSSIBLE SUNSHINE  MM
  AVERAGE SKY COVER 1.0


WEATHER CONDITIONS
 THE FOLLOWING WEATHER WAS RECORDED TODAY.
  RAIN
  LIGHT RAIN
  FOG


RELATIVE HUMIDITY (PERCENT)
 HIGHEST    93           900 AM
 LOWEST     33          1200 AM
 AVERAGE    63

..........................................................


THE MEMPHIS CLIMATE NORMALS FOR TOMORROW
                         NORMAL    RECORD    YEAR
 MAXIMUM TEMPERATURE (F)   52        74      1995
                                             1989
                                             1974
 MINIMUM TEMPERATURE (F)   34       -11      1951


SUNRISE AND SUNSET
FEBRUARY  1 2015......SUNRISE   659 AM CST   SUNSET   528 PM CST
FEBRUARY  2 2015......SUNRISE   658 AM CST   SUNSET   529 PM CST


-  INDICATES NEGATIVE NUMBERS.
R  INDICATES RECORD WAS SET OR TIED.
MM INDICATES DATA IS MISSING.
T  INDICATES TRACE AMOUNT.




$$
