000
CDUS44 KMEG 200638
CLIMEM


CLIMATE REPORT
NATIONAL WEATHER SERVICE MEMPHIS TN
1238 AM CST MON NOV 20 2017


...................................

...THE MEMPHIS CLIMATE SUMMARY FOR NOVEMBER 19 2017...

CLIMATE NORMAL PERIOD 1981 TO 2010
CLIMATE RECORD PERIOD 1872 TO 2017


WEATHER ITEM   OBSERVED TIME   RECORD YEAR NORMAL DEPARTURE LAST
                VALUE   (LST)  VALUE       VALUE  FROM      YEAR
                                                  NORMAL
..................................................................
TEMPERATURE (F)
 YESTERDAY
  MAXIMUM         51    211 PM  81    1942  61    -10       52
  MINIMUM         34   1154 PM  16    1880  43     -9       38
  AVERAGE         43                        52     -9       45

PRECIPITATION (IN)
  YESTERDAY        0.00          5.65 1988   0.20  -0.20     0.00
  MONTH TO DATE    1.79                      3.24  -1.45     0.67
  SINCE SEP 1      7.44                     10.31  -2.87     2.56
  SINCE JAN 1     44.10                     45.69  -1.59    52.37

SNOWFALL (IN)
  YESTERDAY        0.0           T    1969   0.0    0.0      0.0
  MONTH TO DATE    0.0                       0.0    0.0      0.0
  SINCE SEP 1      0.0                       0.0    0.0      0.0
  SINCE JUL 1      0.0                       0.0    0.0      0.0
  SNOW DEPTH       0

DEGREE DAYS
 HEATING
  YESTERDAY       22                        13      9       20
  MONTH TO DATE  158                       196    -38      100
  SINCE SEP 1    289                       327    -38      118
  SINCE JUL 1    289                       327    -38      118

 COOLING
  YESTERDAY        0                         0      0        0
  MONTH TO DATE   22                        11     11       30
  SINCE SEP 1    486                       419     67      703
  SINCE JAN 1   2302                      2254     48     2804
..................................................................


WIND (MPH)
  HIGHEST WIND SPEED    18   HIGHEST WIND DIRECTION     N (340)
  HIGHEST GUST SPEED    23   HIGHEST GUST DIRECTION     N (340)
  AVERAGE WIND SPEED     7.9


SKY COVER
  POSSIBLE SUNSHINE  MM
  AVERAGE SKY COVER 0.0


WEATHER CONDITIONS
 THE FOLLOWING WEATHER WAS RECORDED YESTERDAY.
  NO SIGNIFICANT WEATHER WAS OBSERVED.


RELATIVE HUMIDITY (PERCENT)
 HIGHEST    82          1000 PM
 LOWEST     36           200 PM
 AVERAGE    59

..........................................................


THE MEMPHIS CLIMATE NORMALS FOR TODAY
                         NORMAL    RECORD    YEAR
 MAXIMUM TEMPERATURE (F)   61        78      1979
 MINIMUM TEMPERATURE (F)   42        16      1914


SUNRISE AND SUNSET
NOVEMBER 20 2017......SUNRISE   640 AM CST   SUNSET   451 PM CST
NOVEMBER 21 2017......SUNRISE   641 AM CST   SUNSET   451 PM CST


-  INDICATES NEGATIVE NUMBERS.
R  INDICATES RECORD WAS SET OR TIED.
MM INDICATES DATA IS MISSING.
T  INDICATES TRACE AMOUNT.




$$
