000
CDUS44 KMEG 250622
CLIMEM


CLIMATE REPORT
NATIONAL WEATHER SERVICE MEMPHIS TN
122 AM CDT SUN SEP 25 2016


...................................

...THE MEMPHIS CLIMATE SUMMARY FOR SEPTEMBER 24 2016...

CLIMATE NORMAL PERIOD 1981 TO 2010
CLIMATE RECORD PERIOD 1872 TO 2016


WEATHER ITEM   OBSERVED TIME   RECORD YEAR NORMAL DEPARTURE LAST
                VALUE   (LST)  VALUE       VALUE  FROM      YEAR
                                                  NORMAL
..................................................................
TEMPERATURE (F)
 YESTERDAY
  MAXIMUM         97R  1234 PM  95    2010  82     15       91
                                      1891
  MINIMUM         72    613 AM  43    1983  62     10       66
  AVERAGE         85                        72     13       79

PRECIPITATION (IN)
  YESTERDAY        0.00          3.77 1890   0.11  -0.11     0.00
  MONTH TO DATE    0.67                      2.37  -1.70     1.20
  SINCE SEP 1      0.67                      2.37  -1.70     1.20
  SINCE JAN 1     50.48                     37.75  12.73    35.17

SNOWFALL (IN)
  YESTERDAY        0.0           0.0  2002   0.0    0.0      0.0
                                      2001
  MONTH TO DATE    0.0                       0.0    0.0      0.0
  SINCE SEP 1      0.0                       0.0    0.0      0.0
  SINCE JUL 1      0.0                       0.0    0.0      0.0
  SNOW DEPTH       0

DEGREE DAYS
 HEATING
  YESTERDAY        0                         1     -1        0
  MONTH TO DATE    0                         4     -4        0
  SINCE SEP 1      0                         4     -4        0
  SINCE JUL 1      0                         4     -4        0

 COOLING
  YESTERDAY       20                         8     12       14
  MONTH TO DATE  423                       275    148      319
  SINCE SEP 1    423                       275    148      319
  SINCE JAN 1   2524                      2110    414     2258
..................................................................


WIND (MPH)
  HIGHEST WIND SPEED    10   HIGHEST WIND DIRECTION     E (100)
  HIGHEST GUST SPEED    15   HIGHEST GUST DIRECTION    SW (220)
  AVERAGE WIND SPEED     3.4


SKY COVER
  POSSIBLE SUNSHINE  MM
  AVERAGE SKY COVER 0.3


WEATHER CONDITIONS
 THE FOLLOWING WEATHER WAS RECORDED YESTERDAY.
  NO SIGNIFICANT WEATHER WAS OBSERVED.


RELATIVE HUMIDITY (PERCENT)
 HIGHEST    82           700 AM
 LOWEST     34           200 PM
 AVERAGE    58

..........................................................


THE MEMPHIS CLIMATE NORMALS FOR TODAY
                         NORMAL    RECORD    YEAR
 MAXIMUM TEMPERATURE (F)   82        95      1931
 MINIMUM TEMPERATURE (F)   62        43      1965


SUNRISE AND SUNSET
SEPTEMBER 25 2016.....SUNRISE   651 AM CDT   SUNSET   652 PM CDT
SEPTEMBER 26 2016.....SUNRISE   651 AM CDT   SUNSET   650 PM CDT


-  INDICATES NEGATIVE NUMBERS.
R  INDICATES RECORD WAS SET OR TIED.
MM INDICATES DATA IS MISSING.
T  INDICATES TRACE AMOUNT.




$$
