022
CDUS44 KMEG 280635
CLIMEM


CLIMATE REPORT
NATIONAL WEATHER SERVICE MEMPHIS TN
134 AM CDT THU JUL 28 2016


...................................

...THE MEMPHIS CLIMATE SUMMARY FOR JULY 27 2016...

CLIMATE NORMAL PERIOD 1981 TO 2010
CLIMATE RECORD PERIOD 1872 TO 2016


WEATHER ITEM   OBSERVED TIME   RECORD YEAR NORMAL DEPARTURE LAST
                VALUE   (LST)  VALUE       VALUE  FROM      YEAR
                                                  NORMAL
..................................................................
TEMPERATURE (F)
 YESTERDAY
  MAXIMUM         94    104 PM 105    1952  92      2       96
  MINIMUM         77   1106 PM  60    1962  74      3       79
  AVERAGE         86                        83      3       88

PRECIPITATION (IN)
  YESTERDAY        0.53          1.35 1984   0.15   0.38     0.00
  MONTH TO DATE    5.67                      4.04   1.63     5.17
  SINCE JUN 1      6.84                      7.67  -0.83     9.64
  SINCE JAN 1     41.93                     31.95   9.98    29.86

SNOWFALL (IN)
  YESTERDAY        0.0          MM      MM   0.0    0.0      0.0
  MONTH TO DATE    0.0                       0.0    0.0      0.0
  SINCE JUN 1      0.0                       0.0    0.0      0.0
  SINCE JUL 1      0.0                       0.0    0.0      0.0
  SNOW DEPTH       0

DEGREE DAYS
 HEATING
  YESTERDAY        0                         0      0        0
  MONTH TO DATE    0                         0      0        0
  SINCE JUN 1      0                         0      0        0
  SINCE JUL 1      0                         0      0        0

 COOLING
  YESTERDAY       21                        18      3       23
  MONTH TO DATE  560                       482     78      524
  SINCE JUN 1   1112                       920    192     1001
  SINCE JAN 1   1417                      1241    176     1355
..................................................................


WIND (MPH)
  HIGHEST WIND SPEED    18   HIGHEST WIND DIRECTION    SE (150)
  HIGHEST GUST SPEED    23   HIGHEST GUST DIRECTION     S (160)
  AVERAGE WIND SPEED     5.6


SKY COVER
  POSSIBLE SUNSHINE  MM
  AVERAGE SKY COVER 0.6


WEATHER CONDITIONS
 THE FOLLOWING WEATHER WAS RECORDED YESTERDAY.
  THUNDERSTORM
  HEAVY RAIN
  RAIN
  LIGHT RAIN
  FOG
  HAZE


RELATIVE HUMIDITY (PERCENT)
 HIGHEST    91           900 PM
 LOWEST     56          1100 AM
 AVERAGE    74

..........................................................


THE MEMPHIS CLIMATE NORMALS FOR TODAY
                         NORMAL    RECORD    YEAR
 MAXIMUM TEMPERATURE (F)   92       106      1952
                                             1930
 MINIMUM TEMPERATURE (F)   74        65      2004
                                             1920
                                             1891


SUNRISE AND SUNSET
JULY 28 2016..........SUNRISE   607 AM CDT   SUNSET   806 PM CDT
JULY 29 2016..........SUNRISE   607 AM CDT   SUNSET   805 PM CDT


-  INDICATES NEGATIVE NUMBERS.
R  INDICATES RECORD WAS SET OR TIED.
MM INDICATES DATA IS MISSING.
T  INDICATES TRACE AMOUNT.




$$
