000
CDUS44 KMEG 270732
CLIMEM


CLIMATE REPORT
NATIONAL WEATHER SERVICE MEMPHIS TN
131 AM CST SAT DEC 27 2014


...................................

...THE MEMPHIS CLIMATE SUMMARY FOR DECEMBER 26 2014...

CLIMATE NORMAL PERIOD 1981 TO 2010
CLIMATE RECORD PERIOD 1872 TO 2014


WEATHER ITEM   OBSERVED TIME   RECORD YEAR NORMAL DEPARTURE LAST
                VALUE   (LST)  VALUE       VALUE  FROM      YEAR
                                                  NORMAL
..................................................................
TEMPERATURE (F)
 YESTERDAY
  MAXIMUM         56    327 PM  74    1889  50      6       50
  MINIMUM         41    715 AM   9    1983  33      8       30
  AVERAGE         49                        42      7       40

PRECIPITATION (IN)
  YESTERDAY        T             3.91 1904   0.17  -0.17     0.00
  MONTH TO DATE    2.15                      4.93  -2.78     4.74
  SINCE DEC 1      2.15                      4.93  -2.78     4.74
  SINCE JAN 1     57.18                     52.87   4.31    59.35

SNOWFALL (IN)
  YESTERDAY        0.0           3.0  1894   0.0    0.0      0.0
  MONTH TO DATE    0.0                       0.1   -0.1       T
  SINCE DEC 1      0.0                       0.1   -0.1       T
  SINCE JUL 1      0.2                       0.1    0.1       T
  SNOW DEPTH       0

DEGREE DAYS
 HEATING
  YESTERDAY       16                        23     -7       25
  MONTH TO DATE  453                       548    -95      557
  SINCE DEC 1    453                       548    -95      557
  SINCE JUL 1   1062                      1047     15     1142

 COOLING
  YESTERDAY        0                         0      0        0
  MONTH TO DATE    0                         0      0        3
  SINCE DEC 1      0                         0      0        3
  SINCE JAN 1   2161                      2256    -95     2245
..................................................................


WIND (MPH)
  HIGHEST WIND SPEED    16   HIGHEST WIND DIRECTION     S (160)
  HIGHEST GUST SPEED    21   HIGHEST GUST DIRECTION    SE (140)
  AVERAGE WIND SPEED     9.1


SKY COVER
  POSSIBLE SUNSHINE  MM
  AVERAGE SKY COVER 0.8


WEATHER CONDITIONS
 THE FOLLOWING WEATHER WAS RECORDED YESTERDAY.
  NO SIGNIFICANT WEATHER WAS OBSERVED.


RELATIVE HUMIDITY (PERCENT)
 HIGHEST    79           700 AM
 LOWEST     43           300 PM
 AVERAGE    61

..........................................................


THE MEMPHIS CLIMATE NORMALS FOR TODAY
                         NORMAL    RECORD    YEAR
 MAXIMUM TEMPERATURE (F)   50        77      2008
 MINIMUM TEMPERATURE (F)   33        11      1925


SUNRISE AND SUNSET
DECEMBER 27 2014......SUNRISE   707 AM CST   SUNSET   455 PM CST
DECEMBER 28 2014......SUNRISE   707 AM CST   SUNSET   456 PM CST


-  INDICATES NEGATIVE NUMBERS.
R  INDICATES RECORD WAS SET OR TIED.
MM INDICATES DATA IS MISSING.
T  INDICATES TRACE AMOUNT.




$$
