741
CDUS44 KMEG 050639
CLIMEM


CLIMATE REPORT
NATIONAL WEATHER SERVICE MEMPHIS TN
139 AM CDT THU MAY 5 2016


...................................

...THE MEMPHIS CLIMATE SUMMARY FOR MAY 4 2016...

CLIMATE NORMAL PERIOD 1981 TO 2010
CLIMATE RECORD PERIOD 1872 TO 2016


WEATHER ITEM   OBSERVED TIME   RECORD YEAR NORMAL DEPARTURE LAST
                VALUE   (LST)  VALUE       VALUE  FROM      YEAR
                                                  NORMAL
..................................................................
TEMPERATURE (F)
 YESTERDAY
  MAXIMUM         78    320 PM  91    2012  78      0       85
  MINIMUM         50    522 AM  36    2013  59     -9       62
  AVERAGE         64                        68     -4       74

PRECIPITATION (IN)
  YESTERDAY        0.00          4.29 1914   0.19  -0.19     0.00
  MONTH TO DATE    0.32                      0.75  -0.43     0.00
  SINCE MAR 1     22.49                     11.41  11.08     8.55
  SINCE JAN 1     30.34                     19.78  10.56    14.20

SNOWFALL (IN)
  YESTERDAY        0.0          MM      MM   0.0    0.0      0.0
  MONTH TO DATE    0.0                       0.0    0.0      0.0
  SINCE MAR 1      0.0                       0.4   -0.4      3.6
  SINCE JUL 1      0.3                       3.8   -3.5      6.1
  SNOW DEPTH       0

DEGREE DAYS
 HEATING
  YESTERDAY        1                         1      0        0
  MONTH TO DATE    6                         5      1        3
  SINCE MAR 1    299                       500   -201      451
  SINCE JUL 1   2170                      2950   -780     3174

 COOLING
  YESTERDAY        0                         5     -5        9
  MONTH TO DATE    9                        17     -8       12
  SINCE MAR 1    113                       109      4      102
  SINCE JAN 1    116                       112      4      102
..................................................................


WIND (MPH)
  HIGHEST WIND SPEED    26   HIGHEST WIND DIRECTION    NW (320)
  HIGHEST GUST SPEED    32   HIGHEST GUST DIRECTION    NW (300)
  AVERAGE WIND SPEED     9.4


SKY COVER
  POSSIBLE SUNSHINE  MM
  AVERAGE SKY COVER 0.3


WEATHER CONDITIONS
 THE FOLLOWING WEATHER WAS RECORDED YESTERDAY.
  NO SIGNIFICANT WEATHER WAS OBSERVED.


RELATIVE HUMIDITY (PERCENT)
 HIGHEST    89           400 AM
 LOWEST     31           500 PM
 AVERAGE    60

..........................................................


THE MEMPHIS CLIMATE NORMALS FOR TODAY
                         NORMAL    RECORD    YEAR
 MAXIMUM TEMPERATURE (F)   78        94      1955
                                             1952
 MINIMUM TEMPERATURE (F)   59        42      1954


SUNRISE AND SUNSET
MAY  5 2016...........SUNRISE   604 AM CDT   SUNSET   749 PM CDT
MAY  6 2016...........SUNRISE   604 AM CDT   SUNSET   750 PM CDT


-  INDICATES NEGATIVE NUMBERS.
R  INDICATES RECORD WAS SET OR TIED.
MM INDICATES DATA IS MISSING.
T  INDICATES TRACE AMOUNT.




$$
