000
CDUS44 KMEG 190800
CLIMEM


CLIMATE REPORT
NATIONAL WEATHER SERVICE MEMPHIS TN
159 AM CST FRI JAN 19 2018


...................................

...THE MEMPHIS CLIMATE SUMMARY FOR JANUARY 18 2018...

CLIMATE NORMAL PERIOD 1981 TO 2010
CLIMATE RECORD PERIOD 1872 TO 2018


WEATHER ITEM   OBSERVED TIME   RECORD YEAR NORMAL DEPARTURE LAST
                VALUE   (LST)  VALUE       VALUE  FROM      YEAR
                                                  NORMAL
..................................................................
TEMPERATURE (F)
 YESTERDAY
  MAXIMUM         36    246 PM  73    1974  50    -14       55
  MINIMUM         11    333 AM  -2    1930  32    -21       46
  AVERAGE         24                        41    -17       51

PRECIPITATION (IN)
  YESTERDAY        0.00          3.85 1995   0.12  -0.12     0.02
  MONTH TO DATE    2.57                      2.31   0.26     3.25
  SINCE DEC 1      9.83                      8.05   1.78    10.58
  SINCE JAN 1      2.57                      2.31   0.26     3.25

SNOWFALL (IN)
  YESTERDAY        0.0           7.6  1893   0.1   -0.1      0.0
  MONTH TO DATE    2.5                       1.1    1.4      2.0
  SINCE DEC 1      2.5                       1.3    1.2      2.0
  SINCE JUL 1      2.5                       1.3    1.2      2.0
  SNOW DEPTH       1

DEGREE DAYS
 HEATING
  YESTERDAY       41                        24     17       14
  MONTH TO DATE  609                       432    177      333
  SINCE DEC 1   1302                      1097    205      963
  SINCE JUL 1   1748                      1596    152     1233

 COOLING
  YESTERDAY        0                         0      0        0
  MONTH TO DATE    0                         0      0        1
  SINCE DEC 1      0                         2     -2        4
  SINCE JAN 1      0                         0      0        1
..................................................................


WIND (MPH)
  HIGHEST WIND SPEED    12   HIGHEST WIND DIRECTION     S (200)
  HIGHEST GUST SPEED    24   HIGHEST GUST DIRECTION    SW (240)
  AVERAGE WIND SPEED     5.4


SKY COVER
  POSSIBLE SUNSHINE  MM
  AVERAGE SKY COVER 0.0


WEATHER CONDITIONS
 THE FOLLOWING WEATHER WAS RECORDED YESTERDAY.
  NO SIGNIFICANT WEATHER WAS OBSERVED.


RELATIVE HUMIDITY (PERCENT)
 HIGHEST    88          1200 AM
 LOWEST     44           200 PM
 AVERAGE    66

..........................................................


THE MEMPHIS CLIMATE NORMALS FOR TODAY
                         NORMAL    RECORD    YEAR
 MAXIMUM TEMPERATURE (F)   50        73      1974
                                             1907
                                             1906
 MINIMUM TEMPERATURE (F)   32         0      1940


SUNRISE AND SUNSET
JANUARY 19 2018.......SUNRISE   706 AM CST   SUNSET   515 PM CST
JANUARY 20 2018.......SUNRISE   706 AM CST   SUNSET   516 PM CST


-  INDICATES NEGATIVE NUMBERS.
R  INDICATES RECORD WAS SET OR TIED.
MM INDICATES DATA IS MISSING.
T  INDICATES TRACE AMOUNT.




$$
