000
CDUS41 KCLE 310528
CLIMFD


CLIMATE REPORT
NATIONAL WEATHER SERVICE CLEVELAND OH
1227 AM EST SAT JAN 31 2015


...................................

...THE MANSFIELD OH CLIMATE SUMMARY FOR JANUARY 30 2015...

CLIMATE NORMAL PERIOD 1981 TO 2010
CLIMATE RECORD PERIOD 1916 TO 2015


WEATHER ITEM   OBSERVED TIME   RECORD YEAR NORMAL DEPARTURE LAST
                VALUE   (LST)  VALUE       VALUE  FROM      YEAR
                                                  NORMAL
..................................................................
TEMPERATURE (F)
 YESTERDAY
  MAXIMUM         31   1208 AM  62    2013  33     -2       31
  MINIMUM          5   1150 PM  -4    1966  18    -13        6
                                      1934
  AVERAGE         18                        26     -8       19

PRECIPITATION (IN)
  YESTERDAY        0.11                      0.09   0.02     0.00
  MONTH TO DATE    3.46                      2.79   0.67     2.00
  SINCE DEC 1      5.32                      6.08  -0.76     6.18
  SINCE JAN 1      3.46                      2.79   0.67     2.00

SNOWFALL (IN)
  YESTERDAY        1.8                       0.5    1.3      0.0
  MONTH TO DATE   25.0                      12.9   12.1     19.4
  SINCE DEC 1     25.2                      23.4    1.8     35.8
  SINCE JUL 1     31.1                      26.1    5.0     37.4
  SNOW DEPTH       4

DEGREE DAYS
 HEATING
  YESTERDAY       47                        39      8       46
  MONTH TO DATE 1273                      1186     87     1389
  SINCE DEC 1   2236                      2282    -46     2456
  SINCE JUL 1   3624                      3563     61     3788

 COOLING
  YESTERDAY        0                         0      0        0
  MONTH TO DATE    0                         0      0        0
  SINCE DEC 1      0                         0      0        0
  SINCE JAN 1      0                         0      0        0
..................................................................


WIND (MPH)
  HIGHEST WIND SPEED    30   HIGHEST WIND DIRECTION    NW (320)
  HIGHEST GUST SPEED    36   HIGHEST GUST DIRECTION    NW (310)
  AVERAGE WIND SPEED    12.9


SKY COVER
  POSSIBLE SUNSHINE  MM
  AVERAGE SKY COVER 0.7


WEATHER CONDITIONS
 THE FOLLOWING WEATHER WAS RECORDED YESTERDAY.
  LT FREEZING RAIN
  LIGHT SNOW
  FOG
  HAZE


RELATIVE HUMIDITY (PERCENT)
 HIGHEST    92          1200 AM
 LOWEST     61           300 PM
 AVERAGE    77

..........................................................


THE MANSFIELD OH CLIMATE NORMALS FOR TODAY
                         NORMAL    RECORD    YEAR
 MAXIMUM TEMPERATURE (F)   34        61      2002
 MINIMUM TEMPERATURE (F)   18        -5      2009
                                             1971


SUNRISE AND SUNSET
JANUARY 31 2015.......SUNRISE   741 AM EST   SUNSET   546 PM EST
FEBRUARY  1 2015......SUNRISE   740 AM EST   SUNSET   547 PM EST


-  INDICATES NEGATIVE NUMBERS.
R  INDICATES RECORD WAS SET OR TIED.
MM INDICATES DATA IS MISSING.
T  INDICATES TRACE AMOUNT.




$$
