000
CDUS41 KCLE 290538
CLIMFD


CLIMATE REPORT
NATIONAL WEATHER SERVICE CLEVELAND OH
126 AM EDT THU JUN 29 2017


...................................

...THE MANSFIELD OH CLIMATE SUMMARY FOR JUNE 28 2017...

CLIMATE NORMAL PERIOD 1981 TO 2010
CLIMATE RECORD PERIOD 1916 TO 2017


WEATHER ITEM   OBSERVED TIME   RECORD YEAR NORMAL DEPARTURE LAST
                VALUE   (LST)  VALUE       VALUE  FROM      YEAR
                                                  NORMAL
..................................................................
TEMPERATURE (F)
 YESTERDAY
  MAXIMUM         77    436 PM  99    1934  81     -4       77
  MINIMUM         53    503 AM  44    1958  60     -7       59
  AVERAGE         65                        71     -6       68

PRECIPITATION (IN)
  YESTERDAY        0.00                      0.15  -0.15     0.00
  MONTH TO DATE    5.48                      4.45   1.03     2.09
  SINCE JUN 1      5.48                      4.45   1.03     2.09
  SINCE JAN 1     26.63                     21.78   4.85    18.49

SNOWFALL (IN)
  YESTERDAY        0.0                       0.0    0.0      0.0
  MONTH TO DATE    0.0                       0.0    0.0      0.0
  SINCE JUN 1      0.0                       0.0    0.0      0.0
  SINCE JUL 1     36.6                      48.3  -11.7     27.6
  SNOW DEPTH       0

DEGREE DAYS
 HEATING
  YESTERDAY        0                         1     -1        0
  MONTH TO DATE   33                        53    -20       13
  SINCE JUN 1     33                        53    -20       13
  SINCE JUL 1   5029                      6270  -1241     5175

 COOLING
  YESTERDAY        0                         6     -6        3
  MONTH TO DATE  153                       123     30      179
  SINCE JUN 1    153                       123     30      179
  SINCE JAN 1    210                       169     41      241
..................................................................


WIND (MPH)
  HIGHEST WIND SPEED    18   HIGHEST WIND DIRECTION     S (180)
  HIGHEST GUST SPEED    23   HIGHEST GUST DIRECTION     S (190)
  AVERAGE WIND SPEED     9.4


SKY COVER
  POSSIBLE SUNSHINE  MM
  AVERAGE SKY COVER 0.0


WEATHER CONDITIONS
 THE FOLLOWING WEATHER WAS RECORDED YESTERDAY.
  NO SIGNIFICANT WEATHER WAS OBSERVED.


RELATIVE HUMIDITY (PERCENT)
 HIGHEST    72          1200 AM
 LOWEST     41          1100 AM
 AVERAGE    57

..........................................................


THE MANSFIELD OH CLIMATE NORMALS FOR TODAY
                         NORMAL    RECORD    YEAR
 MAXIMUM TEMPERATURE (F)   81        96      1934
                                             1933
 MINIMUM TEMPERATURE (F)   60        45      1958
                                             1938
                                             1923


SUNRISE AND SUNSET
JUNE 29 2017..........SUNRISE   601 AM EDT   SUNSET   906 PM EDT
JUNE 30 2017..........SUNRISE   602 AM EDT   SUNSET   906 PM EDT


-  INDICATES NEGATIVE NUMBERS.
R  INDICATES RECORD WAS SET OR TIED.
MM INDICATES DATA IS MISSING.
T  INDICATES TRACE AMOUNT.




$$
