000
CDUS41 KCLE 280526
CLIMFD


CLIMATE REPORT
NATIONAL WEATHER SERVICE CLEVELAND OH
125 AM EDT FRI APR 28 2017


...................................

...THE MANSFIELD OH CLIMATE SUMMARY FOR APRIL 27 2017...

CLIMATE NORMAL PERIOD 1981 TO 2010
CLIMATE RECORD PERIOD 1916 TO 2017


WEATHER ITEM   OBSERVED TIME   RECORD YEAR NORMAL DEPARTURE LAST
                VALUE   (LST)  VALUE       VALUE  FROM      YEAR
                                                  NORMAL
..................................................................
TEMPERATURE (F)
 YESTERDAY
  MAXIMUM         77   1038 AM  86    1990  64     13       62
                                      1986
  MINIMUM         48   1159 PM  26    1971  42      6       38
  AVERAGE         63                        53     10       50

PRECIPITATION (IN)
  YESTERDAY        0.03                      0.13  -0.10     0.00
  MONTH TO DATE    2.56                      3.74  -1.18     2.59
  SINCE MAR 1      6.32                      7.13  -0.81     6.74
  SINCE JAN 1     14.18                     12.39   1.79    11.64

SNOWFALL (IN)
  YESTERDAY        0.0                       0.0    0.0      0.0
  MONTH TO DATE    4.3                       2.5    1.8      4.2
  SINCE MAR 1     15.0                      10.3    4.7      7.2
  SINCE JUL 1     36.6                      48.2  -11.6     27.6
  SNOW DEPTH       0

DEGREE DAYS
 HEATING
  YESTERDAY        2                        12    -10       15
  MONTH TO DATE  258                       458   -200      473
  SINCE MAR 1   1080                      1323   -243     1092
  SINCE JUL 1   4750                      5948  -1198     4864

 COOLING
  YESTERDAY        0                         0      0        0
  MONTH TO DATE   17                         0     17        0
  SINCE MAR 1     17                         1     16        0
  SINCE JAN 1     17                         1     16        0
..................................................................


WIND (MPH)
  HIGHEST WIND SPEED    30   HIGHEST WIND DIRECTION     S (190)
  HIGHEST GUST SPEED    39   HIGHEST GUST DIRECTION     S (170)
  AVERAGE WIND SPEED    14.4


SKY COVER
  POSSIBLE SUNSHINE  MM
  AVERAGE SKY COVER 0.2


WEATHER CONDITIONS
 THE FOLLOWING WEATHER WAS RECORDED YESTERDAY.
  THUNDERSTORM
  RAIN
  LIGHT RAIN


RELATIVE HUMIDITY (PERCENT)
 HIGHEST    77          1000 PM
 LOWEST     50          1100 AM
 AVERAGE    64

..........................................................


THE MANSFIELD OH CLIMATE NORMALS FOR TODAY
                         NORMAL    RECORD    YEAR
 MAXIMUM TEMPERATURE (F)   64        83      1986
 MINIMUM TEMPERATURE (F)   42        19      1946


SUNRISE AND SUNSET
APRIL 28 2017.........SUNRISE   632 AM EDT   SUNSET   824 PM EDT
APRIL 29 2017.........SUNRISE   631 AM EDT   SUNSET   825 PM EDT


-  INDICATES NEGATIVE NUMBERS.
R  INDICATES RECORD WAS SET OR TIED.
MM INDICATES DATA IS MISSING.
T  INDICATES TRACE AMOUNT.




$$
