000
CDUS44 KBRO 160625
CLIMFE


CLIMATE REPORT
NATIONAL WEATHER SERVICE BROWNSVILLE TX
125 AM CDT WED AUG 16 2017


...................................

...THE MCALLEN CLIMATE SUMMARY FOR AUGUST 15 2017...

CLIMATE NORMAL PERIOD 1981 TO 2010
CLIMATE RECORD PERIOD 1961 TO 2017


WEATHER ITEM   OBSERVED TIME   RECORD YEAR NORMAL DEPARTURE LAST
                VALUE   (LST)  VALUE       VALUE  FROM      YEAR
                                                  NORMAL
..................................................................
TEMPERATURE (F)
 YESTERDAY
  MAXIMUM        101    258 PM 106    1987  99      2      103
  MINIMUM         81    631 AM  69    2004  77      4       77
  AVERAGE         91                        88      3

PRECIPITATION (IN)
  YESTERDAY        0.00          0.85 1972   0.05  -0.05     0.00
  MONTH TO DATE    0.55                      0.72  -0.17      T
  SINCE JUN 1      0.91                      5.30  -4.39     0.49
  SINCE JAN 1      6.78                     12.08  -5.30     8.46

SNOWFALL (IN)
  YESTERDAY        0.0
  MONTH TO DATE    0.0
  SINCE JUN 1      0.0
  SINCE JUL 1      0.0

DEGREE DAYS
 HEATING
  YESTERDAY        0                         0      0        0
  MONTH TO DATE    0                         0      0        0
  SINCE JUN 1      0                         0      0        0
  SINCE JUL 1      0                         0      0        0

 COOLING
  YESTERDAY       26                        23      3       25
  MONTH TO DATE  394                       344     50      414
  SINCE JUN 1   1917                      1646    271     1892
  SINCE JAN 1   3856                      2901    955     3510
..................................................................


WIND (MPH)
  HIGHEST WIND SPEED    31   HIGHEST WIND DIRECTION    SE (130)
  HIGHEST GUST SPEED    41   HIGHEST GUST DIRECTION    SE (120)
  AVERAGE WIND SPEED    19.6



WEATHER CONDITIONS
 THE FOLLOWING WEATHER WAS RECORDED YESTERDAY.
  NO SIGNIFICANT WEATHER WAS OBSERVED.


RELATIVE HUMIDITY (PERCENT)
 HIGHEST    91
 LOWEST     40
 AVERAGE    66

..........................................................


THE MCALLEN CLIMATE NORMALS FOR TODAY
                         NORMAL    RECORD    YEAR
 MAXIMUM TEMPERATURE (F)   99       104      2014
 MINIMUM TEMPERATURE (F)   77        69      2004


SUNRISE AND SUNSET
AUGUST 16 2017........SUNRISE   706 AM CDT   SUNSET   808 PM CDT
AUGUST 17 2017........SUNRISE   706 AM CDT   SUNSET   807 PM CDT


-  INDICATES NEGATIVE NUMBERS.
R  INDICATES RECORD WAS SET OR TIED.
MM INDICATES DATA IS MISSING.
T  INDICATES TRACE AMOUNT.




$$
