000
CDUS44 KBRO 050635
CLIMFE


CLIMATE REPORT
NATIONAL WEATHER SERVICE BROWNSVILLE TX
134 AM CDT WED AUG 5 2015


...................................

...THE MCALLEN CLIMATE SUMMARY FOR AUGUST 4 2015...

CLIMATE NORMAL PERIOD 1981 TO 2010
CLIMATE RECORD PERIOD 1941 TO 2015


WEATHER ITEM   OBSERVED TIME   RECORD YEAR NORMAL DEPARTURE LAST
                VALUE   (LST)  VALUE       VALUE  FROM      YEAR
                                                  NORMAL
..................................................................
TEMPERATURE (F)
 YESTERDAY
  MAXIMUM        104R   157 PM 104    2009  99      5      101
  MINIMUM         80    636 AM  68    1974  77      3       76
  AVERAGE         92                        88      4

PRECIPITATION (IN)
  YESTERDAY        0.00          0.98 1974   0.05  -0.05     0.00
  MONTH TO DATE    T                         0.19  -0.19     0.00
  SINCE JUN 1      5.64                      4.77   0.87     0.90
  SINCE JAN 1     17.11                     11.55   5.56     3.78

SNOWFALL (IN)
  YESTERDAY        0.0
  MONTH TO DATE    0.0
  SINCE JUN 1      0.0
  SINCE JUL 1      0.0

DEGREE DAYS
 HEATING
  YESTERDAY        0                         0      0        0
  MONTH TO DATE    0                         0      0        0
  SINCE JUN 1      0                         0      0        0
  SINCE JUL 1      0                         0      0        0

 COOLING
  YESTERDAY       27                        23      4       24
  MONTH TO DATE  104                        91     13      101
  SINCE JUN 1   1498                      1393    105     1483
  SINCE JAN 1   2743                      2648     95     2539
..................................................................


WIND (MPH)
  HIGHEST WIND SPEED    25   HIGHEST WIND DIRECTION    SE (140)
  HIGHEST GUST SPEED    31   HIGHEST GUST DIRECTION    SE (130)
  AVERAGE WIND SPEED    14.4



WEATHER CONDITIONS
 THE FOLLOWING WEATHER WAS RECORDED YESTERDAY.
  NO SIGNIFICANT WEATHER WAS OBSERVED.


RELATIVE HUMIDITY (PERCENT)
 HIGHEST    85
 LOWEST     35
 AVERAGE    60

..........................................................


THE MCALLEN CLIMATE NORMALS FOR TODAY
                         NORMAL    RECORD    YEAR
 MAXIMUM TEMPERATURE (F)   99       105      2009
 MINIMUM TEMPERATURE (F)   77        70      1974


SUNRISE AND SUNSET
AUGUST  5 2015........SUNRISE   701 AM CDT   SUNSET   817 PM CDT
AUGUST  6 2015........SUNRISE   701 AM CDT   SUNSET   816 PM CDT


-  INDICATES NEGATIVE NUMBERS.
R  INDICATES RECORD WAS SET OR TIED.
MM INDICATES DATA IS MISSING.
T  INDICATES TRACE AMOUNT.




$$
