067
CDUS44 KBRO 270626
CLIMFE


CLIMATE REPORT
NATIONAL WEATHER SERVICE BROWNSVILLE TX
126 AM CDT MON MAR 27 2017


...................................

...THE MCALLEN CLIMATE SUMMARY FOR MARCH 26 2017...

CLIMATE NORMAL PERIOD 1981 TO 2010
CLIMATE RECORD PERIOD 1961 TO 2017


WEATHER ITEM   OBSERVED TIME   RECORD YEAR NORMAL DEPARTURE LAST
                VALUE   (LST)  VALUE       VALUE  FROM      YEAR
                                                  NORMAL
..................................................................
TEMPERATURE (F)
 YESTERDAY
  MAXIMUM         90    248 PM  97    2009  84      6       84
                                      1991
                                      1984
  MINIMUM         70    638 AM  40    1969  62      8       61
  AVERAGE         80                        73      7

PRECIPITATION (IN)
  YESTERDAY        0.00          0.31 2015   0.03  -0.03     0.00
  MONTH TO DATE    2.52                      0.87   1.65     0.03
  SINCE MAR 1      2.52                      0.87   1.65     0.03
  SINCE JAN 1      4.15                      3.03   1.12     0.43

SNOWFALL (IN)
  YESTERDAY        0.0
  MONTH TO DATE    0.0
  SINCE MAR 1      0.0
  SINCE JUL 1      0.0

DEGREE DAYS
 HEATING
  YESTERDAY        0                         1     -1        0
  MONTH TO DATE    1                        37    -36        6
  SINCE MAR 1      1                        37    -36        6
  SINCE JUL 1    189                       570   -381      317

 COOLING
  YESTERDAY       15                         9      6        8
  MONTH TO DATE  287                       172    115      282
  SINCE MAR 1    287                       172    115      282
  SINCE JAN 1    768                       331    437      487
..................................................................


WIND (MPH)
  HIGHEST WIND SPEED    29   HIGHEST WIND DIRECTION    SE (140)
  HIGHEST GUST SPEED    37   HIGHEST GUST DIRECTION    SE (130)
  AVERAGE WIND SPEED    18.4



WEATHER CONDITIONS
 THE FOLLOWING WEATHER WAS RECORDED YESTERDAY.
  FOG
  HAZE


RELATIVE HUMIDITY (PERCENT)
 HIGHEST    93
 LOWEST     47
 AVERAGE    70

..........................................................


THE MCALLEN CLIMATE NORMALS FOR TODAY
                         NORMAL    RECORD    YEAR
 MAXIMUM TEMPERATURE (F)   84       105      1984
 MINIMUM TEMPERATURE (F)   62        45      1996


SUNRISE AND SUNSET
MARCH 27 2017.........SUNRISE   729 AM CDT   SUNSET   748 PM CDT
MARCH 28 2017.........SUNRISE   728 AM CDT   SUNSET   748 PM CDT


-  INDICATES NEGATIVE NUMBERS.
R  INDICATES RECORD WAS SET OR TIED.
MM INDICATES DATA IS MISSING.
T  INDICATES TRACE AMOUNT.




$$
