000
CDUS44 KBRO 190734
CLIMFE


CLIMATE REPORT
NATIONAL WEATHER SERVICE BROWNSVILLE TX
133 AM CST SUN FEB 19 2017


...................................

...THE MCALLEN CLIMATE SUMMARY FOR FEBRUARY 18 2017...

CLIMATE NORMAL PERIOD 1981 TO 2010
CLIMATE RECORD PERIOD 1961 TO 2017


WEATHER ITEM   OBSERVED TIME   RECORD YEAR NORMAL DEPARTURE LAST
                VALUE   (LST)  VALUE       VALUE  FROM      YEAR
                                                  NORMAL
..................................................................
TEMPERATURE (F)
 YESTERDAY
  MAXIMUM         93    253 PM  98    1986  76     17       88
  MINIMUM         60    611 AM  37    1979  55      5       57
  AVERAGE         77                        65     12

PRECIPITATION (IN)
  YESTERDAY        0.00          0.33 2010   0.04  -0.04     0.00
  MONTH TO DATE    0.33                      0.78  -0.45     0.00
  SINCE DEC 1      1.94                      3.02  -1.08     0.44
  SINCE JAN 1      1.31                      1.83  -0.52     0.40

SNOWFALL (IN)
  YESTERDAY        0.0
  MONTH TO DATE    0.0
  SINCE DEC 1      0.0
  SINCE JUL 1      0.0

DEGREE DAYS
 HEATING
  YESTERDAY        0                         3     -3        0
  MONTH TO DATE    8                        79    -71       38
  SINCE DEC 1    181                       446   -265      273
  SINCE JUL 1    188                       506   -318      307

 COOLING
  YESTERDAY       12                         4      8        8
  MONTH TO DATE  172                        54    118       76
  SINCE DEC 1    534                       199    335      265
  SINCE JAN 1    351                       116    235      121
..................................................................


WIND (MPH)
  HIGHEST WIND SPEED    24   HIGHEST WIND DIRECTION    SE (140)
  HIGHEST GUST SPEED    31   HIGHEST GUST DIRECTION    SE (120)
  AVERAGE WIND SPEED    12.2



WEATHER CONDITIONS
 THE FOLLOWING WEATHER WAS RECORDED YESTERDAY.
  FOG
  FOG W/VISIBILITY <= 1/4 MILE
  HAZE


RELATIVE HUMIDITY (PERCENT)
 HIGHEST    93
 LOWEST     39
 AVERAGE    66

..........................................................


THE MCALLEN CLIMATE NORMALS FOR TODAY
                         NORMAL    RECORD    YEAR
 MAXIMUM TEMPERATURE (F)   76        97      1986
 MINIMUM TEMPERATURE (F)   55        37      1964


SUNRISE AND SUNSET
FEBRUARY 19 2017......SUNRISE   705 AM CST   SUNSET   629 PM CST
FEBRUARY 20 2017......SUNRISE   704 AM CST   SUNSET   629 PM CST


-  INDICATES NEGATIVE NUMBERS.
R  INDICATES RECORD WAS SET OR TIED.
MM INDICATES DATA IS MISSING.
T  INDICATES TRACE AMOUNT.




$$
