000
CDUS44 KBRO 292125
CLIMFE


CLIMATE REPORT
NATIONAL WEATHER SERVICE BROWNSVILLE TX
425 PM CDT FRI MAY 29 2015


...................................

...THE MCALLEN CLIMATE SUMMARY FOR MAY 29 2015...
VALID TODAY AS OF 0400 PM LOCAL TIME.

CLIMATE NORMAL PERIOD 1981 TO 2010
CLIMATE RECORD PERIOD 1941 TO 2015


WEATHER ITEM   OBSERVED TIME   RECORD YEAR NORMAL DEPARTURE LAST
                VALUE   (LST)  VALUE       VALUE  FROM      YEAR
                                                  NORMAL
..................................................................
TEMPERATURE (F)
 TODAY
  MAXIMUM         90    259 PM 102    2005  94     -4       97
  MINIMUM         69    729 AM  66    1961  74     -5       71
                                      1969
                                      1972
  AVERAGE         80                        84     -4       84

PRECIPITATION (IN)
  TODAY            0.30          1.34 1992   0.08   0.22     0.00
  MONTH TO DATE    4.06                      2.09   1.97     0.80
  SINCE MAR 1     10.04                      4.46   5.58     2.00
  SINCE JAN 1     10.63                      6.62   4.01     2.88

SNOWFALL (IN)
  TODAY            0.0
  MONTH TO DATE    0.0
  SINCE MAR 1      0.0
  SINCE JUL 1      0.0
  SNOW DEPTH       0

DEGREE DAYS
 HEATING
  TODAY            0                         0      0        0
  MONTH TO DATE    0                         0      0        0
  SINCE MAR 1     66                        46     20      107
  SINCE JUL 1    756                       579    177      883

 COOLING
  TODAY           15                        19     -4       19
  MONTH TO DATE  532                       485     47      401
  SINCE MAR 1   1128                      1057     71      886
  SINCE JAN 1   1213                      1216     -3     1014
..................................................................


WIND (MPH)
  HIGHEST WIND SPEED    43   HIGHEST WIND DIRECTION     N (360)
  HIGHEST GUST SPEED    54   HIGHEST GUST DIRECTION     N (360)
  AVERAGE WIND SPEED    11.4



WEATHER CONDITIONS
 THE FOLLOWING WEATHER WAS RECORDED TODAY.
  THUNDERSTORM
  HEAVY RAIN
  LIGHT RAIN
  FOG
  HAZE


..........................................................


THE MCALLEN CLIMATE NORMALS FOR TOMORROW
                         NORMAL    RECORD    YEAR
 MAXIMUM TEMPERATURE (F)   95       103      2004
 MINIMUM TEMPERATURE (F)   74        63      1992


SUNRISE AND SUNSET
MAY 29 2015...........SUNRISE   641 AM CDT   SUNSET   820 PM CDT
MAY 30 2015...........SUNRISE   641 AM CDT   SUNSET   820 PM CDT


-  INDICATES NEGATIVE NUMBERS.
R  INDICATES RECORD WAS SET OR TIED.
MM INDICATES DATA IS MISSING.
T  INDICATES TRACE AMOUNT.




$$
