000
CDUS44 KBRO 232129
CLIMFE


CLIMATE REPORT
NATIONAL WEATHER SERVICE BROWNSVILLE TX
428 PM CDT FRI JUN 23 2017


...................................

...THE MCALLEN CLIMATE SUMMARY FOR JUNE 23 2017...
VALID TODAY AS OF 0400 PM LOCAL TIME.

CLIMATE NORMAL PERIOD 1981 TO 2010
CLIMATE RECORD PERIOD 1961 TO 2017


WEATHER ITEM   OBSERVED TIME   RECORD YEAR NORMAL DEPARTURE LAST
                VALUE   (LST)  VALUE       VALUE  FROM      YEAR
                                                  NORMAL
..................................................................
TEMPERATURE (F)
 TODAY
  MAXIMUM        104R   320 PM 102    1990  97      7       99
  MINIMUM         82    602 AM  70    1961  76      6       74
  AVERAGE         93                        86      7       87

PRECIPITATION (IN)
  TODAY            0.00          1.67 1977   0.09  -0.09     0.00
  MONTH TO DATE    0.07                      1.96  -1.89     0.22
  SINCE JUN 1      0.07                      1.96  -1.89     0.22
  SINCE JAN 1      5.94                      8.74  -2.80     8.19

SNOWFALL (IN)
  TODAY            0.0
  MONTH TO DATE    0.0
  SINCE JUN 1      0.0
  SINCE JUL 1      0.0
  SNOW DEPTH       0

DEGREE DAYS
 HEATING
  TODAY            0                         0      0        0
  MONTH TO DATE    0                         0      0        0
  SINCE JUN 1      0                         0      0        0
  SINCE JUL 1    189                       579   -390      318

 COOLING
  TODAY           28                        21      7       22
  MONTH TO DATE  576                       477     99      492
  SINCE JUN 1    576                       477     99      492
  SINCE JAN 1   2515                      1732    783     2110
..................................................................


WIND (MPH)
  HIGHEST WIND SPEED    23   HIGHEST WIND DIRECTION    SE (150)
  HIGHEST GUST SPEED    28   HIGHEST GUST DIRECTION    SE (130)
  AVERAGE WIND SPEED    16.6



WEATHER CONDITIONS
 THE FOLLOWING WEATHER WAS RECORDED TODAY.
  NO SIGNIFICANT WEATHER WAS OBSERVED.


..........................................................


THE MCALLEN CLIMATE NORMALS FOR TOMORROW
                         NORMAL    RECORD    YEAR
 MAXIMUM TEMPERATURE (F)   97       102      1990
 MINIMUM TEMPERATURE (F)   76        70      1974


SUNRISE AND SUNSET
JUNE 23 2017..........SUNRISE   642 AM CDT   SUNSET   829 PM CDT
JUNE 24 2017..........SUNRISE   642 AM CDT   SUNSET   829 PM CDT


-  INDICATES NEGATIVE NUMBERS.
R  INDICATES RECORD WAS SET OR TIED.
MM INDICATES DATA IS MISSING.
T  INDICATES TRACE AMOUNT.




$$
