000
CDUS44 KBRO 290626
CLIMFE


CLIMATE REPORT
NATIONAL WEATHER SERVICE BROWNSVILLE TX
125 AM CDT SAT AUG 29 2015


...................................

...THE MCALLEN CLIMATE SUMMARY FOR AUGUST 28 2015...

CLIMATE NORMAL PERIOD 1981 TO 2010
CLIMATE RECORD PERIOD 1941 TO 2015


WEATHER ITEM   OBSERVED TIME   RECORD YEAR NORMAL DEPARTURE LAST
                VALUE   (LST)  VALUE       VALUE  FROM      YEAR
                                                  NORMAL
..................................................................
TEMPERATURE (F)
 YESTERDAY
  MAXIMUM         96    356 PM 104    2012  97     -1       98
  MINIMUM         72    556 AM  67    1958  76     -4       80
  AVERAGE         84                        87     -3

PRECIPITATION (IN)
  YESTERDAY        0.00          3.62 1979   0.11  -0.11      T
  MONTH TO DATE    2.65                      1.86   0.79     1.11
  SINCE JUN 1      8.29                      6.44   1.85     2.01
  SINCE JAN 1     19.76                     13.22   6.54     4.89

SNOWFALL (IN)
  YESTERDAY        0.0
  MONTH TO DATE    0.0
  SINCE JUN 1      0.0
  SINCE JUL 1      0.0

DEGREE DAYS
 HEATING
  YESTERDAY        0                         0      0        0
  MONTH TO DATE    0                         0      0        0
  SINCE JUN 1      0                         0      0        0
  SINCE JUL 1      0                         0      0        0

 COOLING
  YESTERDAY       19                        22     -3       24
  MONTH TO DATE  722                       634     88      694
  SINCE JUN 1   2116                      1936    180     2076
  SINCE JAN 1   3361                      3191    170     3132
..................................................................


WIND (MPH)
  HIGHEST WIND SPEED    16   HIGHEST WIND DIRECTION     E (80)
  HIGHEST GUST SPEED    19   HIGHEST GUST DIRECTION     E (110)
  AVERAGE WIND SPEED     6.2



WEATHER CONDITIONS
 THE FOLLOWING WEATHER WAS RECORDED YESTERDAY.
  NO SIGNIFICANT WEATHER WAS OBSERVED.


RELATIVE HUMIDITY (PERCENT)
 HIGHEST    87
 LOWEST     39
 AVERAGE    63

..........................................................


THE MCALLEN CLIMATE NORMALS FOR TODAY
                         NORMAL    RECORD    YEAR
 MAXIMUM TEMPERATURE (F)   97       107      2012
 MINIMUM TEMPERATURE (F)   76        64      1958


SUNRISE AND SUNSET
AUGUST 29 2015........SUNRISE   712 AM CDT   SUNSET   756 PM CDT
AUGUST 30 2015........SUNRISE   712 AM CDT   SUNSET   755 PM CDT


-  INDICATES NEGATIVE NUMBERS.
R  INDICATES RECORD WAS SET OR TIED.
MM INDICATES DATA IS MISSING.
T  INDICATES TRACE AMOUNT.




$$
