000
CDUS44 KBRO 232245
CLIMFE


CLIMATE REPORT
NATIONAL WEATHER SERVICE BROWNSVILLE TX
445 PM CST SUN NOV 23 2014


...................................

...THE MCALLEN CLIMATE SUMMARY FOR NOVEMBER 23 2014...
VALID TODAY AS OF 0400 PM LOCAL TIME.

CLIMATE NORMAL PERIOD 1981 TO 2010
CLIMATE RECORD PERIOD 1941 TO 2014


WEATHER ITEM   OBSERVED TIME   RECORD YEAR NORMAL DEPARTURE LAST
                VALUE   (LST)  VALUE       VALUE  FROM      YEAR
                                                  NORMAL
..................................................................
TEMPERATURE (F)
 TODAY
  MAXIMUM         85    338 PM  90    1965  78      7       47
  MINIMUM         57    745 AM  38    1912  57      0       43
  AVERAGE         71                        67      4       45

PRECIPITATION (IN)
  TODAY            0.00          0.78 2012   0.03  -0.03      T
  MONTH TO DATE    0.56                      0.71  -0.15     2.69
  SINCE SEP 1     12.41                      7.26   5.15     9.06
  SINCE JAN 1     19.27                     20.83  -1.56    15.00

SNOWFALL (IN)
  TODAY            0.0
  MONTH TO DATE    0.0
  SINCE SEP 1      0.0
  SINCE JUL 1      0.0
  SNOW DEPTH       0

DEGREE DAYS
 HEATING
  TODAY            0                         3     -3       20
  MONTH TO DATE  108                        34     74       41
  SINCE SEP 1    108                        39     69       41
  SINCE JUL 1    108                        39     69       41

 COOLING
  TODAY            6                         5      1        0
  MONTH TO DATE   65                       158    -93      169
  SINCE SEP 1   1029                      1089    -60     1147
  SINCE JAN 1   4224                      4340   -116     4534
..................................................................


WIND (MPH)
  HIGHEST WIND SPEED    13   HIGHEST WIND DIRECTION     S (170)
  HIGHEST GUST SPEED    19   HIGHEST GUST DIRECTION     S (170)
  AVERAGE WIND SPEED     3.6



WEATHER CONDITIONS
 THE FOLLOWING WEATHER WAS RECORDED TODAY.
  LIGHT RAIN
  FOG
  FOG W/VISIBILITY <= 1/4 MILE


..........................................................


THE MCALLEN CLIMATE NORMALS FOR TOMORROW
                         NORMAL    RECORD    YEAR
 MAXIMUM TEMPERATURE (F)   77        91      2010
                                             1982
 MINIMUM TEMPERATURE (F)   56        33      1894


SUNRISE AND SUNSET
NOVEMBER 23 2014......SUNRISE   657 AM CST   SUNSET   541 PM CST
NOVEMBER 24 2014......SUNRISE   658 AM CST   SUNSET   541 PM CST


-  INDICATES NEGATIVE NUMBERS.
R  INDICATES RECORD WAS SET OR TIED.
MM INDICATES DATA IS MISSING.
T  INDICATES TRACE AMOUNT.




$$
