000
CDUS44 KBRO 270726
CLIMFE


CLIMATE REPORT
NATIONAL WEATHER SERVICE BROWNSVILLE TX
126 AM CST THU NOV 27 2014


...................................

...THE MCALLEN CLIMATE SUMMARY FOR NOVEMBER 26 2014...

CLIMATE NORMAL PERIOD 1981 TO 2010
CLIMATE RECORD PERIOD 1941 TO 2014


WEATHER ITEM   OBSERVED TIME   RECORD YEAR NORMAL DEPARTURE LAST
                VALUE   (LST)  VALUE       VALUE  FROM      YEAR
                                                  NORMAL
..................................................................
TEMPERATURE (F)
 YESTERDAY
  MAXIMUM         75    422 PM  92    1965  77     -2       59
  MINIMUM         42    713 AM  35    1911  56    -14       43
  AVERAGE         59                        66     -7

PRECIPITATION (IN)
  YESTERDAY        0.00          0.62 1980   0.03  -0.03     0.10
  MONTH TO DATE    0.56                      0.79  -0.23     3.16
  SINCE SEP 1     12.41                      7.34   5.07     9.53
  SINCE JAN 1     19.27                     20.91  -1.64    15.47

SNOWFALL (IN)
  YESTERDAY        0.0
  MONTH TO DATE    0.0
  SINCE SEP 1      0.0
  SINCE JUL 1      0.0

DEGREE DAYS
 HEATING
  YESTERDAY        6                         3      3       14
  MONTH TO DATE  124                        43     81       93
  SINCE SEP 1    124                        48     76       93
  SINCE JUL 1    124                        48     76       93

 COOLING
  YESTERDAY        0                         4     -4        0
  MONTH TO DATE   65                       171   -106      169
  SINCE SEP 1   1029                      1102    -73     1147
  SINCE JAN 1   4224                      4353   -129     4534
..................................................................


WIND (MPH)
  HIGHEST WIND SPEED    16   HIGHEST WIND DIRECTION     S (170)
  HIGHEST GUST SPEED    22   HIGHEST GUST DIRECTION     S (170)
  AVERAGE WIND SPEED     5.1



WEATHER CONDITIONS
 THE FOLLOWING WEATHER WAS RECORDED YESTERDAY.
  NO SIGNIFICANT WEATHER WAS OBSERVED.


RELATIVE HUMIDITY (PERCENT)
 HIGHEST    96
 LOWEST     25
 AVERAGE    61

..........................................................


THE MCALLEN CLIMATE NORMALS FOR TODAY
                         NORMAL    RECORD    YEAR
 MAXIMUM TEMPERATURE (F)   76        95      1948
 MINIMUM TEMPERATURE (F)   56        36        MM
                                             1911


SUNRISE AND SUNSET
NOVEMBER 27 2014......SUNRISE   700 AM CST   SUNSET   541 PM CST
NOVEMBER 28 2014......SUNRISE   701 AM CST   SUNSET   541 PM CST


-  INDICATES NEGATIVE NUMBERS.
R  INDICATES RECORD WAS SET OR TIED.
MM INDICATES DATA IS MISSING.
T  INDICATES TRACE AMOUNT.




$$
