000
CDUS44 KBRO 030726
CLIMFE


CLIMATE REPORT
NATIONAL WEATHER SERVICE BROWNSVILLE TX
125 AM CST TUE MAR 3 2015


...................................

...THE MCALLEN CLIMATE SUMMARY FOR MARCH 2 2015...

CLIMATE NORMAL PERIOD 1981 TO 2010
CLIMATE RECORD PERIOD 1941 TO 2015


WEATHER ITEM   OBSERVED TIME   RECORD YEAR NORMAL DEPARTURE LAST
                VALUE   (LST)  VALUE       VALUE  FROM      YEAR
                                                  NORMAL
..................................................................
TEMPERATURE (F)
 YESTERDAY
  MAXIMUM         56   1204 AM  99    1999  78    -22       90
  MINIMUM         52   1016 AM  32    1980  57     -5       55
  AVERAGE         54                        68    -14

PRECIPITATION (IN)
  YESTERDAY        T             0.42 2003   0.04  -0.04     0.00
  MONTH TO DATE    T                         0.08  -0.08      T
  SINCE MAR 1      T                         0.08  -0.08      T
  SINCE JAN 1      0.59                      2.24  -1.65     0.88

SNOWFALL (IN)
  YESTERDAY        0.0
  MONTH TO DATE    0.0
  SINCE MAR 1      0.0
  SINCE JUL 1      0.0

DEGREE DAYS
 HEATING
  YESTERDAY       11                         2      9        0
  MONTH TO DATE   19                         4     15        0
  SINCE MAR 1     19                         4     15        0
  SINCE JUL 1    709                       537    172      776

 COOLING
  YESTERDAY        0                         5     -5        8
  MONTH TO DATE    0                        10    -10       15
  SINCE MAR 1      0                        10    -10       15
  SINCE JAN 1     85                       169    -84      143
..................................................................


WIND (MPH)
  HIGHEST WIND SPEED    12   HIGHEST WIND DIRECTION     N (360)
  HIGHEST GUST SPEED    15   HIGHEST GUST DIRECTION     N (10)
  AVERAGE WIND SPEED     6.7



WEATHER CONDITIONS
 THE FOLLOWING WEATHER WAS RECORDED YESTERDAY.
  LIGHT RAIN
  FOG


RELATIVE HUMIDITY (PERCENT)
 HIGHEST   100
 LOWEST     86
 AVERAGE    93

..........................................................


THE MCALLEN CLIMATE NORMALS FOR TODAY
                         NORMAL    RECORD    YEAR
 MAXIMUM TEMPERATURE (F)   79        94      1953
                                             1991
 MINIMUM TEMPERATURE (F)   57        31      1980


SUNRISE AND SUNSET
MARCH  3 2015.........SUNRISE   655 AM CST   SUNSET   635 PM CST
MARCH  4 2015.........SUNRISE   654 AM CST   SUNSET   636 PM CST


-  INDICATES NEGATIVE NUMBERS.
R  INDICATES RECORD WAS SET OR TIED.
MM INDICATES DATA IS MISSING.
T  INDICATES TRACE AMOUNT.




$$
