000
CDUS46 KMFR 221216
CLIMFR

CLIMATE REPORT
NATIONAL WEATHER SERVICE MEDFORD, OR
517 AM PDT FRI AUG 22 2014


...................................

...THE MEDFORD OR CLIMATE SUMMARY FOR AUGUST 21 2014...

CLIMATE NORMAL PERIOD 1981 TO 2010
CLIMATE RECORD PERIOD 1911 TO 2014


WEATHER ITEM   OBSERVED TIME   RECORD YEAR NORMAL DEPARTURE LAST
                VALUE   (LST)  VALUE       VALUE  FROM      YEAR
                                                  NORMAL
..................................................................
TEMPERATURE (F)
 YESTERDAY
  MAXIMUM         90    510 PM 104    1961  90      0       95
  MINIMUM         55    503 AM  44    1947  56     -1       68
                                      1918
                                      1911
  AVERAGE         73                        73      0       82

PRECIPITATION (IN)
  YESTERDAY        0.00          0.74 1923   0.01  -0.01     0.00
  MONTH TO DATE    0.63                      0.25   0.38     0.03
  SINCE SEP 1     15.83                     18.20  -2.37    16.91
  SINCE JAN 1     11.39                      9.99   1.40     4.16

SNOWFALL (IN)
  YESTERDAY        0.0                       0.0    0.0      0.0
  MONTH TO DATE    0.0                       0.0    0.0      0.0
  SINCE JUL 1      0.0                       0.0    0.0      0.0
  SNOW DEPTH       0

DEGREE DAYS
 HEATING
  YESTERDAY        0                         0      0        0
  MONTH TO DATE    0                         0      0        0
  SINCE JUN 1     22                        60    -38       35
  SINCE JUL 1      0                         6     -6        0

 COOLING
  YESTERDAY        8                         8      0       17
  MONTH TO DATE  273                       205     68      219
  SINCE JUN 1    855                       599    256      802
  SINCE JAN 1    911                       637    274      837
..................................................................


WIND (MPH)
  HIGHEST WIND SPEED    18   HIGHEST WIND DIRECTION     N (20)
  HIGHEST GUST SPEED    23   HIGHEST GUST DIRECTION     N (20)
  AVERAGE WIND SPEED     3.8


SKY COVER
  POSSIBLE SUNSHINE  MM
  AVERAGE SKY COVER 0.0


WEATHER CONDITIONS
 THE FOLLOWING WEATHER WAS RECORDED YESTERDAY.

  NO SIGNIFICANT WEATHER WAS OBSERVED.


RELATIVE HUMIDITY (PERCENT)
 HIGHEST    83           500 AM
 LOWEST     12           200 PM
 AVERAGE    48

..........................................................


THE MEDFORD OR CLIMATE NORMALS FOR TODAY
                         NORMAL    RECORD    YEAR
 MAXIMUM TEMPERATURE (F)   90       104      1988
                                             1942
 MINIMUM TEMPERATURE (F)   56        43      1943


SUNRISE AND SUNSET
AUGUST 22 2014........SUNRISE   626 AM PDT   SUNSET   802 PM PDT
AUGUST 23 2014........SUNRISE   627 AM PDT   SUNSET   800 PM PDT


-  INDICATES NEGATIVE NUMBERS.
R  INDICATES RECORD WAS SET OR TIED.
MM INDICATES DATA IS MISSING.
T  INDICATES TRACE AMOUNT.

&&

LOW TEMPERATURE THIS MORNING....63
24-HOUR PRECIPITATION...........0.00

$$
