000
CDUS46 KMFR 171742
CLIMFR

CLIMATE REPORT
NATIONAL WEATHER SERVICE MEDFORD, OR
1041 AM PDT WED SEP 17 2014


...................................

...THE MEDFORD OR CLIMATE SUMMARY FOR SEPTEMBER 16 2014...

CLIMATE NORMAL PERIOD 1981 TO 2010
CLIMATE RECORD PERIOD 1911 TO 2014


WEATHER ITEM   OBSERVED TIME   RECORD YEAR NORMAL DEPARTURE LAST
                VALUE   (LST)  VALUE       VALUE  FROM      YEAR
                                                  NORMAL
..................................................................
TEMPERATURE (F)
 YESTERDAY
  MAXIMUM         86    315 PM 102    1938  84      2       81
  MINIMUM         54    607 AM  34    1921  50      4       54
  AVERAGE         70                        67      3       68

PRECIPITATION (IN)
  YESTERDAY        0.00          0.79 1961   0.02  -0.02     0.00
  MONTH TO DATE    0.00                      0.27  -0.27     0.53
  SINCE SEP 1      0.00                      0.27  -0.27     0.53
  SINCE JAN 1     11.39                     10.41   0.98     5.08

SNOWFALL (IN)
  YESTERDAY        0.0                       0.0    0.0      0.0
  MONTH TO DATE    0.0                       0.0    0.0      0.0
  SINCE JUL 1      0.0                       0.0    0.0      0.0
  SNOW DEPTH       0

DEGREE DAYS
 HEATING
  YESTERDAY        0                         2     -2        0
  MONTH TO DATE    0                        19    -19        0
  SINCE SEP 1      0                        19    -19        0
  SINCE JUL 1      0                        29    -29        0

 COOLING
  YESTERDAY        5                         4      1        3
  MONTH TO DATE  133                        78     55      140
  SINCE SEP 1    133                        78     55      140
  SINCE JAN 1   1147                       785    362     1055
..................................................................


WIND (MPH)
  HIGHEST WIND SPEED    15   HIGHEST WIND DIRECTION    NW (300)
  HIGHEST GUST SPEED    19   HIGHEST GUST DIRECTION     W (290)
  AVERAGE WIND SPEED     3.9


SKY COVER
  POSSIBLE SUNSHINE  MM
  AVERAGE SKY COVER 0.1


WEATHER CONDITIONS
 THE FOLLOWING WEATHER WAS RECORDED YESTERDAY.

  HAZE


RELATIVE HUMIDITY (PERCENT)
 HIGHEST    66           600 AM
 LOWEST     23           200 PM
 AVERAGE    45

..........................................................


THE MEDFORD OR CLIMATE NORMALS FOR TODAY
                         NORMAL    RECORD    YEAR
 MAXIMUM TEMPERATURE (F)   83       102      1991
                                             1938
 MINIMUM TEMPERATURE (F)   50        33      1965


SUNRISE AND SUNSET
SEPTEMBER 17 2014.....SUNRISE   654 AM PDT   SUNSET   717 PM PDT
SEPTEMBER 18 2014.....SUNRISE   655 AM PDT   SUNSET   716 PM PDT


-  INDICATES NEGATIVE NUMBERS.
R  INDICATES RECORD WAS SET OR TIED.
MM INDICATES DATA IS MISSING.
T  INDICATES TRACE AMOUNT.

&&

LOW TEMPERATURE SINCE MIDNIGHT...61 DEGREES
24-HOUR PRECIPITATION............0

$$
