000
CDUS46 KMFR 200836
CLIMFR


CLIMATE REPORT
NATIONAL WEATHER SERVICE MEDFORD, OR
135 AM PDT WED SEP 20 2017


...................................

...THE MEDFORD OR CLIMATE SUMMARY FOR SEPTEMBER 19 2017...

CLIMATE NORMAL PERIOD 1981 TO 2010
CLIMATE RECORD PERIOD 1911 TO 2017


WEATHER ITEM   OBSERVED TIME   RECORD YEAR NORMAL DEPARTURE LAST
                VALUE   (LST)  VALUE       VALUE  FROM      YEAR
                                                  NORMAL
..................................................................
TEMPERATURE (F)
 YESTERDAY
  MAXIMUM         61    509 PM 100    1952  83    -22       82
  MINIMUM         49    453 AM  32    1978  49      0       53
  AVERAGE         55                        66    -11       68

PRECIPITATION (IN)
  YESTERDAY        0.01          0.64 1956   0.02  -0.01     0.00
  MONTH TO DATE    0.17                      0.33  -0.16     0.00
  SINCE OCT 1     25.08                     18.11   6.97    19.77
  SINCE JAN 1     13.39                     10.47   2.92    10.01

SNOWFALL (IN)
  YESTERDAY        0.0                       0.0    0.0      0.0
  MONTH TO DATE    0.0                       0.0    0.0      0.0
  SINCE JUL 1      0.0                       0.0    0.0      0.0
  SNOW DEPTH       0

DEGREE DAYS
 HEATING
  YESTERDAY       10                         2      8        0
  MONTH TO DATE   21                        25     -4        8
  SINCE SEP 1     21                        25     -4        8
  SINCE JUL 1     21                        35    -14       10

 COOLING
  YESTERDAY        0                         3     -3        3
  MONTH TO DATE  146                        87     59       72
  SINCE SEP 1    146                        87     59       72
  SINCE JAN 1   1271                       794    477     1017
..................................................................


WIND (MPH)
  HIGHEST WIND SPEED     8   HIGHEST WIND DIRECTION     N (360)
  HIGHEST GUST SPEED    12   HIGHEST GUST DIRECTION    NE (40)
  AVERAGE WIND SPEED     3.5


SKY COVER
  POSSIBLE SUNSHINE  MM
  AVERAGE SKY COVER 0.8


WEATHER CONDITIONS
 THE FOLLOWING WEATHER WAS RECORDED YESTERDAY.
  LIGHT RAIN
  FOG


RELATIVE HUMIDITY (PERCENT)
 HIGHEST   100           500 AM
 LOWEST     64           300 PM
 AVERAGE    82

..........................................................


THE MEDFORD OR CLIMATE NORMALS FOR TODAY
                         NORMAL    RECORD    YEAR
 MAXIMUM TEMPERATURE (F)   82       100      2014
 MINIMUM TEMPERATURE (F)   49        32      1972


SUNRISE AND SUNSET
SEPTEMBER 20 2017.....SUNRISE   657 AM PDT   SUNSET   712 PM PDT
SEPTEMBER 21 2017.....SUNRISE   658 AM PDT   SUNSET   710 PM PDT


-  INDICATES NEGATIVE NUMBERS.
R  INDICATES RECORD WAS SET OR TIED.
MM INDICATES DATA IS MISSING.
T  INDICATES TRACE AMOUNT.




$$
