000
CDUS46 KMFR 260836
CLIMFR


CLIMATE REPORT
NATIONAL WEATHER SERVICE MEDFORD, OR
135 AM PDT TUE JUL 26 2016


...................................

...THE MEDFORD OR CLIMATE SUMMARY FOR JULY 25 2016...

CLIMATE NORMAL PERIOD 1981 TO 2010
CLIMATE RECORD PERIOD 1911 TO 2016


WEATHER ITEM   OBSERVED TIME   RECORD YEAR NORMAL DEPARTURE LAST
                VALUE   (LST)  VALUE       VALUE  FROM      YEAR
                                                  NORMAL
..................................................................
TEMPERATURE (F)
 YESTERDAY
  MAXIMUM         96    459 PM 107    1988  93      3       89
  MINIMUM         61    402 AM  46    1920  59      2       60
  AVERAGE         79                        76      3       75

PRECIPITATION (IN)
  YESTERDAY        0.00          0.17 1913   0.01  -0.01     0.00
  MONTH TO DATE    0.45                      0.23   0.22     0.29
  SINCE OCT 1     19.77                     17.33   2.44    14.28
  SINCE JAN 1     10.01                      9.69   0.32     7.43

SNOWFALL (IN)
  YESTERDAY        0.0                       0.0    0.0      0.0
  MONTH TO DATE    0.0                       0.0    0.0      0.0
  SINCE JUL 1      0.0                       0.0    0.0      0.0
  SNOW DEPTH       0

DEGREE DAYS
 HEATING
  YESTERDAY        0                         0      0        0
  MONTH TO DATE    2                         1      1        0
  SINCE JUN 1     42                        55    -13       10
  SINCE JUL 1      2                         1      1        0

 COOLING
  YESTERDAY       14                        11      3       10
  MONTH TO DATE  193                       222    -29      340
  SINCE JUN 1    394                       330     64      651
  SINCE JAN 1    455                       368     87      696
..................................................................


WIND (MPH)
  HIGHEST WIND SPEED    17   HIGHEST WIND DIRECTION     N (350)
  HIGHEST GUST SPEED    23   HIGHEST GUST DIRECTION     N (350)
  AVERAGE WIND SPEED     4.5


SKY COVER
  POSSIBLE SUNSHINE  MM
  AVERAGE SKY COVER 0.0


WEATHER CONDITIONS
 THE FOLLOWING WEATHER WAS RECORDED YESTERDAY.
  NO SIGNIFICANT WEATHER WAS OBSERVED.


RELATIVE HUMIDITY (PERCENT)
 HIGHEST    65           400 AM
 LOWEST     24           400 PM
 AVERAGE    45

..........................................................


THE MEDFORD OR CLIMATE NORMALS FOR TODAY
                         NORMAL    RECORD    YEAR
 MAXIMUM TEMPERATURE (F)   93       108      1939
 MINIMUM TEMPERATURE (F)   59        41      1919


SUNRISE AND SUNSET
JULY 26 2016..........SUNRISE   559 AM PDT   SUNSET   837 PM PDT
JULY 27 2016..........SUNRISE   600 AM PDT   SUNSET   836 PM PDT


-  INDICATES NEGATIVE NUMBERS.
R  INDICATES RECORD WAS SET OR TIED.
MM INDICATES DATA IS MISSING.
T  INDICATES TRACE AMOUNT.




$$
