351
CDUS46 KMFR 260835
CLIMFR


CLIMATE REPORT
NATIONAL WEATHER SERVICE MEDFORD, OR
135 AM PDT FRI MAY 26 2017


...................................

...THE MEDFORD OR CLIMATE SUMMARY FOR MAY 25 2017...

CLIMATE NORMAL PERIOD 1981 TO 2010
CLIMATE RECORD PERIOD 1911 TO 2017


WEATHER ITEM   OBSERVED TIME   RECORD YEAR NORMAL DEPARTURE LAST
                VALUE   (LST)  VALUE       VALUE  FROM      YEAR
                                                  NORMAL
..................................................................
TEMPERATURE (F)
 YESTERDAY
  MAXIMUM         80    429 PM  97    1936  76      4       77
  MINIMUM         45    513 AM  30    1920  48     -3       51
  AVERAGE         63                        62      1       64

PRECIPITATION (IN)
  YESTERDAY        0.00          0.78 1942   0.04  -0.04     0.00
  MONTH TO DATE    0.58                      1.07  -0.49     0.33
  SINCE OCT 1     24.27                     16.24   8.03    18.75
  SINCE JAN 1     12.58                      8.60   3.98     8.99

SNOWFALL (IN)
  YESTERDAY        0.0                       0.0    0.0      0.0
  MONTH TO DATE    0.0                       0.0    0.0      0.0
  SINCE JUL 1     11.8                       4.1    7.7      1.9
  SNOW DEPTH       0

DEGREE DAYS
 HEATING
  YESTERDAY        2                         5     -3        1
  MONTH TO DATE  130                       172    -42       77
  SINCE MAR 1    973                      1057    -84      732
  SINCE JUL 1   4018                      4171   -153     3406

 COOLING
  YESTERDAY        0                         2     -2        0
  MONTH TO DATE   53                        26     27       31
  SINCE MAR 1     53                        29     24       48
  SINCE JAN 1     53                        29     24       48
..................................................................


WIND (MPH)
  HIGHEST WIND SPEED    16   HIGHEST WIND DIRECTION     N (350)
  HIGHEST GUST SPEED    21   HIGHEST GUST DIRECTION     N (350)
  AVERAGE WIND SPEED     3.9


SKY COVER
  POSSIBLE SUNSHINE  MM
  AVERAGE SKY COVER 0.1


WEATHER CONDITIONS
 THE FOLLOWING WEATHER WAS RECORDED YESTERDAY.
  NO SIGNIFICANT WEATHER WAS OBSERVED.


RELATIVE HUMIDITY (PERCENT)
 HIGHEST    83           400 AM
 LOWEST     21           500 PM
 AVERAGE    52

..........................................................


THE MEDFORD OR CLIMATE NORMALS FOR TODAY
                         NORMAL    RECORD    YEAR
 MAXIMUM TEMPERATURE (F)   76        95      2005
 MINIMUM TEMPERATURE (F)   48        32      1922


SUNRISE AND SUNSET
MAY 26 2017...........SUNRISE   540 AM PDT   SUNSET   837 PM PDT
MAY 27 2017...........SUNRISE   540 AM PDT   SUNSET   838 PM PDT


-  INDICATES NEGATIVE NUMBERS.
R  INDICATES RECORD WAS SET OR TIED.
MM INDICATES DATA IS MISSING.
T  INDICATES TRACE AMOUNT.




$$
