000
CDUS46 KMFR 220845
CLIMFR


CLIMATE REPORT
NATIONAL WEATHER SERVICE MEDFORD, OR
145 AM PDT SAT JUL 22 2017


...................................

...THE MEDFORD OR CLIMATE SUMMARY FOR JULY 21 2017...

CLIMATE NORMAL PERIOD 1981 TO 2010
CLIMATE RECORD PERIOD 1911 TO 2017


WEATHER ITEM   OBSERVED TIME   RECORD YEAR NORMAL DEPARTURE LAST
                VALUE   (LST)  VALUE       VALUE  FROM      YEAR
                                                  NORMAL
..................................................................
TEMPERATURE (F)
 YESTERDAY
  MAXIMUM         92    503 PM 109    1994  92      0       90
  MINIMUM         58    454 AM  43    1914  58      0       60
  AVERAGE         75                        75      0       75

PRECIPITATION (IN)
  YESTERDAY        0.00          0.56 1987   0.01  -0.01     0.00
  MONTH TO DATE    0.00                      0.20  -0.20     0.45
  SINCE OCT 1     24.77                     17.30   7.47    19.77
  SINCE JAN 1     13.08                      9.66   3.42    10.01

SNOWFALL (IN)
  YESTERDAY        0.0                       0.0    0.0      0.0
  MONTH TO DATE    0.0                       0.0    0.0      0.0
  SINCE JUL 1      0.0                       0.0    0.0      0.0
  SNOW DEPTH       0

DEGREE DAYS
 HEATING
  YESTERDAY        0                         0      0        0
  MONTH TO DATE    0                         1     -1        2
  SINCE JUN 1     45                        55    -10       42
  SINCE JUL 1      0                         1     -1        2

 COOLING
  YESTERDAY       10                        10      0       10
  MONTH TO DATE  252                       179     73      150
  SINCE JUN 1    457                       287    170      351
  SINCE JAN 1    544                       325    219      412
..................................................................


WIND (MPH)
  HIGHEST WIND SPEED    17   HIGHEST WIND DIRECTION     N (350)
  HIGHEST GUST SPEED    21   HIGHEST GUST DIRECTION     N (340)
  AVERAGE WIND SPEED     3.9


SKY COVER
  POSSIBLE SUNSHINE  MM
  AVERAGE SKY COVER 0.0


WEATHER CONDITIONS
 THE FOLLOWING WEATHER WAS RECORDED YESTERDAY.
  NO SIGNIFICANT WEATHER WAS OBSERVED.


RELATIVE HUMIDITY (PERCENT)
 HIGHEST    77           500 AM
 LOWEST     18           300 PM
 AVERAGE    48

..........................................................


THE MEDFORD OR CLIMATE NORMALS FOR TODAY
                         NORMAL    RECORD    YEAR
 MAXIMUM TEMPERATURE (F)   92       106      2006
                                             1928
 MINIMUM TEMPERATURE (F)   58        43      1965


SUNRISE AND SUNSET
JULY 22 2017..........SUNRISE   555 AM PDT   SUNSET   841 PM PDT
JULY 23 2017..........SUNRISE   555 AM PDT   SUNSET   840 PM PDT


-  INDICATES NEGATIVE NUMBERS.
R  INDICATES RECORD WAS SET OR TIED.
MM INDICATES DATA IS MISSING.
T  INDICATES TRACE AMOUNT.




$$
