000
CDUS46 KMFR 041211
CLIMFR

CLIMATE REPORT
NATIONAL WEATHER SERVICE MEDFORD, OR
511 AM PDT WED MAY 4 2016


...................................

...THE MEDFORD OR CLIMATE SUMMARY FOR MAY 3 2016...

CLIMATE NORMAL PERIOD 1981 TO 2010
CLIMATE RECORD PERIOD 1911 TO 2016


WEATHER ITEM   OBSERVED TIME   RECORD YEAR NORMAL DEPARTURE LAST
                VALUE   (LST)  VALUE       VALUE  FROM      YEAR
                                                  NORMAL
..................................................................
TEMPERATURE (F)
 YESTERDAY
  MAXIMUM         70    246 PM  95    1992  70      0       84
  MINIMUM         50    537 AM  31    1928  44      6       42
                                      1920
  AVERAGE         60                        57      3       63

PRECIPITATION (IN)
  YESTERDAY        T             0.90 2009   0.04  -0.04     0.00
  MONTH TO DATE    T                         0.13  -0.13     0.00
  SINCE OCT 1     18.42                     15.30   3.12    13.35
  SINCE JAN 1      8.66                      7.66   1.00     6.50

SNOWFALL (IN)
  YESTERDAY        0.0                       0.0    0.0      0.0
  MONTH TO DATE    0.0                       0.0    0.0      0.0
  SINCE JUL 1      1.9                       4.1   -2.2       T
  SNOW DEPTH       0

DEGREE DAYS
 HEATING
  YESTERDAY        5                         9     -4        2
  MONTH TO DATE    9                        27    -18        2
  SINCE MAR 1    664                       912   -248      691
  SINCE JUL 1   3338                      4026   -688     3131

 COOLING
  YESTERDAY        0                         1     -1        0
  MONTH TO DATE    3                         2      1        1
  SINCE MAR 1     20                         5     15        1
  SINCE JAN 1     20                         5     15        1
..................................................................


WIND (MPH)
  HIGHEST WIND SPEED    13   HIGHEST WIND DIRECTION     N (10)
  HIGHEST GUST SPEED    14   HIGHEST GUST DIRECTION     N (10)
  AVERAGE WIND SPEED     2.7


SKY COVER
  POSSIBLE SUNSHINE  MM
  AVERAGE SKY COVER 0.2


WEATHER CONDITIONS
 THE FOLLOWING WEATHER WAS RECORDED YESTERDAY.
  LIGHT RAIN


RELATIVE HUMIDITY (PERCENT)
 HIGHEST    78           900 PM
 LOWEST     45           200 PM
 AVERAGE    62

..........................................................


THE MEDFORD OR CLIMATE NORMALS FOR TODAY
                         NORMAL    RECORD    YEAR
 MAXIMUM TEMPERATURE (F)   70        98      1992
 MINIMUM TEMPERATURE (F)   44        28      1996


SUNRISE AND SUNSET
MAY  4 2016...........SUNRISE   602 AM PDT   SUNSET   815 PM PDT
MAY  5 2016...........SUNRISE   601 AM PDT   SUNSET   816 PM PDT


-  INDICATES NEGATIVE NUMBERS.
R  INDICATES RECORD WAS SET OR TIED.
MM INDICATES DATA IS MISSING.
T  INDICATES TRACE AMOUNT.

&&

LOW TEMPERATURE THIS MORNING....54 DEGREES
24-HOUR PRECIPITATION...........TRACE

$$
