000
CDUS46 KMFR 201339
CLIMFR

CLIMATE REPORT
NATIONAL WEATHER SERVICE MEDFORD, OR
538 AM PST FRI JAN 20 2017


...................................

...THE MEDFORD OR CLIMATE SUMMARY FOR JANUARY 19 2017...

CLIMATE NORMAL PERIOD 1981 TO 2010
CLIMATE RECORD PERIOD 1911 TO 2017


WEATHER ITEM   OBSERVED TIME   RECORD YEAR NORMAL DEPARTURE LAST
                VALUE   (LST)  VALUE       VALUE  FROM      YEAR
                                                  NORMAL
..................................................................
TEMPERATURE (F)
 YESTERDAY
  MAXIMUM         52    311 PM  63    1981  48      4       56
  MINIMUM         38    803 AM   9    1922  33      5       39
  AVERAGE         45                        40      5       48

PRECIPITATION (IN)
  YESTERDAY        0.07          1.40 1964   0.08  -0.01     0.11
  MONTH TO DATE    4.31                      1.63   2.68     2.59
  SINCE OCT 1     16.00                      9.27   6.73    12.35
  SINCE JAN 1      4.31                      1.63   2.68     2.59

SNOWFALL (IN)
  YESTERDAY        0.0                       0.0    0.0      0.0
  MONTH TO DATE   11.4                       0.8   10.6      0.0
  SINCE JUL 1     11.8                       2.5    9.3      0.7
  SNOW DEPTH       0

DEGREE DAYS
 HEATING
  YESTERDAY       20                        24     -4       17
  MONTH TO DATE  574                       483     91      445
  SINCE DEC 1   1426                      1280    146     1145
  SINCE JUL 1   2199                      2249    -50     1949

 COOLING
  YESTERDAY        0                         0      0        0
  MONTH TO DATE    0                         0      0        0
  SINCE DEC 1      0                         0      0        0
  SINCE JAN 1      0                         0      0        0
..................................................................


WIND (MPH)
  HIGHEST WIND SPEED    12   HIGHEST WIND DIRECTION    SW (230)
  HIGHEST GUST SPEED    14   HIGHEST GUST DIRECTION    SW (240)
  AVERAGE WIND SPEED     2.6


SKY COVER
  POSSIBLE SUNSHINE  MM
  AVERAGE SKY COVER 0.8


WEATHER CONDITIONS
 THE FOLLOWING WEATHER WAS RECORDED YESTERDAY.
  LIGHT RAIN
  FOG


RELATIVE HUMIDITY (PERCENT)
 HIGHEST   100           600 AM
 LOWEST     56           500 PM
 AVERAGE    78

..........................................................


THE MEDFORD OR CLIMATE NORMALS FOR TODAY
                         NORMAL    RECORD    YEAR
 MAXIMUM TEMPERATURE (F)   48        71      1961
 MINIMUM TEMPERATURE (F)   33         8      1937


SUNRISE AND SUNSET
JANUARY 20 2017.......SUNRISE   735 AM PST   SUNSET   511 PM PST
JANUARY 21 2017.......SUNRISE   734 AM PST   SUNSET   512 PM PST


-  INDICATES NEGATIVE NUMBERS.
R  INDICATES RECORD WAS SET OR TIED.
MM INDICATES DATA IS MISSING.
T  INDICATES TRACE AMOUNT.



&&

LOW TEMPERATURE THIS MORNING...40 DEGREES
24-HOUR PRECIPITATION..........0.07

$$
