000
CDUS46 KMFR 250035
CLIMFR


CLIMATE REPORT
NATIONAL WEATHER SERVICE MEDFORD, OR
535 PM PDT MON APR 24 2017


...................................

...THE MEDFORD OR CLIMATE SUMMARY FOR APRIL 24 2017...
VALID TODAY AS OF 0500 PM LOCAL TIME.

CLIMATE NORMAL PERIOD 1981 TO 2010
CLIMATE RECORD PERIOD 1911 TO 2017


WEATHER ITEM   OBSERVED TIME   RECORD YEAR NORMAL DEPARTURE LAST
                VALUE   (LST)  VALUE       VALUE  FROM      YEAR
                                                  NORMAL
..................................................................
TEMPERATURE (F)
 TODAY
  MAXIMUM         59   1119 AM  90    1926  67     -8       56
  MINIMUM         46    625 AM  27    1964  42      4       43
  AVERAGE         53                        54     -1       50

PRECIPITATION (IN)
  TODAY            0.02          0.47 1934   0.04  -0.02     0.05
  MONTH TO DATE    0.68                      1.12  -0.44     0.85
  SINCE OCT 1     23.42                     14.91   8.51    18.31
  SINCE JAN 1     11.73                      7.27   4.46     8.55

SNOWFALL (IN)
  TODAY           MM                         0.0   MM        0.0
  MONTH TO DATE    0.0                       0.1   -0.1      0.0
  SINCE JUL 1     11.8                       4.2    7.6      1.9
  SNOW DEPTH       0

DEGREE DAYS
 HEATING
  TODAY           12                        11      1       15
  MONTH TO DATE  305                       307     -2      142
  SINCE MAR 1    774                       825    -51      587
  SINCE JUL 1   3819                      3939   -120     3261

 COOLING
  TODAY            0                         0      0        0
  MONTH TO DATE    0                         0      0       17
  SINCE MAR 1      0                         0      0       17
  SINCE JAN 1      0                         0      0       17
..................................................................


WIND (MPH)
  HIGHEST WIND SPEED    23   HIGHEST WIND DIRECTION     W (250)
  HIGHEST GUST SPEED    36   HIGHEST GUST DIRECTION     W (250)
  AVERAGE WIND SPEED     6.4


SKY COVER
  POSSIBLE SUNSHINE  MM
  AVERAGE SKY COVER 1.0


WEATHER CONDITIONS
 THE FOLLOWING WEATHER WAS RECORDED TODAY.
  LIGHT RAIN


RELATIVE HUMIDITY (PERCENT)
 HIGHEST    93          1200 AM
 LOWEST     47          1200 PM
 AVERAGE    70

..........................................................


THE MEDFORD OR CLIMATE NORMALS FOR TOMORROW
                         NORMAL    RECORD    YEAR
 MAXIMUM TEMPERATURE (F)   67        91      1926
 MINIMUM TEMPERATURE (F)   42        30      1944
                                             1924


SUNRISE AND SUNSET
APRIL 24 2017.........SUNRISE   616 AM PDT   SUNSET   804 PM PDT
APRIL 25 2017.........SUNRISE   615 AM PDT   SUNSET   805 PM PDT


-  INDICATES NEGATIVE NUMBERS.
R  INDICATES RECORD WAS SET OR TIED.
MM INDICATES DATA IS MISSING.
T  INDICATES TRACE AMOUNT.




$$
