000
CDUS44 KBMX 250750
CLIMGM


CLIMATE REPORT
NATIONAL WEATHER SERVICE BIRMINGHAM, AL
248 AM CDT SUN SEP 25 2016


...................................

...THE MONTGOMERY CLIMATE SUMMARY FOR SEPTEMBER 24 2016...

CLIMATE NORMAL PERIOD 1981 TO 2010
CLIMATE RECORD PERIOD 1872 TO 2016


WEATHER ITEM   OBSERVED TIME   RECORD YEAR NORMAL DEPARTURE LAST
                VALUE   (LST)  VALUE       VALUE  FROM      YEAR
                                                  NORMAL
..................................................................
TEMPERATURE (F)
 YESTERDAY
  MAXIMUM         98R   105 PM  98    1931  85     13       86
  MINIMUM         71    602 AM  47    1990  62      9       67
                                      1982
  AVERAGE         85                        74     11       77

PRECIPITATION (IN)
  YESTERDAY        0.00          6.06 1956   0.13  -0.13      T
  MONTH TO DATE    2.24                      3.24  -1.00     2.02
  SINCE SEP 1      2.24                      3.24  -1.00     2.02
  SINCE JAN 1     35.28                     39.95  -4.67    33.12

DEGREE DAYS
 HEATING
  YESTERDAY        0                         0      0        0
  MONTH TO DATE    0                         0      0        0
  SINCE SEP 1      0                         0      0        0
  SINCE JUL 1      0                         0      0        0

 COOLING
  YESTERDAY       20                         9     11       12
  MONTH TO DATE  444                       295    149      294
  SINCE SEP 1    444                       295    149      294
  SINCE JAN 1   2673                      2084    589     2515
..................................................................


WIND (MPH)
  HIGHEST WIND SPEED    17   HIGHEST WIND DIRECTION    NW (310)
  HIGHEST GUST SPEED    22   HIGHEST GUST DIRECTION    NW (310)
  AVERAGE WIND SPEED     3.3


SKY COVER
  AVERAGE SKY COVER 0.1


WEATHER CONDITIONS
 THE FOLLOWING WEATHER WAS RECORDED YESTERDAY.
  THUNDERSTORM


RELATIVE HUMIDITY (PERCENT)
 HIGHEST    84           400 AM
 LOWEST     29           100 PM
 AVERAGE    57

..........................................................


THE MONTGOMERY CLIMATE NORMALS FOR TODAY
                         NORMAL    RECORD    YEAR
 MAXIMUM TEMPERATURE (F)   85        97      2010
 MINIMUM TEMPERATURE (F)   62        42      1990


SUNRISE AND SUNSET
SEPTEMBER 25 2016.....SUNRISE   636 AM CDT   SUNSET   638 PM CDT
SEPTEMBER 26 2016.....SUNRISE   637 AM CDT   SUNSET   636 PM CDT


-  INDICATES NEGATIVE NUMBERS.
R  INDICATES RECORD WAS SET OR TIED.
MM INDICATES DATA IS MISSING.
T  INDICATES TRACE AMOUNT.




$$
