000
CDUS44 KBMX 160835
CLIMGM


CLIMATE REPORT
NATIONAL WEATHER SERVICE BIRMINGHAM, AL
234 AM CST SAT DEC 16 2017


...................................

...THE MONTGOMERY CLIMATE SUMMARY FOR DECEMBER 15 2017...

CLIMATE NORMAL PERIOD 1981 TO 2010
CLIMATE RECORD PERIOD 1872 TO 2017


WEATHER ITEM   OBSERVED TIME   RECORD YEAR NORMAL DEPARTURE LAST
                VALUE   (LST)  VALUE       VALUE  FROM      YEAR
                                                  NORMAL
..................................................................
TEMPERATURE (F)
 YESTERDAY
  MAXIMUM         46    123 PM  79    1971  59    -13       53
                                      1889
  MINIMUM         30   1132 PM  16    1901  37     -7       37
  AVERAGE         38                        48    -10       45

PRECIPITATION (IN)
  YESTERDAY        0.00          2.62 1956   0.15  -0.15     0.00
  MONTH TO DATE    1.94                      2.43  -0.49     2.93
  SINCE DEC 1      1.94                      2.43  -0.49     2.93
  SINCE JAN 1     69.58                     50.64  18.94    40.32

SNOWFALL (IN)
  YESTERDAY        0.0                       0.0    0.0      0.0
  MONTH TO DATE    T                         0.0    0.0      0.0
  SINCE DEC 1      T                         0.0    0.0      0.0
  SINCE JUL 1      T                         0.0    0.0      0.0
  SNOW DEPTH       0

DEGREE DAYS
 HEATING
  YESTERDAY       27                        17     10       20
  MONTH TO DATE  258                       230     28      188
  SINCE DEC 1    258                       230     28      188
  SINCE JUL 1    593                       601     -8      363
..................................................................


WIND (MPH)
  HIGHEST WIND SPEED    15   HIGHEST WIND DIRECTION    NW (300)
  HIGHEST GUST SPEED    20   HIGHEST GUST DIRECTION    NW (300)
  AVERAGE WIND SPEED     5.8


SKY COVER
  AVERAGE SKY COVER 0.1


WEATHER CONDITIONS
 THE FOLLOWING WEATHER WAS RECORDED YESTERDAY.
  NO SIGNIFICANT WEATHER WAS OBSERVED.


RELATIVE HUMIDITY (PERCENT)
 HIGHEST    92           100 AM
 LOWEST     45          1100 AM
 AVERAGE    69

..........................................................


THE MONTGOMERY CLIMATE NORMALS FOR TODAY
                         NORMAL    RECORD    YEAR
 MAXIMUM TEMPERATURE (F)   59        83      1971
 MINIMUM TEMPERATURE (F)   37        13      1901


SUNRISE AND SUNSET
DECEMBER 16 2017......SUNRISE   640 AM CST   SUNSET   443 PM CST
DECEMBER 17 2017......SUNRISE   641 AM CST   SUNSET   443 PM CST


-  INDICATES NEGATIVE NUMBERS.
R  INDICATES RECORD WAS SET OR TIED.
MM INDICATES DATA IS MISSING.
T  INDICATES TRACE AMOUNT.




$$
