000
CDUS44 KBMX 170758
CLIMGM


CLIMATE REPORT
NATIONAL WEATHER SERVICE BIRMINGHAM, AL
258 AM CDT THU AUG 17 2017


...................................

...THE MONTGOMERY CLIMATE SUMMARY FOR AUGUST 16 2017...

CLIMATE NORMAL PERIOD 1981 TO 2010
CLIMATE RECORD PERIOD 1872 TO 2017


WEATHER ITEM   OBSERVED TIME   RECORD YEAR NORMAL DEPARTURE LAST
                VALUE   (LST)  VALUE       VALUE  FROM      YEAR
                                                  NORMAL
..................................................................
TEMPERATURE (F)
 YESTERDAY
  MAXIMUM         94    222 PM 102    2007  92      2       96
                                      1990
                                      1954
  MINIMUM         76    544 AM  63    1983  71      5       74
  AVERAGE         85                        82      3       85

PRECIPITATION (IN)
  YESTERDAY        0.00          6.97 1939   0.12  -0.12     0.01
  MONTH TO DATE    6.48                      2.08   4.40     2.11
  SINCE JUN 1     23.02                     11.39  11.63    10.45
  SINCE JAN 1     56.94                     34.83  22.11    32.68

DEGREE DAYS
 COOLING
  YESTERDAY       20                        17      3       20
  MONTH TO DATE  290                       272     18      323
  SINCE JUN 1   1317                      1212    105     1464
  SINCE JAN 1   1899                      1551    348     1925
..................................................................


WIND (MPH)
  HIGHEST WIND SPEED    10   HIGHEST WIND DIRECTION     W (260)
  HIGHEST GUST SPEED    16   HIGHEST GUST DIRECTION     W (280)
  AVERAGE WIND SPEED     3.7


SKY COVER
  AVERAGE SKY COVER 0.5


WEATHER CONDITIONS
 THE FOLLOWING WEATHER WAS RECORDED YESTERDAY.
  FOG
  HAZE


RELATIVE HUMIDITY (PERCENT)
 HIGHEST    94           400 AM
 LOWEST     49           200 PM
 AVERAGE    72

..........................................................


THE MONTGOMERY CLIMATE NORMALS FOR TODAY
                         NORMAL    RECORD    YEAR
 MAXIMUM TEMPERATURE (F)   92       102      2000
 MINIMUM TEMPERATURE (F)   71        64      1889


SUNRISE AND SUNSET
AUGUST 17 2017........SUNRISE   611 AM CDT   SUNSET   727 PM CDT
AUGUST 18 2017........SUNRISE   612 AM CDT   SUNSET   726 PM CDT


-  INDICATES NEGATIVE NUMBERS.
R  INDICATES RECORD WAS SET OR TIED.
MM INDICATES DATA IS MISSING.
T  INDICATES TRACE AMOUNT.




$$
