000
CDUS44 KBMX 040923
CLIMGM


CLIMATE REPORT
NATIONAL WEATHER SERVICE BIRMINGHAM, AL
422 AM CDT SAT JUL 4 2015


...................................

...THE MONTGOMERY CLIMATE SUMMARY FOR JULY 3 2015...

CLIMATE NORMAL PERIOD 1981 TO 2010
CLIMATE RECORD PERIOD 1994 TO 2015


WEATHER ITEM   OBSERVED TIME   RECORD YEAR NORMAL DEPARTURE LAST
                VALUE   (LST)  VALUE       VALUE  FROM      YEAR
                                                  NORMAL
..................................................................
TEMPERATURE (F)
 YESTERDAY
  MAXIMUM         92    144 PM 100    2012  92      0       91
                                      1877
  MINIMUM         71    758 PM  63    1885  71      0       68
  AVERAGE         82                        81      1       80

PRECIPITATION (IN)
  YESTERDAY        1.11          2.63 1889   0.17   0.94     0.00
  MONTH TO DATE    1.11                      0.54   0.57      T
  SINCE JUN 1      5.10                      4.61   0.49     5.17
  SINCE JAN 1     25.60                     28.05  -2.45    34.06

DEGREE DAYS
 COOLING
  YESTERDAY       17                        16      1       15
  MONTH TO DATE   51                        48      3       54
  SINCE JUN 1    548                       467     81      526
  SINCE JAN 1   1086                       806    280      892
..................................................................


WIND (MPH)
  HIGHEST WIND SPEED    36   HIGHEST WIND DIRECTION     W (250)
  HIGHEST GUST SPEED    47   HIGHEST GUST DIRECTION    SW (220)
  AVERAGE WIND SPEED     6.9


SKY COVER
  AVERAGE SKY COVER 0.2


WEATHER CONDITIONS
 THE FOLLOWING WEATHER WAS RECORDED YESTERDAY.
  THUNDERSTORM
  HEAVY RAIN
  RAIN
  LIGHT RAIN
  FOG


RELATIVE HUMIDITY (PERCENT)
 HIGHEST    88           400 AM
 LOWEST     52           200 PM
 AVERAGE    70

..........................................................


THE MONTGOMERY CLIMATE NORMALS FOR TODAY
                         NORMAL    RECORD    YEAR
 MAXIMUM TEMPERATURE (F)   92       102      1877
 MINIMUM TEMPERATURE (F)   71        62      1996


SUNRISE AND SUNSET
JULY  4 2015..........SUNRISE   544 AM CDT   SUNSET   756 PM CDT
JULY  5 2015..........SUNRISE   544 AM CDT   SUNSET   756 PM CDT


-  INDICATES NEGATIVE NUMBERS.
R  INDICATES RECORD WAS SET OR TIED.
MM INDICATES DATA IS MISSING.
T  INDICATES TRACE AMOUNT.




$$
