525
CDUS44 KBMX 260734
CLIMGM


CLIMATE REPORT
NATIONAL WEATHER SERVICE BIRMINGHAM, AL
233 AM CDT WED APR 26 2017


...................................

...THE MONTGOMERY CLIMATE SUMMARY FOR APRIL 25 2017...

CLIMATE NORMAL PERIOD 1981 TO 2010
CLIMATE RECORD PERIOD 1872 TO 2017


WEATHER ITEM   OBSERVED TIME   RECORD YEAR NORMAL DEPARTURE LAST
                VALUE   (LST)  VALUE       VALUE  FROM      YEAR
                                                  NORMAL
..................................................................
TEMPERATURE (F)
 YESTERDAY
  MAXIMUM         81    430 PM  89    2009  79      2       85
                                      1960
  MINIMUM         53    530 AM  34    1910  54     -1       61
  AVERAGE         67                        66      1       73

PRECIPITATION (IN)
  YESTERDAY        0.00          3.47 1973   0.11  -0.11     0.00
  MONTH TO DATE    1.50                      3.47  -1.97     5.31
  SINCE MAR 1      5.22                      9.42  -4.20     9.53
  SINCE JAN 1     19.92                     19.35   0.57    20.19

SNOWFALL (IN)
  YESTERDAY        0.0                       0.0    0.0      0.0
  MONTH TO DATE    0.0                       0.0    0.0      0.0
  SINCE MAR 1      0.0                       0.3   -0.3      0.0
  SINCE JUL 1      0.0                       0.4   -0.4       T
  SNOW DEPTH       0

DEGREE DAYS
 HEATING
  YESTERDAY        0                         2     -2        0
  MONTH TO DATE   26                        91    -65       37
  SINCE MAR 1    195                       346   -151      159
  SINCE JUL 1   1192                      2218  -1026     1484

 COOLING
  YESTERDAY        2                         3     -1        8
  MONTH TO DATE  126                        53     73       48
  SINCE MAR 1    207                        76    131      121
  SINCE JAN 1    253                        82    171      134
..................................................................


WIND (MPH)
  HIGHEST WIND SPEED    10   HIGHEST WIND DIRECTION     S (200)
  HIGHEST GUST SPEED    14   HIGHEST GUST DIRECTION     S (200)
  AVERAGE WIND SPEED     4.2


SKY COVER
  AVERAGE SKY COVER 0.0


WEATHER CONDITIONS
 THE FOLLOWING WEATHER WAS RECORDED YESTERDAY.
  NO SIGNIFICANT WEATHER WAS OBSERVED.


RELATIVE HUMIDITY (PERCENT)
 HIGHEST    89           300 AM
 LOWEST     36           300 PM
 AVERAGE    63

..........................................................


THE MONTGOMERY CLIMATE NORMALS FOR TODAY
                         NORMAL    RECORD    YEAR
 MAXIMUM TEMPERATURE (F)   79        88      2015
                                             1989
                                             1985
 MINIMUM TEMPERATURE (F)   55        36      1910


SUNRISE AND SUNSET
APRIL 26 2017.........SUNRISE   604 AM CDT   SUNSET   723 PM CDT
APRIL 27 2017.........SUNRISE   603 AM CDT   SUNSET   724 PM CDT


-  INDICATES NEGATIVE NUMBERS.
R  INDICATES RECORD WAS SET OR TIED.
MM INDICATES DATA IS MISSING.
T  INDICATES TRACE AMOUNT.




$$
