000
CDUS44 KBMX 180738
CLIMGM


CLIMATE REPORT
NATIONAL WEATHER SERVICE BIRMINGHAM, AL
137 AM CST THU DEC 18 2014


...................................

...THE MONTGOMERY CLIMATE SUMMARY FOR DECEMBER 17 2014...

CLIMATE NORMAL PERIOD 1981 TO 2010
CLIMATE RECORD PERIOD 1872 TO 2014


WEATHER ITEM   OBSERVED TIME   RECORD YEAR NORMAL DEPARTURE LAST
                VALUE   (LST)  VALUE       VALUE  FROM      YEAR
                                                  NORMAL
..................................................................
TEMPERATURE (F)
 YESTERDAY
  MAXIMUM         59    247 PM  79    1984  59      0       65
  MINIMUM         32    557 AM  20    1901  37     -5       28
  AVERAGE         46                        48     -2       47

PRECIPITATION (IN)
  YESTERDAY        0.00          3.32 1915   0.16  -0.16     0.00
  MONTH TO DATE    0.15                      2.74  -2.59     1.97
  SINCE DEC 1      0.15                      2.74  -2.59     1.97
  SINCE JAN 1     43.86                     50.95  -7.09    49.23

SNOWFALL (IN)
  YESTERDAY        0.0                       0.0    0.0      0.0
  MONTH TO DATE    0.0                       0.0    0.0      0.0
  SINCE DEC 1      0.0                       0.0    0.0      0.0
  SINCE JUL 1      0.0                       0.0    0.0      0.0
  SNOW DEPTH       0

DEGREE DAYS
 HEATING
  YESTERDAY       19                        17      2       18
  MONTH TO DATE  197                       264    -67      202
  SINCE DEC 1    197                       264    -67      202
  SINCE JUL 1    660                       635     25      570
..................................................................


WIND (MPH)
  HIGHEST WIND SPEED    10   HIGHEST WIND DIRECTION     N (340)
  HIGHEST GUST SPEED    15   HIGHEST GUST DIRECTION     W (280)
  AVERAGE WIND SPEED     4.1


SKY COVER
  AVERAGE SKY COVER 0.0


WEATHER CONDITIONS
 THE FOLLOWING WEATHER WAS RECORDED YESTERDAY.
  FOG


RELATIVE HUMIDITY (PERCENT)
 HIGHEST    92           300 AM
 LOWEST     47           100 PM
 AVERAGE    70

..........................................................


THE MONTGOMERY CLIMATE NORMALS FOR TODAY
                         NORMAL    RECORD    YEAR
 MAXIMUM TEMPERATURE (F)   59        79      1984
 MINIMUM TEMPERATURE (F)   37        15      1901


SUNRISE AND SUNSET
DECEMBER 18 2014......SUNRISE   641 AM CST   SUNSET   443 PM CST
DECEMBER 19 2014......SUNRISE   642 AM CST   SUNSET   444 PM CST


-  INDICATES NEGATIVE NUMBERS.
R  INDICATES RECORD WAS SET OR TIED.
MM INDICATES DATA IS MISSING.
T  INDICATES TRACE AMOUNT.




$$
