000
CDUS44 KBMX 260854
CLIMGM


CLIMATE REPORT
NATIONAL WEATHER SERVICE BIRMINGHAM, AL
354 AM CDT SUN MAR 26 2017


...................................

...THE MONTGOMERY CLIMATE SUMMARY FOR MARCH 25 2017...

CLIMATE NORMAL PERIOD 1981 TO 2010
CLIMATE RECORD PERIOD 1872 TO 2017


WEATHER ITEM   OBSERVED TIME   RECORD YEAR NORMAL DEPARTURE LAST
                VALUE   (LST)  VALUE       VALUE  FROM      YEAR
                                                  NORMAL
..................................................................
TEMPERATURE (F)
 YESTERDAY
  MAXIMUM         82    240 PM  89    1954  72     10       75
                                      1907
  MINIMUM         57    605 AM  29    2008  47     10       55
  AVERAGE         70                        60     10       65

PRECIPITATION (IN)
  YESTERDAY        0.98          4.07 1892   0.20   0.78     0.00
  MONTH TO DATE    3.45                      4.83  -1.38     3.21
  SINCE MAR 1      3.45                      4.83  -1.38     3.21
  SINCE JAN 1     18.15                     14.76   3.39    13.87

SNOWFALL (IN)
  YESTERDAY        0.0                       0.0    0.0      0.0
  MONTH TO DATE    0.0                       0.3   -0.3      0.0
  SINCE MAR 1      0.0                       0.3   -0.3      0.0
  SINCE JUL 1      0.0                       0.4   -0.4       T
  SNOW DEPTH       0

DEGREE DAYS
 HEATING
  YESTERDAY        0                         6     -6        0
  MONTH TO DATE  169                       220    -51      117
  SINCE MAR 1    169                       220    -51      117
  SINCE JUL 1   1166                      2092   -926     1442

 COOLING
  YESTERDAY        5                         1      4        0
  MONTH TO DATE   37                        20     17       64
  SINCE MAR 1     37                        20     17       64
  SINCE JAN 1     83                        26     57       77
..................................................................


WIND (MPH)
  HIGHEST WIND SPEED    23   HIGHEST WIND DIRECTION    NW (300)
  HIGHEST GUST SPEED    27   HIGHEST GUST DIRECTION     S (170)
  AVERAGE WIND SPEED    10.4


SKY COVER
  AVERAGE SKY COVER 0.5


WEATHER CONDITIONS
 THE FOLLOWING WEATHER WAS RECORDED YESTERDAY.
  THUNDERSTORM
  HEAVY RAIN
  LIGHT RAIN
  FOG


RELATIVE HUMIDITY (PERCENT)
 HIGHEST    90           800 PM
 LOWEST     45          1100 AM
 AVERAGE    68

..........................................................


THE MONTGOMERY CLIMATE NORMALS FOR TODAY
                         NORMAL    RECORD    YEAR
 MAXIMUM TEMPERATURE (F)   72        87      2007
                                             1936
                                             1910
 MINIMUM TEMPERATURE (F)   47        26      1894


SUNRISE AND SUNSET
MARCH 26 2017.........SUNRISE   641 AM CDT   SUNSET   702 PM CDT
MARCH 27 2017.........SUNRISE   640 AM CDT   SUNSET   702 PM CDT


-  INDICATES NEGATIVE NUMBERS.
R  INDICATES RECORD WAS SET OR TIED.
MM INDICATES DATA IS MISSING.
T  INDICATES TRACE AMOUNT.




$$
