000
CDUS44 KBMX 270042
CLIMGM


CLIMATE REPORT
NATIONAL WEATHER SERVICE BIRMINGHAM, AL
741 PM CDT FRI AUG 26 2016


...................................

...THE MONTGOMERY CLIMATE SUMMARY FOR AUGUST 26 2016...
VALID TODAY AS OF 0700 PM LOCAL TIME.

CLIMATE NORMAL PERIOD 1981 TO 2010
CLIMATE RECORD PERIOD 1872 TO 2016


WEATHER ITEM   OBSERVED TIME   RECORD YEAR NORMAL DEPARTURE LAST
                VALUE   (LST)  VALUE       VALUE  FROM      YEAR
                                                  NORMAL
..................................................................
TEMPERATURE (F)
 TODAY
  MAXIMUM         96    345 PM 102    2011  91      5       88
                                      1943
  MINIMUM         73    514 AM  60    2015  70      3       60
                                      1966
  AVERAGE         85                        81      4       74

PRECIPITATION (IN)
  TODAY            0.00          2.05 1985   0.12  -0.12     0.00
  MONTH TO DATE    2.47                      3.33  -0.86     1.48
  SINCE JUN 1     10.81                     12.64  -1.83    10.44
  SINCE JAN 1     33.04                     36.08  -3.04    30.94

DEGREE DAYS
 COOLING
  TODAY           20                        16      4        9
  MONTH TO DATE  527                       434     93      488
  SINCE JUN 1   1668                      1374    294     1603
  SINCE JAN 1   2129                      1713    416     2141
..................................................................


WIND (MPH)
  HIGHEST WIND SPEED    14   HIGHEST WIND DIRECTION     E (100)
  HIGHEST GUST SPEED    20   HIGHEST GUST DIRECTION     E (90)
  AVERAGE WIND SPEED     3.5


SKY COVER
  AVERAGE SKY COVER 0.1


WEATHER CONDITIONS
 THE FOLLOWING WEATHER WAS RECORDED TODAY.
  NO SIGNIFICANT WEATHER WAS OBSERVED.


RELATIVE HUMIDITY (PERCENT)
 HIGHEST    87           400 AM
 LOWEST     35           200 PM
 AVERAGE    61

..........................................................


THE MONTGOMERY CLIMATE NORMALS FOR TOMORROW
                         NORMAL    RECORD    YEAR
 MAXIMUM TEMPERATURE (F)   91       101      1954
                                             1938
 MINIMUM TEMPERATURE (F)   70        59      1952


SUNRISE AND SUNSET
AUGUST 26 2016........SUNRISE   617 AM CDT   SUNSET   717 PM CDT
AUGUST 27 2016........SUNRISE   618 AM CDT   SUNSET   715 PM CDT


-  INDICATES NEGATIVE NUMBERS.
R  INDICATES RECORD WAS SET OR TIED.
MM INDICATES DATA IS MISSING.
T  INDICATES TRACE AMOUNT.




$$
