000
CDUS41 KPBZ 200846
CLIMGW


CLIMATE REPORT
NATIONAL WEATHER SERVICE PITTSBURGH PA
345 AM EST SAT DEC 20 2014


...................................

...THE MORGANTOWN WV CLIMATE SUMMARY FOR DECEMBER 19 2014...

CLIMATE NORMAL PERIOD 1981 TO 2010
CLIMATE RECORD PERIOD 1948 TO 2014


WEATHER ITEM   OBSERVED TIME   RECORD YEAR NORMAL DEPARTURE LAST
                VALUE   (LST)  VALUE       VALUE  FROM      YEAR
                                                  NORMAL
..................................................................
TEMPERATURE (F)
 YESTERDAY
  MAXIMUM         31    526 PM  64    1957  41    -10       58
  MINIMUM         27    620 AM   1    1975  26      1       32
  AVERAGE         29                        34     -5       45

PRECIPITATION (IN)
  YESTERDAY        0.00         MM      MM   0.08  -0.08     0.00
  MONTH TO DATE    2.47                      1.85   0.62     2.80
  SINCE JUN 1     25.81                     23.58   2.23    26.70
  SINCE JAN 1     41.30                     40.77   0.53    39.34

DEGREE DAYS
 HEATING
  YESTERDAY       36                        31      5       20
  MONTH TO DATE  517                       547    -30      545
  SINCE DEC 1    517                       547    -30      545
  SINCE JUL 1   1547                      1595    -48     1662

 COOLING
  YESTERDAY        0                         0      0        0
  MONTH TO DATE    0                         0      0        0
  SINCE DEC 1      0                         0      0        0
  SINCE JAN 1    981                       814    167      906
..................................................................


WIND (MPH)
  HIGHEST WIND SPEED     9   HIGHEST WIND DIRECTION    SW (230)
  HIGHEST GUST SPEED    12   HIGHEST GUST DIRECTION    SW (230)
  AVERAGE WIND SPEED     3.4


SKY COVER
  POSSIBLE SUNSHINE  MM
  AVERAGE SKY COVER 1.0


WEATHER CONDITIONS
 THE FOLLOWING WEATHER WAS RECORDED YESTERDAY.
  NO SIGNIFICANT WEATHER WAS OBSERVED.


RELATIVE HUMIDITY (PERCENT)
 HIGHEST    75           100 AM
 LOWEST     58          1100 PM
 AVERAGE    67

..........................................................


THE MORGANTOWN WV CLIMATE NORMALS FOR TODAY
                         NORMAL    RECORD    YEAR
 MAXIMUM TEMPERATURE (F)   41        64      1957
 MINIMUM TEMPERATURE (F)   26         0      1963


SUNRISE AND SUNSET
DECEMBER 20 2014......SUNRISE   736 AM EST   SUNSET   458 PM EST
DECEMBER 21 2014......SUNRISE   737 AM EST   SUNSET   459 PM EST


-  INDICATES NEGATIVE NUMBERS.
R  INDICATES RECORD WAS SET OR TIED.
MM INDICATES DATA IS MISSING.
T  INDICATES TRACE AMOUNT.




$$
