000
CDUS41 KPBZ 200702
CLIMGW


CLIMATE REPORT
NATIONAL WEATHER SERVICE PITTSBURGH PA
302 AM EDT SUN AUG 20 2017


...................................

...THE MORGANTOWN WV CLIMATE SUMMARY FOR AUGUST 19 2017...

CLIMATE NORMAL PERIOD 1981 TO 2010
CLIMATE RECORD PERIOD 1872 TO 2017


WEATHER ITEM   OBSERVED TIME   RECORD YEAR NORMAL DEPARTURE LAST
                VALUE   (LST)  VALUE       VALUE  FROM      YEAR
                                                  NORMAL
..................................................................
TEMPERATURE (F)
 YESTERDAY
  MAXIMUM         84    429 PM 100    1893  82      2       85
  MINIMUM         63    557 AM  46    1953  62      1       66
                                      1915
  AVERAGE         74                        72      2       76

PRECIPITATION (IN)
  YESTERDAY        0.00          1.58 2004   0.11  -0.11     0.00
  MONTH TO DATE    2.20                      2.23  -0.03     3.20
  SINCE JUN 1     15.19                     10.96   4.23    14.57
  SINCE JAN 1     38.28                     28.15  10.13    30.61

DEGREE DAYS
 HEATING
  YESTERDAY        0                         0      0        0
  MONTH TO DATE    0                         0      0        0
  SINCE JUN 1     19                        34    -15       10
  SINCE JUL 1      1                         3     -2        0

 COOLING
  YESTERDAY        9                         7      2       11
  MONTH TO DATE  129                       147    -18      244
  SINCE JUN 1    595                       564     31      809
  SINCE JAN 1    702                       631     71      883
..................................................................


WIND (MPH)
  HIGHEST WIND SPEED    14   HIGHEST WIND DIRECTION    SW (230)
  HIGHEST GUST SPEED    24   HIGHEST GUST DIRECTION     N (350)
  AVERAGE WIND SPEED     3.2


SKY COVER
  POSSIBLE SUNSHINE  MM
  AVERAGE SKY COVER 0.1


WEATHER CONDITIONS
 THE FOLLOWING WEATHER WAS RECORDED YESTERDAY.
  THUNDERSTORM


RELATIVE HUMIDITY (PERCENT)
 HIGHEST    93           300 AM
 LOWEST     47           100 PM
 AVERAGE    70

..........................................................


THE MORGANTOWN WV CLIMATE NORMALS FOR TODAY
                         NORMAL    RECORD    YEAR
 MAXIMUM TEMPERATURE (F)   82        98      1983
 MINIMUM TEMPERATURE (F)   62        44      1911


SUNRISE AND SUNSET
AUGUST 20 2017........SUNRISE   637 AM EDT   SUNSET   808 PM EDT
AUGUST 21 2017........SUNRISE   638 AM EDT   SUNSET   807 PM EDT


-  INDICATES NEGATIVE NUMBERS.
R  INDICATES RECORD WAS SET OR TIED.
MM INDICATES DATA IS MISSING.
T  INDICATES TRACE AMOUNT.




$$
