000
CDUS41 KPBZ 290711
CLIMGW


CLIMATE REPORT
NATIONAL WEATHER SERVICE PITTSBURGH PA
311 AM EDT FRI MAY 29 2015


...................................

...THE MORGANTOWN WV CLIMATE SUMMARY FOR MAY 28 2015...

CLIMATE NORMAL PERIOD 1981 TO 2010
CLIMATE RECORD PERIOD 1948 TO 2015


WEATHER ITEM   OBSERVED TIME   RECORD YEAR NORMAL DEPARTURE LAST
                VALUE   (LST)  VALUE       VALUE  FROM      YEAR
                                                  NORMAL
..................................................................
TEMPERATURE (F)
 YESTERDAY
  MAXIMUM         84    258 PM  90    2012  75      9       82
                                      1955
  MINIMUM         63    605 AM  36    1971  54      9       65
  AVERAGE         74                        64     10       74

PRECIPITATION (IN)
  YESTERDAY        0.00         MM      MM   0.15  -0.15     0.11
  MONTH TO DATE    1.11                      4.14  -3.03     4.47
  SINCE JUN 1     43.37                     41.36   2.01    43.86
  SINCE JAN 1     17.14                     16.72   0.42    15.43

DEGREE DAYS
 HEATING
  YESTERDAY        0                         3     -3        0
  MONTH TO DATE   84                       161    -77      117
  SINCE MAR 1   1158                      1255    -97     1278
  SINCE JUL 1   5282                      5144    138     5404

 COOLING
  YESTERDAY        9                         3      6        9
  MONTH TO DATE  142                        43     99       80
  SINCE MAR 1    150                        59     91       98
  SINCE JAN 1    150                        59     91       98
..................................................................


WIND (MPH)
  HIGHEST WIND SPEED    13   HIGHEST WIND DIRECTION     N (350)
  HIGHEST GUST SPEED    15   HIGHEST GUST DIRECTION     N (20)
  AVERAGE WIND SPEED     3.5


SKY COVER
  POSSIBLE SUNSHINE  MM
  AVERAGE SKY COVER 0.2


WEATHER CONDITIONS
 THE FOLLOWING WEATHER WAS RECORDED YESTERDAY.
  FOG
  HAZE


RELATIVE HUMIDITY (PERCENT)
 HIGHEST    90           500 AM
 LOWEST     40           200 PM
 AVERAGE    65

..........................................................


THE MORGANTOWN WV CLIMATE NORMALS FOR TODAY
                         NORMAL    RECORD    YEAR
 MAXIMUM TEMPERATURE (F)   75        89      1991
 MINIMUM TEMPERATURE (F)   54        32      1949


SUNRISE AND SUNSET
MAY 29 2015...........SUNRISE   555 AM EDT   SUNSET   839 PM EDT
MAY 30 2015...........SUNRISE   555 AM EDT   SUNSET   840 PM EDT


-  INDICATES NEGATIVE NUMBERS.
R  INDICATES RECORD WAS SET OR TIED.
MM INDICATES DATA IS MISSING.
T  INDICATES TRACE AMOUNT.




$$
