000
CDUS41 KPBZ 240704
CLIMGW


CLIMATE REPORT
NATIONAL WEATHER SERVICE PITTSBURGH PA
304 AM EDT WED MAY 24 2017


...................................

...THE MORGANTOWN WV CLIMATE SUMMARY FOR MAY 23 2017...

CLIMATE NORMAL PERIOD 1981 TO 2010
CLIMATE RECORD PERIOD 1948 TO 2017


WEATHER ITEM   OBSERVED TIME   RECORD YEAR NORMAL DEPARTURE LAST
                VALUE   (LST)  VALUE       VALUE  FROM      YEAR
                                                  NORMAL
..................................................................
TEMPERATURE (F)
 YESTERDAY
  MAXIMUM         69    126 PM  91    1966  74     -5       75
  MINIMUM         50    602 AM  34    2006  52     -2       52
                                      1997
  AVERAGE         60                        63     -3       64

PRECIPITATION (IN)
  YESTERDAY        0.15          1.59 2000   0.16  -0.01     0.00
  MONTH TO DATE    3.44                      3.37   0.07     5.20
  SINCE JUN 1     50.43                     40.59   9.84    39.57
  SINCE JAN 1     21.02                     15.95   5.07    16.03

DEGREE DAYS
 HEATING
  YESTERDAY        5                         4      1        1
  MONTH TO DATE  145                       142      3      171
  SINCE MAR 1   1000                      1236   -236      942
  SINCE JUL 1   4013                      5125  -1112     4036

 COOLING
  YESTERDAY        0                         2     -2        0
  MONTH TO DATE   49                        32     17        9
  SINCE MAR 1     86                        48     38       15
  SINCE JAN 1     89                        48     41       15
..................................................................


WIND (MPH)
  HIGHEST WIND SPEED    15   HIGHEST WIND DIRECTION    SE (130)
  HIGHEST GUST SPEED    23   HIGHEST GUST DIRECTION     E (110)
  AVERAGE WIND SPEED     4.9


SKY COVER
  POSSIBLE SUNSHINE  MM
  AVERAGE SKY COVER 0.4


WEATHER CONDITIONS
 THE FOLLOWING WEATHER WAS RECORDED YESTERDAY.
  LIGHT RAIN


RELATIVE HUMIDITY (PERCENT)
 HIGHEST    89          1200 AM
 LOWEST     44          1100 AM
 AVERAGE    67

..........................................................


THE MORGANTOWN WV CLIMATE NORMALS FOR TODAY
                         NORMAL    RECORD    YEAR
 MAXIMUM TEMPERATURE (F)   74        90      1936
                                             1922
                                             1875
 MINIMUM TEMPERATURE (F)   52        33      1956
                                             1934


SUNRISE AND SUNSET
MAY 24 2017...........SUNRISE   558 AM EDT   SUNSET   835 PM EDT
MAY 25 2017...........SUNRISE   557 AM EDT   SUNSET   836 PM EDT


-  INDICATES NEGATIVE NUMBERS.
R  INDICATES RECORD WAS SET OR TIED.
MM INDICATES DATA IS MISSING.
T  INDICATES TRACE AMOUNT.




$$
