000
CDUS41 KPBZ 172118
CLIMGW


CLIMATE REPORT
NATIONAL WEATHER SERVICE PITTSBURGH PA
516 PM EDT TUE OCT 17 2017


...................................

...THE MORGANTOWN WV CLIMATE SUMMARY FOR OCTOBER 17 2017...
VALID TODAY AS OF 0500 PM LOCAL TIME.

CLIMATE NORMAL PERIOD 1981 TO 2010
CLIMATE RECORD PERIOD 1872 TO 2017


WEATHER ITEM   OBSERVED TIME   RECORD YEAR NORMAL DEPARTURE LAST
                VALUE   (LST)  VALUE       VALUE  FROM      YEAR
                                                  NORMAL
..................................................................
TEMPERATURE (F)
 TODAY
  MAXIMUM         60    300 PM  86    1928  64     -4       81
  MINIMUM         35        MM  27    1982  43     -8       64
  AVERAGE         48                        54     -6       73

PRECIPITATION (IN)
  TODAY            0.00          1.24 1948   0.08  -0.08     0.00
  MONTH TO DATE    1.26                      1.55  -0.29     2.04
  SINCE JUN 1     18.63                     17.04   1.59    20.63
  SINCE JAN 1     41.72                     34.23   7.49    36.67

DEGREE DAYS
 HEATING
  TODAY           17                        11      6        0
  MONTH TO DATE   48                       156   -108       70
  SINCE SEP 1    113                       242   -129       74
  SINCE JUL 1    115                       253   -138       74

 COOLING
  TODAY            0                         0      0        8
  MONTH TO DATE   54                        10     44       15
  SINCE SEP 1    166                       102     64      237
  SINCE JAN 1    919                       811    108     1248
..................................................................


WIND (MPH)
  RESULTANT WIND SPEED   1   RESULTANT WIND DIRECTION   E (100)
  HIGHEST WIND SPEED     5   HIGHEST WIND DIRECTION     E (99)
  HIGHEST GUST SPEED    MM   HIGHEST GUST DIRECTION    MM
  AVERAGE WIND SPEED     1.1


SKY COVER
  POSSIBLE SUNSHINE  MM
  AVERAGE SKY COVER 0.0


WEATHER CONDITIONS
 THE FOLLOWING WEATHER WAS RECORDED TODAY.
  NO SIGNIFICANT WEATHER WAS OBSERVED.


RELATIVE HUMIDITY (PERCENT)
 HIGHEST    92           100 AM
 LOWEST     39           200 PM
 AVERAGE    66

..........................................................


THE MORGANTOWN WV CLIMATE NORMALS FOR TOMORROW
                         NORMAL    RECORD    YEAR
 MAXIMUM TEMPERATURE (F)   64        85      1938
 MINIMUM TEMPERATURE (F)   43        26      1939


SUNRISE AND SUNSET
OCTOBER 17 2017.......SUNRISE   732 AM EDT   SUNSET   637 PM EDT
OCTOBER 18 2017.......SUNRISE   733 AM EDT   SUNSET   636 PM EDT


-  INDICATES NEGATIVE NUMBERS.
R  INDICATES RECORD WAS SET OR TIED.
MM INDICATES DATA IS MISSING.
T  INDICATES TRACE AMOUNT.




$$
