680
CDUS41 KPBZ 200801
CLIMGW


CLIMATE REPORT
NATIONAL WEATHER SERVICE PITTSBURGH PA
300 AM EST FRI JAN 20 2017


...................................

...THE MORGANTOWN WV CLIMATE SUMMARY FOR JANUARY 19 2017...

CLIMATE NORMAL PERIOD 1981 TO 2010
CLIMATE RECORD PERIOD 1948 TO 2017


WEATHER ITEM   OBSERVED TIME   RECORD YEAR NORMAL DEPARTURE LAST
                VALUE   (LST)  VALUE       VALUE  FROM      YEAR
                                                  NORMAL
..................................................................
TEMPERATURE (F)
 YESTERDAY
  MAXIMUM         47    407 PM  69    1996  39      8       18
  MINIMUM         35   1122 PM -19    1994  24     11        6
  AVERAGE         41                        31     10       12

PRECIPITATION (IN)
  YESTERDAY        0.00         MM      MM   0.09  -0.09     0.00
  MONTH TO DATE    2.80                      1.71   1.09     1.06
  SINCE JUN 1     32.21                     26.35   5.86    24.60
  SINCE JAN 1      2.80                      1.71   1.09     1.06

DEGREE DAYS
 HEATING
  YESTERDAY       24                        34    -10       53
  MONTH TO DATE  546                       643    -97      676
  SINCE DEC 1   1422                      1579   -157     1196
  SINCE JUL 1   2108                      2627   -519     1915

 COOLING
  YESTERDAY        0                         0      0        0
  MONTH TO DATE    0                         0      0        0
  SINCE DEC 1      0                         0      0        0
  SINCE JAN 1      0                         0      0        0
..................................................................


WIND (MPH)
  HIGHEST WIND SPEED     9   HIGHEST WIND DIRECTION    SW (220)
  HIGHEST GUST SPEED    14   HIGHEST GUST DIRECTION    SW (210)
  AVERAGE WIND SPEED     2.5


SKY COVER
  POSSIBLE SUNSHINE  MM
  AVERAGE SKY COVER 0.7


WEATHER CONDITIONS
 THE FOLLOWING WEATHER WAS RECORDED YESTERDAY.
  FOG


RELATIVE HUMIDITY (PERCENT)
 HIGHEST    92          1000 PM
 LOWEST     65           300 PM
 AVERAGE    79

..........................................................


THE MORGANTOWN WV CLIMATE NORMALS FOR TODAY
                         NORMAL    RECORD    YEAR
 MAXIMUM TEMPERATURE (F)   39        69      1951
 MINIMUM TEMPERATURE (F)   24       -17      1985


SUNRISE AND SUNSET
JANUARY 20 2017.......SUNRISE   736 AM EST   SUNSET   526 PM EST
JANUARY 21 2017.......SUNRISE   736 AM EST   SUNSET   527 PM EST


-  INDICATES NEGATIVE NUMBERS.
R  INDICATES RECORD WAS SET OR TIED.
MM INDICATES DATA IS MISSING.
T  INDICATES TRACE AMOUNT.




$$
