000
CDUS41 KPBZ 310704
CLIMGW


CLIMATE REPORT
NATIONAL WEATHER SERVICE PITTSBURGH PA
303 AM EDT MON AUG 31 2015


...................................

...THE MORGANTOWN WV CLIMATE SUMMARY FOR AUGUST 30 2015...

CLIMATE NORMAL PERIOD 1981 TO 2010
CLIMATE RECORD PERIOD 1948 TO 2015


WEATHER ITEM   OBSERVED TIME   RECORD YEAR NORMAL DEPARTURE LAST
                VALUE   (LST)  VALUE       VALUE  FROM      YEAR
                                                  NORMAL
..................................................................
TEMPERATURE (F)
 YESTERDAY
  MAXIMUM         88    237 PM  98    1953  81      7       91
  MINIMUM         64    531 AM  42    1986  60      4       64
  AVERAGE         76                        70      6       78

PRECIPITATION (IN)
  YESTERDAY        0.09         MM      MM   0.11  -0.02     0.00
  MONTH TO DATE    2.09                      3.44  -1.35     4.87
  SINCE JUN 1     11.84                     12.17  -0.33    14.83
  SINCE JAN 1     29.09                     29.36  -0.27    30.32

DEGREE DAYS
 HEATING
  YESTERDAY        0                         1     -1        0
  MONTH TO DATE    1                         1      0        3
  SINCE JUN 1     14                        35    -21        8
  SINCE JUL 1      1                         4     -3        6

 COOLING
  YESTERDAY       11                         6      5       13
  MONTH TO DATE  250                       220     30      235
  SINCE JUN 1    804                       637    167      713
  SINCE JAN 1    988                       704    284      822
..................................................................


WIND (MPH)
  HIGHEST WIND SPEED    12   HIGHEST WIND DIRECTION    SW (220)
  HIGHEST GUST SPEED    17   HIGHEST GUST DIRECTION     W (270)
  AVERAGE WIND SPEED     3.1


SKY COVER
  POSSIBLE SUNSHINE  MM
  AVERAGE SKY COVER 0.4


WEATHER CONDITIONS
 THE FOLLOWING WEATHER WAS RECORDED YESTERDAY.
  LIGHT RAIN
  FOG
  HAZE


RELATIVE HUMIDITY (PERCENT)
 HIGHEST    84           800 PM
 LOWEST     40           200 PM
 AVERAGE    62

..........................................................


THE MORGANTOWN WV CLIMATE NORMALS FOR TODAY
                         NORMAL    RECORD    YEAR
 MAXIMUM TEMPERATURE (F)   81        99      1953
 MINIMUM TEMPERATURE (F)   60        46      1999


SUNRISE AND SUNSET
AUGUST 31 2015........SUNRISE   647 AM EDT   SUNSET   753 PM EDT
SEPTEMBER  1 2015.....SUNRISE   648 AM EDT   SUNSET   751 PM EDT


-  INDICATES NEGATIVE NUMBERS.
R  INDICATES RECORD WAS SET OR TIED.
MM INDICATES DATA IS MISSING.
T  INDICATES TRACE AMOUNT.




$$
