000
CDUS43 KFSD 170616
CLIMHE


CLIMATE REPORT
NATIONAL WEATHER SERVICE SIOUX FALLS SD
1214 AM CST FRI NOV 17 2017


...................................

...THE MITCHELL SD CLIMATE SUMMARY FOR NOVEMBER 16 2017...

CLIMATE NORMAL PERIOD 1981 TO 2010
CLIMATE RECORD PERIOD 1893 TO 2017


WEATHER ITEM   OBSERVED TIME   RECORD YEAR NORMAL DEPARTURE LAST
                VALUE   (LST)  VALUE       VALUE  FROM      YEAR
                                                  NORMAL
..................................................................
TEMPERATURE (F)
 YESTERDAY
  MAXIMUM         46        MM  75    1941  44      2       68
  MINIMUM         15        MM  -7    1959  24     -9       34
  AVERAGE         31                        34     -3       51

PRECIPITATION (IN)
  YESTERDAY        0.00          0.77 2015   0.02  -0.02     0.00
  MONTH TO DATE    0.10                      0.53  -0.43      T
  SINCE SEP 1      5.78                      4.47   1.31     4.10
  SINCE JAN 1     19.60                     20.82  -1.22    23.51

SNOWFALL (IN)
  YESTERDAY        0.0           6.0  1909  MM     MM        0.0
  MONTH TO DATE    1.2                      MM     MM        0.0
  SINCE SEP 1      1.2                      MM     MM         T
  SINCE JUL 1      1.2                      MM     MM         T
  SNOW DEPTH       0

DEGREE DAYS
 HEATING
  YESTERDAY       34                        31      3       14
  MONTH TO DATE  500                       428     72      211
  SINCE SEP 1   1038                      1052    -14      654
  SINCE JUL 1   1040                      1069    -29      662

 COOLING
  YESTERDAY        0                         0      0        0
  MONTH TO DATE    0                         0      0        0
  SINCE SEP 1    120                        79     41      104
  SINCE JAN 1    890                       824     66     1036
..................................................................


WIND (MPH)
  HIGHEST WIND SPEED    28   HIGHEST WIND DIRECTION    SE (150)
  HIGHEST GUST SPEED    43   HIGHEST GUST DIRECTION    SE (140)
  AVERAGE WIND SPEED    16.0


SKY COVER
  POSSIBLE SUNSHINE  MM
  AVERAGE SKY COVER 0.0


WEATHER CONDITIONS
 THE FOLLOWING WEATHER WAS RECORDED YESTERDAY.
  NO SIGNIFICANT WEATHER WAS OBSERVED.


RELATIVE HUMIDITY (PERCENT)
 HIGHEST    92           300 AM
 LOWEST     49           300 PM
 AVERAGE    71

..........................................................


THE MITCHELL SD CLIMATE NORMALS FOR TODAY
                         NORMAL    RECORD    YEAR
 MAXIMUM TEMPERATURE (F)   43        73      1953
 MINIMUM TEMPERATURE (F)   23        -6      1959


SUNRISE AND SUNSET
NOVEMBER 17 2017......SUNRISE   729 AM CST   SUNSET   504 PM CST
NOVEMBER 18 2017......SUNRISE   731 AM CST   SUNSET   504 PM CST


-  INDICATES NEGATIVE NUMBERS.
R  INDICATES RECORD WAS SET OR TIED.
MM INDICATES DATA IS MISSING.
T  INDICATES TRACE AMOUNT.




$$
