000
CDUS43 KFSD 250626
CLIMHE


CLIMATE REPORT
NATIONAL WEATHER SERVICE SIOUX FALLS SD
125 AM CDT MON JUL 25 2016


...................................

...THE MITCHELL SD CLIMATE SUMMARY FOR JULY 24 2016...

CLIMATE NORMAL PERIOD 1981 TO 2010
CLIMATE RECORD PERIOD 1893 TO 2016


WEATHER ITEM   OBSERVED TIME   RECORD YEAR NORMAL DEPARTURE LAST
                VALUE   (LST)  VALUE       VALUE  FROM      YEAR
                                                  NORMAL
..................................................................
TEMPERATURE (F)
 YESTERDAY
  MAXIMUM         82    621 PM 116    1940  86     -4       90
  MINIMUM         64    534 AM  45    1905  63      1       71
  AVERAGE         73                        75     -2       81

PRECIPITATION (IN)
  YESTERDAY        0.02          1.31 1979   0.08  -0.06     0.00
  MONTH TO DATE    1.53                      2.45  -0.92     1.35
  SINCE JUN 1      3.57                      6.58  -3.01     5.26
  SINCE JAN 1     16.09                     13.31   2.78    12.35

SNOWFALL (IN)
  YESTERDAY        0.0           0.0    MM  MM     MM        0.0
  MONTH TO DATE    0.0                      MM     MM        0.0
  SINCE JUN 1      0.0                      MM     MM        0.0
  SINCE JUL 1      0.0                      MM     MM        0.0
  SNOW DEPTH       0

DEGREE DAYS
 HEATING
  YESTERDAY        0                         0      0        0
  MONTH TO DATE    3                         0      3        2
  SINCE JUN 1      7                        35    -28        5
  SINCE JUL 1      3                         0      3        2

 COOLING
  YESTERDAY        8                        10     -2       16
  MONTH TO DATE  262                       238     24      226
  SINCE JUN 1    546                       408    138      423
  SINCE JAN 1    590                       448    142      454
..................................................................


WIND (MPH)
  HIGHEST WIND SPEED    12   HIGHEST WIND DIRECTION    NW (330)
  HIGHEST GUST SPEED    16   HIGHEST GUST DIRECTION     N (350)
  AVERAGE WIND SPEED     5.0


SKY COVER
  POSSIBLE SUNSHINE  MM
  AVERAGE SKY COVER 0.1


WEATHER CONDITIONS
 THE FOLLOWING WEATHER WAS RECORDED YESTERDAY.
  THUNDERSTORM
  LIGHT RAIN


RELATIVE HUMIDITY (PERCENT)
 HIGHEST    90          1200 AM
 LOWEST     42           700 PM
 AVERAGE    66

..........................................................


THE MITCHELL SD CLIMATE NORMALS FOR TODAY
                         NORMAL    RECORD    YEAR
 MAXIMUM TEMPERATURE (F)   86       108      1931
 MINIMUM TEMPERATURE (F)   63        45      1900


SUNRISE AND SUNSET
JULY 25 2016..........SUNRISE   614 AM CDT   SUNSET   903 PM CDT
JULY 26 2016..........SUNRISE   615 AM CDT   SUNSET   902 PM CDT


-  INDICATES NEGATIVE NUMBERS.
R  INDICATES RECORD WAS SET OR TIED.
MM INDICATES DATA IS MISSING.
T  INDICATES TRACE AMOUNT.




$$
